NOAA-Style Climate Reports


Report for 2006 May
                  MONTHLY CLIMATOLOGICAL SUMMARY FOR 5/2006
                                        HEAT  COOL        
     MEAN                               DEG   DEG       WIND SPEED       DOM MEAN  MEAN
DAY  TEMP  HIGH   TIME     LOW   TIME   DAYS  DAYS RAIN AVG  HI  TIME    DIR BAROM HUM
---------------------------------------------------------------------------------------
1    56.9  72.4   3:09pm  37.8   6:15am    7    9  0.00   3  19   1:36pm  NE 30.26   40
2    57.5  74.1   5:19pm  40.3   6:00am    6    9  0.00   2  13   4:18pm SSE 29.97   48
3    59.5  73.6   2:21pm  45.2   7:05am    5   10  0.00   4  26   1:47pm   N 29.85   54
4    65.4  82.8   3:58pm  45.9   6:10am    3   16  0.00   3  18   1:44pm WSW 29.83   49
5    68.1  79.0   4:41pm  58.4   5:55am    0   18  0.00   3  16   3:04pm  NW 29.76   43
6    61.5  76.1   2:15pm  49.5  11:56pm    2   12  0.00   4  26   4:09pm NNE 29.80   46
7    54.5  67.4   4:43pm  38.6   6:28am    7    6  0.00   3  12   1:57am   N 30.07   39
8    57.0  64.5   2:05pm  51.8   6:39am    4    7  0.00   3  23   2:34pm  SE 30.10   41
9    59.7  71.8   2:54pm  48.9   4:51am    3   10  0.00   3  20   1:53pm ENE 29.99   40
10   64.4  76.7   3:05pm  52.9   2:20am    2   14  0.00   2  15  11:43pm  SE 29.85   51
11   58.8  67.8  11:17pm  55.2   6:58am    2    9  0.62   5  22  11:24am  SE 29.75   83
12   67.0  77.6   3:43pm  56.5   6:19am    0   17  0.08   3  17  12:54am   W 29.67   71
13   62.9  75.3  12:22pm  56.0  11:53pm    1   13  0.73   3  33   3:31pm  NE 29.84   84
14   55.5  61.1   5:37pm  50.0   6:53am    5    5  0.11   3  14   5:33pm ENE 29.96   81
15   53.7  62.5   5:55pm  48.1   8:22am    6    4  0.64   3  17   3:48am  NE 29.86   87
16   56.1  63.7   4:08pm  49.8   2:09am    4    6  0.01   3  20   4:51pm   W 29.67   77
17   58.9  67.5   5:13pm  50.6   5:17am    3    9  0.00   4  19  10:53am WSW 29.58   71
18   57.8  70.5   1:34pm  50.8   3:47am    4    8  0.07   3  25   1:50pm WSW 29.49   80
19   53.5  62.4   3:15pm  49.3   6:37am    7    4  0.04   4  27   5:24pm  SW 29.57   80
20   56.2  67.1   2:56pm  47.7   3:04am    5    7  0.00   5  25   1:46pm   W 29.67   63
21   55.0  65.3   4:03pm  44.1   4:07am    6    6  0.00   6  31   6:38pm  NW 29.71   54
22   53.2  63.5   2:09pm  46.9  11:56pm    7    4  0.00   9  27  10:52am  NW 29.90   52
23   55.2  68.1   4:11pm  41.1   6:03am    7    7  0.00   6  24   3:40pm  NW 30.01   46
24   60.3  74.0   3:49pm  44.1   5:23am    5   11  0.00   4  19   1:34pm WNW 29.99   48
25   63.5  74.1   2:41pm  52.5   2:56am    2   14  0.00   2  23   3:54pm   S 29.86   60
26   64.3  77.9   4:14pm  55.0   3:47am    1   14  0.15   2  20   6:24pm   S 29.65   85
27   70.2  82.1   4:03pm  60.5   5:36am    0   20  0.01   5  21   2:05pm   N 29.78   74
28   71.0  85.0   5:03pm  54.7   5:58am    1   21  0.00   2  12   3:46pm   S 30.08   66
29   76.7  92.5   2:45pm  59.1   6:02am    0   27  0.00   2  18  11:56am SSW 30.07   64
30   79.5  91.0   2:18pm  67.3   6:08am    0   29  0.00   2  22   9:58pm  SW 30.06   64
31   75.7  85.4   3:31pm  67.0   5:39am    0   25  0.00   3  16   5:34pm   S 30.11   68
---------------------------------------------------------------------------------------
TOT  61.6  92.5  5/29/06  37.8   5/1/06  103  371  2.46   3  33  5/13/06   W 29.86   62

HEAT BASE: 60.0
COOL BASE: 50.0