NOAA-Style Climate Reports


Report for 2006 June
                  MONTHLY CLIMATOLOGICAL SUMMARY FOR 6/2006
                                        HEAT  COOL        
     MEAN                               DEG   DEG       WIND SPEED       DOM MEAN  MEAN
DAY  TEMP  HIGH   TIME     LOW   TIME   DAYS  DAYS RAIN AVG  HI  TIME    DIR BAROM HUM
---------------------------------------------------------------------------------------
1    75.7  89.9   3:15pm  66.6   5:33am    0   26  0.57   3  23  11:00pm SSE 29.98   75
2    70.9  80.5   2:12pm  66.5   4:09am    0   21  0.40   2  17   4:49pm SSW 29.85   88
3    63.7  68.5   9:07am  58.6  11:56pm    0   14  0.16   5  27   3:04pm  NW 29.70   85
4    59.6  67.1   1:45pm  55.2   7:40am    2   10  0.09   2  12   4:23am   N 29.77   86
5    62.6  73.4   2:23pm  52.5   2:31am    2   13  0.00   1  11   3:37pm   N 29.87   74
6    64.8  75.7   3:26pm  52.0   4:57am    2   15  0.00   2  17   3:10pm  SE 29.94   73
7    61.8  68.1  11:25am  58.5  11:26pm    0   12  0.18   4  18   4:54pm NNW 29.80   86
8    63.3  73.8   3:41pm  56.5   5:49am    1   13  0.29   2  16   5:08pm NNW 29.78   82
9    63.7  77.2   1:57pm  55.2   6:02am    1   14  0.00   3  20   4:02pm  NW 29.74   75
10   60.6  69.6   4:47pm  55.3   6:54am    2   11  0.00   9  30   1:43pm  NW 29.70   58
11   61.0  74.7   4:30pm  49.1   5:55am    3   11  0.00   6  26   7:38am  NW 29.79   53
12   62.4  72.7   4:25pm  51.2   5:46am    2   12  0.00   3  17   1:27pm NNW 29.92   69
13   68.3  81.3   4:27pm  54.7   5:54am    1   18  0.00   2  14   9:41am SSW 29.99   63
14   66.5  77.7   2:42pm  58.0   5:22am    0   17  0.02   2  17   4:31pm   N 29.93   76
15   68.9  81.1   4:05pm  58.2   5:12am    0   19  0.00   5  23   4:51pm  NW 29.95   54
16   70.8  85.7   2:26pm  52.6   5:54am    1   21  0.00   2  14  11:06am   W 30.14   49
17   72.4  85.7   4:36pm  57.6   6:01am    0   22  0.00   3  21   2:29pm SSW 30.12   59
18   78.8  91.6   1:42pm  63.4   5:19am    0   29  0.00   3  17   4:42pm SSW 30.04   62
19   75.8  86.3   2:05pm  67.8   5:56am    0   26  0.34   3  22   4:52pm   S 29.90   74
20   73.4  83.6   4:07pm  65.1   3:53am    0   23  0.01   3  19   6:19pm WNW 29.89   72
21   72.9  84.8   5:32pm  60.3   5:25am    0   23  0.00   2  19   4:57pm   S 30.05   62
22   76.3  87.5   4:21pm  67.0   5:47am    0   26  0.29   3  30  10:38pm  SW 30.04   70
23   74.1  84.6   1:41pm  66.0   4:31am    0   24  0.05   3  12  12:35pm WSW 30.04   78
24   70.6  76.1   5:33pm  67.0   5:11am    0   21  0.06   2   9   6:18pm   N 30.05   90
25   69.9  71.4   2:43pm  68.5   5:46am    0   20  0.33   2  20   9:20pm ENE 30.06   94
26   71.9  79.4   1:20pm  68.1   6:07am    0   22  1.43   5  27  11:08am   S 30.03   93
27   73.5  77.7   4:44pm  70.7   9:01pm    0   24  0.76  10  32   3:03pm   S 30.06   89
28   75.8  84.6   5:14pm  68.6   5:55am    0   25  1.34   3  16   5:33pm SSW 29.99   81
29   75.6  85.0   4:06pm  65.0  11:58pm    0   26  0.00   3  25   7:34pm SSW 29.99   68
30   69.5  81.5   3:54pm  60.2   4:35am    0   19  0.15   4  26   8:56pm  SW 30.00   69
---------------------------------------------------------------------------------------
TOT  69.2  91.6  6/18/06  49.1  6/11/06   16  574  7.34   3  32  6/27/06  NW 29.94   74

HEAT BASE: 60.0
COOL BASE: 50.0