NOAA-Style Climate Reports


Report for 2006 July
                  MONTHLY CLIMATOLOGICAL SUMMARY FOR 7/2006
                                        HEAT  COOL        
     MEAN                               DEG   DEG       WIND SPEED       DOM MEAN  MEAN
DAY  TEMP  HIGH   TIME     LOW   TIME   DAYS  DAYS RAIN AVG  HI  TIME    DIR BAROM HUM
---------------------------------------------------------------------------------------
1    71.2  83.6   3:09pm  57.3   5:10am    0   21  0.01   3  20   2:51pm   S 30.12   73
2    74.7  88.6   3:18pm  68.0   7:08pm    0   24  0.23   3  31   6:07pm  SW 30.02   78
3    76.5  86.3   3:56pm  68.8  12:00am    0   27  0.01   3  17   2:32pm  SW 30.02   79
4    77.0  84.6  12:41pm  70.5   5:31am    0   27  0.00   3  20   2:35pm   W 29.93   78
5    73.2  78.6   2:54pm  68.3   7:44am    0   23  1.33   1  12   6:26am SSW 29.91   82
6    69.2  79.2   5:18pm  60.8   3:53am    0   19  0.32   4  19   3:33pm   N 30.04   68
7    69.7  82.1   4:09pm  55.4   4:10am    1   20  0.00   2  13   3:10pm   N 30.22   66
8    71.6  81.9   2:37pm  59.9   5:22am    0   22  0.00   1  10   1:07pm  SW 30.18   73
9    72.2  82.1   4:04pm  60.0  10:28pm    0   22  1.08   4  21   8:33pm  SW 30.05   71
10   72.3  83.9   3:17pm  59.4   6:22am    0   22  0.00   3  18   4:24pm SSW 30.04   77
11   79.6  89.7   4:37pm  70.3   5:33am    0   30  0.00   3  14   2:23pm SSW 30.08   73
12   78.6  86.9   3:22pm  69.8   9:33pm    0   28  0.45   3  33   9:04pm SSW 30.03   80
13   76.6  85.7   3:59pm  70.5   6:10am    0   27  0.02   4  18   1:53am   N 29.95   78
14   77.5  88.6   3:22pm  64.7   5:31am    0   28  0.00   2  12   1:51pm SSW 30.01   72
15   74.6  81.1   6:16pm  69.0   5:59am    0   24  2.10   1  19  12:47pm SSW 29.95   89
16   80.7  92.7   2:34pm  67.5   5:32am    0   31  0.00   3  17   3:17pm   N 30.00   70
17   82.7  94.6   4:55pm  70.0   6:18am    0   33  0.00   2  16   2:32pm WSW 29.99   70
18   80.4  94.3   2:53pm  69.5  10:19pm    0   30  0.19   3  19   5:56pm WSW 29.99   74
19   76.6  87.7   4:07pm  66.5   5:26am    0   27  0.00   2  19   8:24pm ENE 30.12   75
20   77.8  88.6   3:27pm  70.2   4:33am    0   28  0.00   2  11   9:16am NNE 30.10   72
21   78.8  91.2   2:56pm  69.5  11:19pm    0   29  0.90   2  23   8:49pm   W 29.91   77
22   74.8  85.2   4:54pm  68.8   5:53am    0   25  0.71   3  21   8:11pm SSW 29.76   87
23   71.9  82.1   3:56pm  64.2   6:15am    0   22  0.00   3  15   3:08pm NNW 29.87   70
24   72.9  84.4   4:12pm  60.5   5:29am    0   23  0.00   2  15   2:59pm WSW 30.01   67
25   75.2  83.8   3:05pm  65.1   6:12am    0   25  0.00   3  20   5:29pm SSW 30.03   72
26   74.8  82.5  10:59am  71.2   5:50am    0   11  0.00   1  15  10:10am SSW 29.97   82
27   76.9  89.4   2:48pm  70.7   8:28pm    0   26  0.47   3  26   6:15pm SSW 29.97   81
28   76.0  86.5  12:37pm  69.0   6:03am    0   26  0.24   3  24   2:28pm   W 29.94   85
29   79.0  89.0   3:28pm  69.8   6:31am    0   29  0.00   3  16   2:59pm   W 29.93   74
30   81.5  91.2   3:52pm  73.1   2:38am    0   32  0.00   3  16   3:55pm  NW 29.85   68
31   80.7  89.9   2:39pm  69.8   6:03am    0   30  0.00   2  17   3:05pm  SW 29.90   73
---------------------------------------------------------------------------------------
TOT  76.1  94.6  7/17/06  55.4   7/7/06    1  788  8.06   3  33  7/12/06 SSW 30.00   75

HEAT BASE: 60.0
COOL BASE: 50.0