NOAA-Style Climate Reports


Report for 2006 August
                  MONTHLY CLIMATOLOGICAL SUMMARY FOR 8/2006
                                        HEAT  COOL        
     MEAN                               DEG   DEG       WIND SPEED       DOM MEAN  MEAN
DAY  TEMP  HIGH   TIME     LOW   TIME   DAYS  DAYS RAIN AVG  HI  TIME    DIR BAROM HUM
---------------------------------------------------------------------------------------
1    85.1  97.2   2:59pm  75.4   6:31am    0   35  0.00   3  16   2:01pm WSW 29.93   72
2    85.7  94.6   3:00pm  77.5   6:50am    0   33  0.00   3  17   5:12pm  SW 29.88   70
3    83.7  96.2   5:10pm  75.4  10:46pm    0   34  0.03   4  27   5:56pm WSW 29.82   70
4    78.4  86.5   3:43pm  70.7  11:59pm    0   28  0.00   4  20  11:16am NNW 29.88   70
5    75.5  87.3   2:42pm  62.4   5:59am    0   25  0.00   3  15   3:08pm NNW 30.07   58
6    74.3  85.2   5:33pm  61.1   5:52am    0   24  0.00   2  15   1:56pm   S 30.17   66
7    77.1  86.3   5:17pm  70.3   5:24am    0   27  0.15   3  14   3:42pm SSW 30.04   75
8    75.5  86.3   3:37pm  65.8  11:59pm    0   25  0.00   5  20   4:37pm   N 30.04   62
9    69.7  82.5   3:28pm  56.2   6:30am    0   20  0.00   2  14   4:04pm  SW 30.10   62
10   72.3  84.2   3:33pm  60.3   5:21am    0   22  0.00   2  18   4:49pm WSW 29.89   74
11   70.6  81.9   4:19pm  62.4   6:28am    0   21  0.00   4  16  10:16am   N 29.92   54
12   70.2  78.8   2:58pm  51.6   5:49am    0   13  0.00   3  15   3:02pm   N 30.05   45
13   66.4  82.1   3:43pm  49.7   6:09am    2   16  0.00   2  16   2:23pm  NW 30.08   55
14   71.8  84.8   3:13pm  56.0   6:20am    1   22  0.00   4  20   3:59pm SSW 29.95   65
15   74.6  84.8   5:38pm  64.8  11:57pm    0   24  0.07   2  16   6:43am SSW 29.88   72
16   72.5  85.7   3:11pm  58.0   5:52am    0   22  0.00   2  13   5:12pm   N 30.11   62
17   72.4  84.0   5:32pm  57.9   6:34am    0   22  0.00   2  12   2:44pm  SE 30.20   64
18   72.2  82.5   3:06pm  61.9   5:50am    0   22  0.00   2  19   2:42pm   S 30.17   65
19   74.0  82.1   3:42pm  65.1   4:33am    0   24  0.00   4  21  11:14pm   S 30.00   78
20   78.5  88.2   4:46pm  71.5   6:28am    0   28  0.07   5  18  10:04am WNW 29.83   68
21   73.1  84.2   5:01pm  62.6   5:54am    0   23  0.00   5  21   9:51am   N 30.01   58
22   72.6  86.1   3:43pm  60.7   6:32am    0   23  0.00   2  14  12:32pm SSW 30.05   61
23   72.4  85.4   3:03pm  60.3   6:16am    0   22  0.00   3  15  10:46am   N 29.99   59
24   70.8  83.1   2:59pm  60.3   7:07am    0   21  0.12   1  11   2:46pm NNW 29.98   70
25   72.2  85.5   4:56pm  64.3   4:37am    0   22  0.00   2  12   3:30pm NNW 29.98   77
26   65.5  69.4  12:00am  64.3   5:56am    0   15  1.14   2  22   3:00am ENE 30.12   95
27   67.2  72.0  11:29pm  64.2  12:29am    0   17  0.53   2  13  11:40pm ENE 30.07   96
28   74.0  80.6   1:32pm  70.1  12:37am    0   24  0.21   1  12   1:03pm NNE 29.89   86
29   69.5  71.7   3:57pm  65.0  11:51pm    0   19  0.24   2  12  10:48am   S 29.79   95
30   65.8  72.0   5:13pm   1.0   3:00pm    0   16  0.06   2  12   4:08am  NE 29.94   88
31   64.0  71.8   3:49pm  58.8   7:47am    0   14  0.00   3  17   1:33pm ENE 30.15   66
---------------------------------------------------------------------------------------
TOT  73.1  97.2   8/1/06   1.0  8/30/06    3  705  2.62   3  27   8/3/06   N 30.00   70

HEAT BASE: 60.0
COOL BASE: 50.0