NOAA-Style Climate Reports


Report for 2006 November
                  MONTHLY CLIMATOLOGICAL SUMMARY FOR 11/2006
                                        HEAT  COOL        
     MEAN                               DEG   DEG       WIND SPEED       DOM MEAN  MEAN
DAY  TEMP  HIGH   TIME     LOW   TIME   DAYS  DAYS RAIN AVG  HI  TIME    DIR BAROM HUM
---------------------------------------------------------------------------------------
1    58.2  68.1   1:05pm  49.9   9:48pm    3    8  0.00   2  20   2:21pm WSW 29.96   71
2    45.4  53.6   2:58pm  37.7  11:59pm   15    0  0.38   6  21  10:59pm WNW 30.00   63
3    36.3  45.5   1:15pm  29.7   6:56am   24    0  0.00   5  20   9:40am WNW 30.29   54
4    35.1  46.4  12:32pm  25.8   6:23am   25    0  0.00   2  15  12:09pm   W 30.48   61
5    37.8  49.9   2:55pm  29.5   4:27am   22    0  0.00   1  13  12:13pm   W 30.49   65
6    42.4  58.1   2:15pm  27.8   6:14am   18    1  0.00   1  11   2:05pm   W 30.40   64
7    46.9  55.0   2:25pm  36.3   5:56am   13    1  0.00   1  12   1:28pm   S 30.19   76
8    53.9  55.7   2:55pm  50.2   1:09am    6    4  1.47   3  13   9:16am NNE 29.65   97
9    59.8  68.9   2:30pm  54.4   2:13am    2   10  0.00   5  19   9:49am NNW 29.59   69
10   53.9  63.3  12:32pm  42.6  10:32pm    7    5  0.00   2  20   9:50am   N 29.93   64
11   54.1  70.1   2:18pm  42.0   5:10am    8    7  0.00   2  13   2:14pm   N 29.90   80
12   49.7  57.1   4:41am  44.9   7:50pm   10    2  0.12   5  19   5:46pm   N 29.95   88
13   53.9  56.6   6:23pm  49.2  12:00am    6    4  0.14   5  20   8:12am  NE 29.91   93
14   55.0  56.9   2:37pm  51.7  11:27pm    5    5  0.00   2  11  11:37am   W 29.81   91
15   57.9  65.8   2:30pm  52.1  12:00am    3    7  0.00   2  13  12:54pm  SE 29.92   84
16   63.4  68.9  12:01pm  55.9   2:30am    1   13  0.60  12  46   3:24pm   S 29.68   87
17   52.1  62.5  12:00am  38.5  11:42pm    8    4  0.00   7  23  12:00am WNW 29.76   68
18   41.0  46.3  12:17pm  34.6   5:33am   19    0  0.00   3  13   2:43pm   N 29.97   71
19   41.7  44.7   2:20pm  38.6   7:00am   18    0  0.00   4  15   1:29pm NNW 29.95   67
20   38.0  40.1   1:10pm  33.9  11:43pm   22    0  0.00   5  18  12:10pm NNW 30.13   62
21   37.0  45.5   2:55pm  28.7   6:57am   23    0  0.00   3  15   1:59am   N 30.44   61
22   37.9  43.3   2:39pm  32.1   4:34am   22    0  0.27   7  24  10:10am  NE 30.30   56
23   40.2  44.8   5:10pm  35.5   1:20am   20    0  0.88   6  22  12:31am  NE 30.11   89
24   46.4  62.2  12:37pm  31.4  11:56pm   14    3  0.00   3  17  12:50pm  NW 30.16   47
25   38.5  55.6   2:18pm  25.9   6:34am   21    1  0.00   1   7   8:47am  NW 30.35   76
26   41.6  57.1   1:01pm  29.9   6:54am   18    1  0.01   1  11  10:26am   W 30.33   84
27   45.2  60.5   1:07pm  33.6   4:51am   15    2  0.00   1  10  11:59am   W 30.28   83
28   48.5  59.4   2:26pm  37.8   6:34am   11    3  0.00   2  16   7:08pm  SE 30.31   83
29   52.3  55.3   5:54pm  50.6   2:10am    7    2  0.00   2  11  12:00am   S 30.33   90
30   59.8  66.1  12:11pm  52.1   1:19am    3   10  0.00   4  28   1:49pm SSW 30.14   85
---------------------------------------------------------------------------------------
TOT  47.4  70.1 11/11/06  25.8  11/4/06  389   93  3.87   3  46 11/16/06   N 30.09   74

HEAT BASE: 60.0
COOL BASE: 50.0