NOAA-Style Climate Reports


Report for 2007 January
                  MONTHLY CLIMATOLOGICAL SUMMARY FOR 1/2007
                                        HEAT  COOL        
     MEAN                               DEG   DEG       WIND SPEED       DOM MEAN  MEAN
DAY  TEMP  HIGH   TIME     LOW   TIME   DAYS  DAYS RAIN AVG  HI  TIME    DIR BAROM HUM
---------------------------------------------------------------------------------------
1    43.4  46.1   3:51pm  39.9  12:20am   17    0  0.77   2  20  11:21pm   W 29.89   97
2    40.7  46.7   1:49pm  33.4  11:57pm   19    0  0.00   7  26  12:58am WNW 30.17   58
3    37.9  52.9   3:23pm  26.0   6:19am   22    0  0.00   1  17  12:11pm SSW 30.31   70
4    38.9  57.0   3:17pm  26.8   5:20am   21    1  0.00   1  14  12:26pm SSW 30.15   77
5    54.2  62.1   3:31pm  39.3  12:23am    6    6  0.07   3  20   5:40am SSW 29.92   91
6    61.3  68.1  11:55am  50.7  11:57pm    1   11  0.20   9  27   1:40pm WNW 29.78   73
7    44.6  50.7  12:00am  38.6   7:59am   15    0  0.48   4  21   1:50am WNW 30.19   62
8    42.3  49.7   2:26pm  33.4  11:57pm   18    0  0.36   7  34   3:07pm WNW 29.72   73
9    33.6  40.2   1:16pm  27.7   7:43am   26    0  0.00   4  17   1:32pm   W 29.83   62
10   29.5  32.7  12:56am  24.4  11:52pm   31    0  0.00   9  27  11:37am WNW 30.17   50
11   28.6  37.3   3:03pm  18.7   5:19am   31    0  0.00   3  17   4:06pm SSW 30.53   58
12   38.1  45.0   3:15pm  31.5  12:26am   22    0  0.00   2  14   3:01am   W 30.34   66
13   46.4  50.5   3:55pm  40.3  12:06am   14    0  0.04   2  13  10:41am WSW 30.19   85
14   42.0  44.7  12:00am  39.4   8:50am   18    0  0.09   2  11  10:45pm  NE 30.18   97
15   40.3  51.2  11:23pm  36.8   7:29am   20    0  0.02   2  14   1:06am  NE 29.94   98
16   37.4  52.1   2:39am  21.1  11:54pm   23    0  0.00   9  29   7:21am  NW 30.04   61
17   22.8  31.4   3:33pm  16.5   6:24am   37    0  0.00   5  24   3:18am  NW 30.61   53
18   26.6  32.4  11:57pm  18.4   4:46am   33    0  0.00   2  13  11:35am   N 30.44   68
19   32.7  39.4  11:06am  27.7   7:17am   27    0  0.02   8  30  11:22am WNW 29.88   66
20   26.6  31.6   2:44pm  19.1  11:32pm   33    0  0.00  12  34   2:02pm  NW 30.06   45
21   21.3  25.2   2:31pm  15.9   5:40am   39    0  0.00   3  16  12:09am SSW 30.30   53
22   26.1  29.6   2:43pm  22.1   2:28am   34    0  0.00   2  10   1:22pm   W 29.90   86
23   30.9  36.5   2:59pm  27.7  11:59pm   29    0  0.01   4  17   9:37am   W 29.88   67
24   31.0  38.0  11:09am  25.6   1:48am   29    0  0.00   3  17  10:36am   W 29.95   68
25   25.8  31.0  12:40pm  10.8  11:58pm   34    0  0.00   6  29  11:23pm  NW 29.86   60
26   15.0  22.1   2:51pm   6.6   5:45am   45    0  0.00   8  27   1:36pm  NW 29.99   49
27   26.0  30.7  11:54pm  20.8  12:30am   34    0  0.00   2  10   4:21am   S 29.78   62
28   32.4  39.1   1:53pm  28.0   7:42am   28    0  0.01   2  17  11:57pm   S 29.64   77
29   23.0  28.7  12:00am  17.0  11:41pm   37    0  0.00   8  28   9:52am  NW 29.90   54
30   24.7  35.1   3:13pm  16.1   6:45am   35    0  0.00   4  23   1:54pm WSW 29.93   67
31   23.4  30.6   2:44pm  17.4   6:51am   36    0  0.00   5  26   1:14pm   W 30.03   57
---------------------------------------------------------------------------------------
TOT  33.8  68.1   1/6/07   6.6  1/26/07  814   18  2.07   5  34   1/8/07   W 30.05   68

HEAT BASE: 60.0
COOL BASE: 50.0