NOAA-Style Climate Reports


Report for 2007 October
MONTHLY CLIMATOLOGICAL SUMMARY FOR 10/2007
HEAT  COOL
MEAN                               DEG   DEG       WIND SPEED       DOM MEAN  MEAN
DAY  TEMP  HIGH   TIME     LOW   TIME   DAYS  DAYS RAIN AVG  HI  TIME    DIR BAROM HUM
---------------------------------------------------------------------------------------
1    61.7  70.8   3:40pm  51.6   6:53am    2   12  0.00   3  19   2:23pm   S 30.43   75
2    62.4  75.5   2:47pm  47.9   7:10am    3   13  0.00   3  18   8:50pm   S 30.32   76
3    68.7  81.3   3:47pm  60.7   1:29am    0   19  0.00   2  19   4:05pm   S 30.15   80
4    69.8  83.8   3:15pm  58.6   6:25am    0   20  0.00   1  13   1:06pm   S 30.18   80
5    68.3  81.1   2:16pm  58.5   5:57am    0   18  0.00   1  12   1:39pm   S 30.28   85
6    66.9  79.9   3:50pm  58.8   6:35am    0   17  0.01   2  14  12:09pm   S 30.18   87
7    72.1  84.2   1:48pm  62.9  11:47pm    0   22  0.00   3  19  11:40am   N 30.05   75
8    73.6  87.7   3:30pm  61.6   1:12am    0   24  0.00   3  19  11:30am   W 29.97   75
9    71.7  85.9   3:11pm  61.0  10:00pm    0   22  0.58   2  19   4:55pm WSW 29.82   78
10   66.6  78.5   3:18pm  60.7   3:31am    0   17  0.00   2  12  10:37pm   S 29.74   71
11   54.6  62.9  12:03am  52.2  11:54pm    6    5  1.14   4  16   1:11am  NW 29.62   90
12   52.5  60.3   3:40pm  42.0  11:50pm    7    3  0.22   8  29   6:26am  NW 29.71   68
13   49.1  60.2   4:07pm  38.6   6:50am   11    3  0.00   3  16  12:02pm   W 29.97   67
14   52.0  65.6   3:10pm  42.5   7:01am    9    4  0.00   3  21  12:01pm WSW 30.08   65
15   55.5  69.7   3:17pm  44.4  12:44am    7    7  0.00   1  15  12:16pm  SW 30.17   69
16   59.1  70.5   2:02pm  51.8   2:49am    3    9  0.00   1   6  10:00am   S 30.16   70
17   62.1  76.1   3:46pm  54.5   5:10am    2   12  0.00   1  10   3:22pm   N 30.10   82
18   66.7  75.9   4:18pm  55.8   5:40am    1   17  0.00   3  20   2:01pm   S 29.94   82
19   70.3  75.7   1:54pm  59.8  11:41pm    0   20  0.54   5  20   9:42pm   S 29.69   90
20   60.0  67.8   1:00pm  53.1  11:53pm    2   10  0.01   4  25   1:42pm  SW 29.78   74
21   59.8  75.6   3:07pm  48.8   4:13am    4   10  0.00   2  15  11:54am WSW 30.16   62
22   61.4  77.0   3:27pm  45.6   6:37am    5   12  0.00   3  20   4:16pm   S 30.18   69
23   68.1  73.8   3:14pm  63.2   5:22am    0   18  0.08   7  28   4:39pm   S 29.87   79
24   59.0  63.9  12:12pm  52.5   8:52pm    2    9  0.29   2  13   1:06pm   N 29.92   94
25   52.5  56.5   3:35pm  49.0   6:24am    8    3  0.17   3  21  10:25am NNE 30.26   83
26   51.4  53.7  11:49pm  49.9   9:07am    9    1  0.87   3  13  12:24pm NNE 30.35   83
27   58.6  67.0   4:26pm  51.5  11:07pm    3    9  1.08   4  23   6:23pm   W 30.05   85
28   48.7  56.9   2:18pm  37.1  11:56pm   11    1  0.00   6  25   3:42am  NW 30.35   55
29   42.5  55.1   2:26pm  31.7   6:19am   18    1  0.00   1  15  12:46pm WSW 30.46   68
30   47.7  62.9   2:26pm  35.7   2:45am   13    3  0.00   2  13   1:12pm SSW 30.39   70
31   49.6  66.3   2:22pm  35.1   6:41am   11    4  0.00   2  22  11:02am   S 30.26   72
---------------------------------------------------------------------------------------
TOT  60.1  87.7  10/8/07  31.7 10/29/07  135  343  4.99   3  29 10/12/07   S 30.08   76

HEAT BASE: 60.0
COOL BASE: 50.0