NOAA-Style Climate Reports


Report for 2007 November
MONTHLY CLIMATOLOGICAL SUMMARY FOR 11/2007
HEAT  COOL
MEAN                               DEG   DEG       WIND SPEED       DOM MEAN  MEAN
DAY  TEMP  HIGH   TIME     LOW   TIME   DAYS  DAYS RAIN AVG  HI  TIME    DIR BAROM HUM
---------------------------------------------------------------------------------------
1    51.4  61.5  12:04pm  39.2  11:58pm    9    3  0.00   2  17  12:44pm  NW 30.09   75
2    45.2  55.6   2:52pm  32.6   6:59am   15    1  0.00   2  16  10:30am   N 30.30   60
3    46.7  57.9   2:16pm  41.4   5:42am   13    1  0.00   4  23   2:40pm   N 29.93   44
4    46.4  55.8   1:52pm  37.1   7:04am   14    1  0.00   2  15  12:31pm   W 29.89   60
5    46.4  57.2   2:44pm  34.5   6:57am   14    2  0.07   4  22   2:49pm   S 29.95   64
6    45.4  51.4  12:18pm  38.1  10:57pm   15    0  0.07   5  25  12:09pm WNW 29.81   64
7    41.0  48.3   2:39pm  31.1  11:02pm   19    0  0.00   4  23  11:33am WNW 30.08   62
8    33.4  41.7   1:42pm  25.5   6:12am   26    0  0.00   1  11   2:00pm  SW 30.20   73
9    35.0  42.4  12:33pm  28.4   4:06am   25    0  0.01   1  12  12:46pm NNE 30.10   79
10   37.0  43.0   3:28pm  30.1  11:36pm   23    0  0.01   3  13   3:50pm NNE 30.11   85
11   37.6  50.6   1:56pm  25.8   6:55am   22    0  0.00   1  12  11:16am   N 30.28   66
12   43.5  47.7   2:54pm  38.2   4:52am   17    0  0.10   1  10   8:57pm   S 30.19   81
13   48.2  61.3   1:46pm  35.1  11:44pm   12    2  0.09   1  13   2:08pm   N 29.99   86
14   43.4  52.5   4:50pm  31.6   4:29am   17    1  0.01   1  13   4:53pm   S 29.87   95
15   45.1  56.1   5:06am  39.7   1:37pm   15    1  1.29   5  18   6:43am WNW 29.59   90
16   39.6  43.4  10:26am  33.6  11:38pm   20    0  0.00   8  28  12:15pm WNW 29.78   62
17   36.4  41.7   1:29pm  30.4   2:00am   24    0  0.00   2  17  10:15am WSW 30.05   69
18   33.3  37.4  12:16am  31.6   1:34pm   27    0  0.17   2  11   5:54am NNE 30.29   91
19   32.4  34.2  11:45pm  31.3   6:28am   28    0  0.35   2  10   4:24am NNE 30.39   97
20   38.6  42.2  11:23pm  33.8  12:20am   21    0  0.42   1  12   9:50am   S 30.14   99
21   46.1  54.5   2:54pm  41.0   3:12am   14    1  0.01   1   7  10:23am   N 29.99   95
22   49.3  68.0   1:01pm  38.1  11:41pm   12    4  0.03   6  33   5:53pm WNW 29.79   80
23   34.0  39.5   2:15pm  27.7  11:39pm   26    0  0.00   6  23   1:30am  NW 30.17   48
24   30.0  38.2   2:42pm  19.1   7:14am   30    0  0.00   1  11  12:45pm   W 30.40   59
25   35.2  48.3   2:02pm  22.4   7:01am   25    0  0.00   1  14  11:51am  SW 30.29   68
26   42.4  59.8  11:55pm  37.2   3:04am   18    0  0.92   2  27  10:57pm NNE 30.01   96
27   46.9  60.2  12:29am  38.0  11:32pm   13    1  0.12   7  33   6:26am WNW 29.98   69
28   37.5  44.0   1:48pm  30.4   6:54am   22    0  0.00   3  22   1:42am   S 30.37   51
29   40.1  48.7   3:06pm  34.7   3:56am   20    0  0.06   6  26   1:13am   S 30.08   64
30   33.5  39.5   3:16pm  28.6   9:13pm   27    0  0.00   3  18  12:23am   W 30.22   52
---------------------------------------------------------------------------------------
TOT  40.7  68.0 11/22/07  19.1 11/24/07  579   17  3.73   3  33 11/22/07 WNW 30.08   73

HEAT BASE: 60.0
COOL BASE: 50.0