NOAA-Style Climate Reports


Report for 2008 January
MONTHLY CLIMATOLOGICAL SUMMARY FOR 1/2008
HEAT  COOL
MEAN                               DEG   DEG       WIND SPEED       DOM MEAN  MEAN
DAY  TEMP  HIGH   TIME     LOW   TIME   DAYS  DAYS RAIN AVG  HI  TIME    DIR BAROM HUM
---------------------------------------------------------------------------------------
1    37.2  46.6  12:08pm  27.0   2:00am   23    0  0.08   7  30  11:08pm   W 29.84   73
2    26.3  33.6  12:00am  15.6  11:59pm   34    0  0.00  12  33   6:36pm  NW 30.01   54
3    17.4  23.1   2:52pm  13.1  11:03pm   43    0  0.00   5  21   3:31pm  NW 30.57   53
4    24.8  34.8   2:08pm  12.6   2:18am   35    0  0.00   3  20  11:43am   W 30.52   56
5    31.6  42.0   1:51pm  19.8   7:41am   28    0  0.08   0   7  12:15pm  SW 30.31   68
6    39.3  50.0   2:36pm  31.7   2:57am   21    0  0.00   1  12  11:55am  SW 30.21   82
7    48.1  63.7   2:53pm  39.8   4:55am   12    3  0.00   1  14  12:54pm WSW 30.21   80
8    50.3  66.1   2:33pm  36.1   6:09am   10    5  0.00   2  20  11:30pm   S 30.10   82
9    54.5  61.5   9:26am  40.0  11:03pm    6    6  0.02   9  33   8:03am   W 29.92   62
10   41.4  48.6  12:46pm  32.3   7:27am   18    0  0.03   2  19  11:22pm  SE 30.13   57
11   41.1  49.0   3:35pm  36.5   3:03am   19    0  0.20   3  21  12:43pm  NE 29.77   91
12   39.5  47.1   2:32pm  28.9  11:55pm   21    0  0.00   2  14   1:54am WNW 30.04   66
13   34.0  45.3   2:28pm  23.6   7:11am   26    0  0.12   3  17   1:59pm NNE 30.09   75
14   34.9  37.3   2:52pm  33.3  12:00am   25    0  0.03   3  15   4:03pm   W 29.86   86
15   31.0  36.0  10:40am  25.6   7:23am   29    0  0.00   6  24   8:19pm   W 29.87   66
16   31.7  37.8  12:37pm  24.5  11:47pm   28    0  0.00   4  18  11:14am  NW 30.24   62
17   28.8  33.5   1:35pm  22.8   1:03am   31    0  0.12   2  13  11:46am NNE 30.23   82
18   35.1  44.9   1:45pm  28.2  10:27pm   25    0  0.36   3  22   3:23pm   W 29.94   75
19   30.3  34.4  12:08pm  25.2   4:18am   30    0  0.00   2  15  11:55am WSW 30.03   61
20   19.2  30.8  12:00am  12.8  10:50pm   41    0  0.00  11  26  12:10pm WNW 30.19   45
21   17.4  25.8   3:20pm  10.9   6:12am   43    0  0.00   4  19   8:57am   W 30.64   47
22   27.1  36.1   2:43pm  13.8   3:07am   33    0  0.00   4  23   1:31pm WSW 30.19   55
23   31.3  37.7   2:21pm  20.9  11:54pm   29    0  0.00   5  24  12:56pm WNW 30.01   42
24   23.6  33.9   1:23pm  14.6   6:03am   36    0  0.00   3  19   8:16pm  NW 30.05   57
25   23.6  31.7   3:01pm  17.8   6:14am   36    0  0.00   7  25   1:26pm   W 30.32   45
26   26.2  32.2   2:06pm  19.8  12:21am   34    0  0.00   2   9  12:58am   W 30.22   42
27   30.8  39.3   2:52pm  26.1   7:23am   29    0  0.00   3  15   2:46pm NNE 30.08   54
28   31.0  40.1   3:10pm  22.8   7:43am   29    0  0.00   4  19  11:08am  NW 30.08   60
29   32.0  38.1   3:22pm  23.3   4:52am   28    0  0.08   1  11   5:09pm NNE 29.82   85
30   37.1  46.5   7:16am  28.5  11:55pm   22    0  0.19   9  38  10:32am   W 29.74   55
31   30.2  39.3   3:42pm  22.4   7:28am   30    0  0.00   3  16  12:20am WNW 30.48   36
---------------------------------------------------------------------------------------
TOT  32.5  66.1   1/8/08  10.9  1/21/08  853   14  1.31   4  37  1/30/08   W 30.12   63

HEAT BASE: 60.0
COOL BASE: 50.0