NOAA-Style Climate Reports


Report for 2008 February
MONTHLY CLIMATOLOGICAL SUMMARY FOR 2/2008
HEAT  COOL
MEAN                               DEG   DEG       WIND SPEED       DOM MEAN  MEAN
DAY  TEMP  HIGH   TIME     LOW   TIME   DAYS  DAYS RAIN AVG  HI  TIME    DIR BAROM HUM
---------------------------------------------------------------------------------------
1    33.3  36.8   6:40pm  30.5  12:38am   27    0  0.91   4  22   4:59am ENE 30.09   81
2    34.4  37.5   9:54am  25.8  11:54pm   26    0  0.01   5  28   2:32am   W 30.13   76
3    34.4  49.9   2:11pm  21.9   7:11am   26    0  0.00   1  14   2:19pm WSW 30.22   77
4    34.5  36.8   7:14pm  29.3   2:37am   26    0  0.02   3  10   6:30am NNE 30.26   88
5    40.4  46.2   3:16pm  34.8  12:00am   20    0  0.03   2  12   5:46pm   W 29.95   98
6    51.8  63.2  11:07pm  42.4   4:50am    9    4  0.20   3  25  11:58pm NNW 29.58   92
7    42.6  55.5  12:00am  35.7  11:48pm   17    0  0.01   7  30  12:08am WNW 29.76   62
8    36.0  42.3   2:18pm  31.0   7:21am   24    0  0.00   3  13   2:27pm NNE 29.98   66
9    33.3  39.0   4:35pm  29.2   2:11am   27    0  0.06   1  21   9:38pm   E 29.94   89
10   28.5  40.1  12:15pm  10.4  11:15pm   31    0  0.01  11  41   5:48pm WNW 29.79   65
11   13.1  19.7   3:17pm   6.9   6:21am   45    0  0.00   8  29  12:12am WNW 30.29   47
12   19.0  27.8  11:57pm  13.6  12:25am   41    0  0.00   3  11   1:12pm NNE 30.31   68
13   33.3  38.9   3:39pm  27.2  11:59pm   26    0  2.84   3  25  10:17pm NNW 29.69   90
14   30.0  37.9   2:07pm  25.0   6:37am   30    0  0.07   6  23   9:57am NNW 30.04   61
15   33.2  42.6   1:32pm  25.0   1:45am   27    0  0.05   3  22   3:38pm   W 30.11   72
16   28.4  35.5   1:59pm  21.9   7:12am   32    0  0.00   3  15  12:01am  NW 30.30   51
17   33.3  47.1  11:58pm  21.4   2:54am   27    0  0.18   3  20   2:21pm   S 30.11   76
18   52.2  66.0  10:49am  34.1  10:58pm    8    6  0.39   9  35   1:39am WNW 29.60   76
19   32.9  39.8   2:05pm  23.5  11:38pm   27    0  0.00   9  30   8:04am WNW 29.86   50
20   24.2  31.3   3:27pm  18.8   5:52am   36    0  0.00   4  25   7:41am   W 30.10   52
21   24.3  32.9   2:39pm  15.9   7:04am   35    0  0.00   3  16  11:39pm WNW 30.35   44
22   26.2  30.8   7:40pm  21.4   3:45am   34    0  0.01   3  15  12:00am NNE 30.03   89
23   29.9  34.4   3:58pm  20.8  11:56pm   30    0  0.10   2  13   5:51pm   N 29.95   80
24   27.3  37.3   3:47pm  16.5   6:11am   33    0  0.09   2  15   2:21pm   W 30.12   62
25   32.6  45.9   2:01pm  20.0   5:59am   27    0  0.01   2  15   3:04pm WSW 29.94   64
26   34.7  38.6   6:15pm  30.1  12:00am   25    0  0.75   2  14  10:45pm  NE 29.59   86
27   32.7  38.8  12:28pm  22.0  11:58pm   27    0  0.00   9  25  12:59pm  NW 29.56   65
28   20.4  25.8   3:32pm  14.3   6:53am   40    0  0.00   9  26   6:41am  NW 30.12   42
29   24.9  33.8   2:57pm  15.1   3:22am   35    0  0.00   4  23   3:03pm   S 30.38   56
---------------------------------------------------------------------------------------
TOT  31.8  66.0  2/18/08   6.9  2/11/08  817   10  5.74   4  41  2/10/08 WNW 30.00   70

HEAT BASE: 60.0
COOL BASE: 50.0