NOAA-Style Climate Reports


Report for 2008 May
MONTHLY CLIMATOLOGICAL SUMMARY FOR 5/2008
HEAT  COOL
MEAN                               DEG   DEG       WIND SPEED       DOM MEAN  MEAN
DAY  TEMP  HIGH   TIME     LOW   TIME   DAYS  DAYS RAIN AVG  HI  TIME    DIR BAROM HUM
---------------------------------------------------------------------------------------
1    49.6  61.4   1:23pm  36.2   6:30am   10    4  0.01   3  21   1:12pm SSW 30.12   63
2    54.9  67.9   4:10pm  45.8   4:52am    6    6  0.00   3  14   5:03pm  NE 30.01   82
3    50.6  54.6   6:11pm  47.9  10:32pm    9    1  0.08   3  14   3:13am ENE 29.98   95
4    57.1  71.1   4:36pm  46.9   5:41am    6    8  0.14   3  17  11:46am WNW 29.96   73
5    57.1  69.8   4:03pm  42.3   6:01am    5    8  0.00   2  15   3:48pm  SW 30.06   53
6    60.6  78.8   1:57pm  42.9   6:06am    5   12  0.00   2  24   3:02pm   N 29.99   55
7    65.2  80.0   2:35pm  45.7   6:19am    4   16  0.00   4  29   7:15pm SSW 29.89   52
8    66.7  73.2   2:51pm  61.1   6:23am    0   17  0.11   4  23  12:22am  SW 29.72   73
9    51.4  64.1  12:00am  48.7  11:17pm    9    2  0.92   4  18   1:18pm NNE 29.71   89
10   53.2  65.6   5:25pm  41.9   4:41am    7    5  0.00   3  17   5:22pm  NW 29.77   75
11   52.3  64.0   1:08pm  39.4   5:33am    8    5  0.00   4  27   3:33pm  SE 29.78   69
12   47.7  53.2  10:08pm  43.5   6:32am   12    0  0.26   6  32   3:49am NNE 29.67   77
13   58.8  76.7   5:01pm  38.9   6:08am    6   11  0.01   2  17   4:23pm NNW 30.01   51
14   61.3  74.9   2:53pm  42.1   5:51am    4   12  0.00   3  17   4:03pm SSW 30.03   56
15   65.4  77.2   3:46pm  56.2   6:33am    0   15  0.00   2  15   6:10pm NNE 29.93   64
16   52.5  61.1  12:00am  49.4  11:43pm    8    2  0.91   4  19  10:26pm   N 29.71   93
17   56.9  68.7   5:59pm  43.9   5:20am    5    8  0.10   5  25   2:43pm  SW 29.59   74
18   54.8  64.9   5:29pm  47.3   6:02am    6    5  0.29   2  27   7:12pm   W 29.46   81
19   51.1  57.7   4:22pm  44.7   6:09am    9    2  0.00   5  26  12:43pm   W 29.57   58
20   46.4  51.5   6:50pm  39.5   3:25am   14    0  0.36   1  10   8:31am   N 29.56   89
21   53.4  64.9  12:17pm  44.1   3:31am    7    5  0.01   4  28   4:15pm   W 29.52   75
22   52.3  61.4   5:35pm  46.7   1:53am    8    3  0.07   5  28   1:18pm  NW 29.67   72
23   57.9  70.6   3:58pm  45.7   5:07am    5    9  0.00   5  21  11:53am NNW 29.91   55
24   60.2  72.3   3:21pm  46.7   4:32am    4   11  0.00   4  22  10:39am   N 29.99   51
25   62.8  76.9   3:36pm  43.5   5:16am    4   14  0.00   2  17   2:36pm  SW 30.08   50
26   69.1  81.9   4:35pm  52.2   5:45am    1   19  0.00   5  24   2:18pm SSW 29.94   54
27   71.2  85.0   3:18pm  54.3  11:48pm    0   21  0.18   4  19   5:18pm  SW 29.88   76
28   59.0  69.1   4:18pm  50.4  11:59pm    4    9  0.00   5  18   2:05am   N 30.18   44
29   61.1  78.1   4:53pm  42.1   5:46am    5   12  0.00   2  18   1:07pm WSW 30.15   50
30   67.3  82.1   3:22pm  48.1   4:48am    3   17  0.00   3  20   4:18pm   S 30.06   54
31   69.6  75.1   5:17pm  63.8   5:48am    0   20  1.14   5  40   9:32pm   S 29.79   79
---------------------------------------------------------------------------------------
TOT  58.0  85.0  5/27/08  36.2   5/1/08  174  279  4.59   4  40  5/31/08   N 29.86   67

HEAT BASE: 60.0
COOL BASE: 50.0