NOAA-Style Climate Reports


Report for 2008 November
MONTHLY CLIMATOLOGICAL SUMMARY FOR 11/2008
HEAT  COOL
MEAN                               DEG   DEG       WIND SPEED       DOM MEAN  MEAN
DAY  TEMP  HIGH   TIME     LOW   TIME   DAYS  DAYS RAIN AVG  HI  TIME    DIR BAROM HUM
---------------------------------------------------------------------------------------
1    53.0  65.7  12:26pm  43.2  11:41pm    8    4  0.00   1  15   1:59am  SW 30.23   58
2
3    44.8  50.7   3:16pm  41.6   7:30am   13    0  0.00   0   6   3:30am   N 30.47   80
4    50.8  61.7   1:07pm  40.1   2:37am    9    4  0.00   0   7  12:33pm NNE 30.34   85
5    56.7  63.2  12:52pm  50.9   6:15am    4    7  0.08   2  16  11:02pm NNE 30.13   83
6    60.0  64.1  12:37pm  55.5   2:15am    1   10  0.08   4  21   1:35pm NNE 29.93   87
7    60.5  66.9  12:12pm  56.9   5:51am    1   11  0.00   1  12  11:06pm   S 29.87   85
8    54.4  58.0  12:00am  49.4  11:58pm    6    4  0.02   3  17   1:05pm   S 29.68   88
9    46.6  52.6   2:10pm  39.5   6:45am   13    0  0.00   3  22  10:14am   W 29.79   62
10   43.3  48.7  12:59pm  38.1  11:37pm   13    0  0.00   7  27   9:45am WNW 30.00   55
11   39.4  49.4  12:32pm  31.8   5:13am   21    0  0.00   3  21  12:56pm   W 30.29   61
12   42.1  49.8   1:44pm  34.9   5:39am   18    0  0.00   1  15   2:45pm   S 30.34   64
13   45.1  50.1   9:33pm  40.6   4:38am   15    0  0.34   1  12   1:16pm   N 30.11   92
14   52.9  56.3   2:09pm  48.6  12:03am    7    3  0.01   0   8   3:54pm   W 29.91  100
15   59.2  69.5  12:51pm  50.7  11:56pm    3    9  0.61   6  35   4:19pm   S 29.55   95
16   42.5  50.8  12:00am  35.7  11:49pm   18    0  0.00   9  30   1:31am WNW 29.69   64
17   37.0  45.2   1:03pm  31.2   5:12am   23    0  0.00   3  21  10:25am   W 30.00   64
18   30.7  37.4   1:43pm  26.9  11:56pm   29    0  0.00   7  25   7:55pm   N 30.07   61
19   29.2  34.6   3:07pm  23.6   5:52am   31    0  0.00   5  22  12:55pm  NW 30.09   54
20   33.0  35.4   2:23pm  30.3   7:13am   19    0  0.00   3  18   1:07pm   W 29.87   80
21   30.3  36.9   1:07pm  23.2  11:58pm   22    0  0.00   5  21   7:51pm  NW 30.11   53
22   25.7  32.1   2:38pm  21.5   6:24am   34    0  0.00   7  31  10:18am  NW 30.34   55
23   28.5  37.7   2:20pm  22.1   7:06am   28    0  0.00   3  17  11:14am   W 30.38   68
24   32.8  44.8   3:46pm  20.5   2:55am   27    0  0.14   4  32   5:38pm   S 30.15   75
25   38.6  44.3   1:18pm  33.7  10:42pm   21    0  0.13   3  18   3:12pm   W 29.74   80
26   36.8  41.6  11:39am  32.5  11:02pm   23    0  0.00   4  22  10:48am WSW 29.89   74
27   35.4  44.6   1:40pm  27.2  11:40pm   25    0  0.00   2  14   2:50pm WSW 29.97   69
28   36.7  46.5   1:00pm  26.9  12:30am   23    0  0.00   3  23  12:30pm   W 29.82   65
29   35.4  46.7  12:48pm  26.9  11:59pm   25    0  0.00   1  13   9:44am WSW 29.93   65
30   33.7  37.9   9:42pm  26.7  12:02am   26    0  0.68   3  16   4:13pm  NE 29.69   93
---------------------------------------------------------------------------------------
TOT  42.2  69.5 11/15/08  20.5 11/24/08  506   52  2.09   3  35 11/15/08   W 30.03   72

HEAT BASE: 60.0
COOL BASE: 50.0