NOAA-Style Climate Reports


Report for 2008 December
MONTHLY CLIMATOLOGICAL SUMMARY FOR 12/2008
HEAT  COOL
MEAN                               DEG   DEG       WIND SPEED       DOM MEAN  MEAN
DAY  TEMP  HIGH   TIME     LOW   TIME   DAYS  DAYS RAIN AVG  HI  TIME    DIR BAROM HUM
---------------------------------------------------------------------------------------
1    40.2  45.9   1:01pm  31.6  10:51pm   20    0  0.07   3  30   1:06pm  SW 29.54   92
2    34.6  40.9  10:26am  25.5  11:53pm   25    0  0.00   3  18   2:20pm   W 30.04   71
3    31.7  42.5   1:42pm  22.6   2:31am   28    0  0.00   2  15  11:27am SSW 30.22   72
4    38.4  47.0  12:28pm  32.5   5:00am   22    0  0.06   2  15   9:52pm   W 30.08   79
5    30.9  37.4   1:34pm  22.3  11:58pm   29    0  0.00   3  19   9:10am   W 30.19   61
6    24.4  29.8   4:08pm  17.8   4:26am   36    0  0.00   1  10   4:34pm SSW 30.05   75
7    27.2  32.5  12:30pm  18.0  11:57pm   33    0  0.00   9  34   5:33pm WNW 29.85   62
8    21.5  25.7   3:40pm  15.5   5:00am   39    0  0.00   3  19  12:22am WNW 30.34   48
9    33.9  42.2   3:33pm  25.0  12:00am   26    0  0.00   2  13   1:29am   S 30.26   60
10   52.3  59.6   7:48am  38.9  11:53pm    8    5  0.44   8  39   1:10am SSW 29.94   91
11   35.9  38.9  12:00am  33.5  11:35pm   24    0  1.90   5  20  11:23pm  NE 29.89   98
12   35.6  41.2  10:32am  32.8   6:51pm   24    0  0.42   7  27   7:30am  NW 29.69   80
13   28.1  34.0   2:15pm  22.3  11:51pm   32    0  0.00   5  22   3:40am WNW 30.29   59
14   34.0  43.7   2:49pm  21.8  12:42am   26    0  0.00   3  21   9:17am   S 30.43   66
15   53.9  60.7   5:46pm  41.6   1:47am    6    5  0.09   5  34  11:20am  SW 30.25   77
16   34.6  51.4  12:00am  27.3   6:59pm   25    0  0.06   4  25   1:12am NNE 30.41   79
17   32.1  36.4   2:46pm  29.2  12:00am   23    0  0.36   2  12   2:16pm ENE 30.12   96
18   33.2  39.2   2:01pm  29.1   5:06am   27    0  0.05   1   7   9:36am  NW 30.27   82
19   29.6  31.3   4:45pm  28.1   2:01am   30    0  0.00   2  16  11:21am ENE 30.00   93
20   24.5  28.2  12:10am  20.5  11:04pm   35    0  0.00   0   0  12:00am   N 30.03   88
21   25.1  33.5   3:25pm  19.3  11:58pm   35    0  0.12   3  28  10:08pm   W 29.71   81
22   16.3  22.7   2:48pm   9.3   6:30am   44    0  0.00  11  33   2:25am WNW 30.08   55
23   20.3  26.0  11:55pm  13.4   7:20am   40    0  0.00   3  16   2:19am   W 30.56   64
24   36.5  53.2  11:20pm  26.0  12:00am   23    0  1.31   3  32  10:54pm   S 30.16   93
25   37.8  49.8  12:00am  24.4  11:57pm   22    0  0.04   7  29   2:05am WNW 30.23   60
26   30.8  37.9   1:39pm  21.2   3:45am   29    0  0.02   1  14   2:16pm SSW 30.49   77
27   37.1  39.7   3:18pm  34.6   5:30am   23    0  0.01   0   9  12:18am  SW 30.27   97
28   49.1  63.3   1:30pm  37.7  12:41am   11    4  0.01   6  33   9:42am WNW 29.96   77
29   38.8  46.4   3:00pm  32.5   8:44pm   21    0  0.00   5  20  10:03am WNW 29.96   57
30   37.4  42.6   2:52am  29.7  11:44pm   23    0  0.00   9  35   2:50am WNW 29.86   44
31   27.2  34.1  10:50am  19.1   9:21pm   33    0  0.00   9  40   1:02pm  NW 29.73   58
---------------------------------------------------------------------------------------
TOT  33.3  63.3 12/28/08   9.3 12/22/08  822   14  4.96   4  40 12/31/08 WNW 30.09   74

HEAT BASE: 60.0
COOL BASE: 50.0