NOAA-Style Climate Reports


Report for 2009 May
MONTHLY CLIMATOLOGICAL SUMMARY FOR 5/2009
HEAT  COOL
MEAN                               DEG   DEG       WIND SPEED       DOM MEAN  MEAN
DAY  TEMP  HIGH   TIME     LOW   TIME   DAYS  DAYS RAIN AVG  HI  TIME    DIR BAROM HUM
---------------------------------------------------------------------------------------
1    61.9  67.6   1:08pm  57.0   1:37am    1   12  0.28   4  20   6:58am SSW 29.93   91
2    58.7  65.6   5:56pm  52.7   6:03am    2    9  0.25   2  20   3:17am   N 29.89   78
3    55.1  56.7  12:57am  51.8   5:57am    5    5  0.08   0   6   2:52pm NNE 29.98   84
4    52.8  54.5   9:52am  49.6  11:55pm    7    3  0.68   1  15  11:19am ENE 30.04   96
5    51.9  54.5   3:37pm  49.4   5:45am    8    2  0.11   2  13  12:39am NNE 30.07   94
6    55.8  63.1   3:43pm  50.5   6:16am    5    6  0.57   2  13   4:47pm   S 30.01   91
7    62.7  74.8   5:21pm  53.4  12:07am    2   13  0.20   3  19   1:24pm WNW 29.78   79
8    65.0  76.9   2:59pm  50.2   5:58am    2   15  0.00   2  20   2:26pm SSW 29.81   69
9    71.2  79.9   5:27pm  62.7   6:26am    0   21  0.00   5  30   9:54pm  SW 29.65   65
10   60.5  69.8   2:54pm  51.8   6:06am    2   11  0.00   8  27   2:45pm WNW 29.90   47
11   54.8  63.9  12:58pm  44.7   6:16am    5    6  0.00   3  20   2:37pm  SW 30.06   57
12   57.1  69.0   3:00pm  42.7   5:50am    5    8  0.00   3  18   3:32pm   N 30.14   48
13   57.6  70.0   4:47pm  40.4   5:25am    6   10  0.00   5  24   5:21pm   S 30.33   51
14   60.0  68.6   3:29pm  54.5   5:24am    2   10  0.46   3  23  12:35pm   S 30.19   81
15   67.1  80.3   4:42pm  56.4   1:36am    0   17  0.00   1  13  11:52pm   S 30.19   77
16   67.8  75.3   4:45pm  62.3   9:42pm    0   18  0.69   4  29   8:59pm   S 30.01   89
17   56.2  64.7   2:55am  48.4   9:00am    5    6  0.03   6  23   7:17am   N 30.03   62
18   51.2  59.1   3:13pm  43.0  11:58pm    9    3  0.00   5  35   3:55pm   N 30.26   44
19   54.1  72.2   4:53pm  34.7   5:57am    8    8  0.00   1  15   1:10pm SSW 30.39   53
20   65.2  82.0   2:18pm  46.6   4:58am    3   16  0.00   2  14   3:14pm SSW 30.35   47
21   67.3  83.3   2:56pm  47.8   5:50am    2   17  0.00   3  20   1:52pm SSW 30.26   42
22   70.0  84.1   4:27pm  51.4   5:57am    1   20  0.00   3  20   5:05pm SSW 30.13   57
23   70.8  83.2   3:56pm  61.2   5:50am    0   21  1.13   2  26   3:50pm   S 30.10   73
24   69.2  83.0   3:36pm  60.1   5:58am    0   19  0.15   2  19   2:16pm SSW 30.00   85
25   71.0  83.2   3:51pm  61.0   5:35am    0   21  0.00   1  12   3:35pm   N 30.01   61
26   53.8  63.7  12:19am  48.0  11:57pm    6    4  0.19   3  19  11:47am ENE 30.19   70
27   55.4  68.5   6:26pm  47.5   1:22am    6    6  0.02   1  10   4:49pm NNE 30.01   94
28   62.6  70.0   3:01pm  55.7  11:32pm    1   13  0.19   2  11  12:08pm  SE 29.84   93
29   62.7  75.0   2:41pm  54.9  12:47am    2   13  0.35   2  14   8:13pm  NE 29.74   90
30   66.0  77.3   3:42pm  54.5   5:44am    1   16  0.00   3  22   2:26pm  NW 29.76   63
31   64.2  78.4   3:50pm  50.6   4:02am    3   14  0.00   4  28   4:34pm  NW 29.80   55
---------------------------------------------------------------------------------------
TOT  61.3  84.1  5/22/09  34.7  5/19/09  100  360  5.38   3  35  5/18/09 SSW 30.03   71

HEAT BASE: 60.0
COOL BASE: 50.0