NOAA-Style Climate Reports


Report for 2009 September
MONTHLY CLIMATOLOGICAL SUMMARY FOR 9/2009
HEAT  COOL
MEAN                               DEG   DEG       WIND SPEED       DOM MEAN  MEAN
DAY  TEMP  HIGH   TIME     LOW   TIME   DAYS  DAYS RAIN AVG  HI  TIME    DIR BAROM HUM
---------------------------------------------------------------------------------------
1    61.6  74.9   2:59pm  48.0   6:29am    3   12  0.00   1  12   2:38pm NNE 30.26   70
2    63.6  77.2   2:32pm  50.0   6:09am    3   14  0.00   1  11   2:49pm  SE 30.27   71
3    66.4  79.8   3:10pm  54.6   5:18am    1   16  0.00   1  13   4:12pm ENE 30.14   73
4    70.6  82.1   1:53pm  58.5   5:41am    0   21  0.00   1  13  11:25am   N 30.06   70
5    71.2  85.0   2:57pm  58.4   6:53am    0   21  0.00   2  15   4:31pm NNW 30.16   64
6    67.1  78.1   2:49pm  58.1   6:34am    0   17  0.00   2  16   4:55pm ENE 30.30   74
7    65.1  72.2   4:49pm  59.6   1:51am    0   15  0.00   1   7   8:56am ENE 30.25   83
8    66.8  77.4   4:04pm  58.7   4:34am    0   17  0.00   0   9  12:37pm NNE 30.11   82
9    67.8  74.1   4:36pm  63.2   5:22am    0   18  0.00   1  12  12:13pm  NE 30.15   82
10   61.4  67.3   3:47pm  57.0   6:55am    1   11  0.05   3  16   4:16pm  NE 30.34   71
11   57.2  59.4   6:08pm  53.9   5:25am    3    7  1.32   6  23   1:32pm NNE 30.10   96
12   62.4  65.3   4:22pm  59.1  12:07am    0   12  0.56   2  13  12:01am NNE 29.95  100
13   70.3  81.7   4:05pm  62.6   4:06am    0   20  0.00   3  18   1:19pm NNW 29.94   76
14   67.3  79.4   2:29pm  57.0   4:48am    0   17  0.00   3  20   3:16pm  NW 29.97   78
15   68.6  80.4   4:47pm  58.7   6:06am    0   19  0.00   2  14   2:44pm NNW 29.97   77
16   62.5  67.9  12:06am  57.9  11:58pm    0   12  0.05   2  14   3:54pm NNE 30.16   78
17   58.8  64.2   4:15pm  54.9   8:43am    2    9  0.14   2  14  10:44am  NE 30.23   87
18   64.4  75.8   3:47pm  55.4   1:04am    1   14  0.00   2  16   1:00pm WSW 30.08   78
19   60.4  73.0   3:48pm  50.6  11:58pm    3   10  0.00   2  16   9:17am   N 30.24   61
20   58.3  73.2   3:37pm  43.6   6:33am    5   10  0.00   1  13   1:42pm   S 30.32   74
21   61.7  74.9   4:53pm  48.7   5:43am    3   12  0.00   2  17   3:39pm   S 30.30   79
22   66.6  74.1   5:09pm  56.7   1:28am    0   17  0.00   1  12  11:43am   S 30.27   87
23   71.7  79.4   3:46pm  63.7   6:52am    0   22  0.10   1  16  10:29pm   S 30.15   86
24   72.5  83.1   2:33pm  65.3  11:45pm    0   22  0.01   2  14   1:02pm  NW 30.06   79
25   63.9  73.7   2:35pm  52.3  11:58pm    1   14  0.00   2  14  10:29am   N 30.21   58
26   54.9  63.8   2:53pm  45.9   6:35am    6    6  0.36   2  24  12:35pm   S 30.23   79
27   61.7  69.4   3:21pm  55.4  12:00am    1   12  0.43   2  24   5:46pm   S 29.70   95
28   61.1  70.6  12:39pm  53.4  11:42pm    2   11  0.07   4  29  12:36pm SSW 29.57   83
29   56.2  64.5  12:18pm  46.9   6:02am    5    7  0.00   4  30  10:54am WSW 29.63   73
30   54.7  61.9  11:35am  44.9  11:52pm    5    5  0.00   4  20  12:53pm  NW 29.87   74
---------------------------------------------------------------------------------------
TOT  63.9  85.0   9/5/09  43.6  9/20/09   47  419  3.09   2  30  9/29/09   N 30.10   78

HEAT BASE: 60.0
COOL BASE: 50.0