NOAA-Style Climate Reports


Report for 2010 January
                  MONTHLY CLIMATOLOGICAL SUMMARY FOR 1/2010
                                        HEAT  COOL        
     MEAN                               DEG   DEG       WIND SPEED       DOM MEAN  MEAN
DAY  TEMP  HIGH   TIME     LOW   TIME   DAYS  DAYS RAIN AVG  HI  TIME    DIR BAROM HUM
---------------------------------------------------------------------------------------
1    33.5  40.3   2:03pm  29.4  11:55pm   26    0  0.14   3  25   7:53pm  NW 29.89   82
2    23.7  29.4  12:00am  17.0  11:35pm   36    0  0.00  12  33   1:42pm  NW 29.78   52
3    20.2  23.8   2:17pm  16.7   2:40am   40    0  0.00  13  33   6:00am  NW 29.68   55
4    24.1  29.4  12:15pm  20.7   2:54am   36    0  0.00   7  22   1:05am  NW 29.77   61
5    25.2  28.4   2:54pm  20.0   3:12am   35    0  0.00   6  21   2:41pm  NW 29.77   61
6    29.6  34.6   2:26pm  25.3   3:50am   30    0  0.00   8  25   6:45pm  NW 29.79   64
7    30.9  36.3   1:56pm  27.5   8:15pm   29    0  0.00   5  26   1:55am  NW 29.91   64
8    25.9  30.0   1:41pm  20.5  11:58pm   34    0  0.01   5  27   8:39pm   W 29.81   79
9    21.4  29.0   2:07pm  14.3  11:40pm   39    0  0.00   7  22   4:28am NNW 30.11   50
10   19.4  28.1   2:32pm  12.6   5:50am   41    0  0.00   4  20  12:27am  NW 30.25   53
11   23.2  30.9  12:54pm  14.0   5:40am   37    0  0.00   2  13   8:51am   W 30.14   63
12   27.8  34.0   1:31pm  24.8   4:41am   32    0  0.00   6  21   3:06pm  NW 30.11   61
13   28.3  34.4   2:56pm  24.2   1:13am   32    0  0.00   4  19   8:00am  NW 30.18   61
14   31.2  43.9   2:28pm  21.1   7:12am   29    0  0.00   1  13   1:31pm  SW 30.21   64
15   36.6  51.7   1:18pm  22.1   2:11am   23    0  0.00   4  25   1:40pm  NW 30.16   66
16   41.2  52.2   2:51pm  30.3  11:38pm   19    0  0.00   3  21   1:06pm WNW 30.17   67
17   33.6  37.3   4:39pm  28.7   1:34am   26    0  0.83   4  18   9:04pm  NE 29.89   94
18   40.5  52.2  12:37pm  31.5  11:48pm   19    0  0.02   4  23   2:11pm   N 29.78   84
19   34.5  43.2   1:54pm  27.2   5:53am   26    0  0.00   1  13   7:35pm WNW 29.90   86
20   31.9  41.2  10:41am  25.3  11:59pm   28    0  0.00   2  16   9:35am   N 29.98   71
21   30.0  41.0  12:59pm  19.4   6:39am   30    0  0.00   0   7  12:45pm  NE 30.16   72
22   32.9  42.8   3:57pm  24.8  10:58pm   27    0  0.00   2  17   9:26am  NE 29.97   61
23   30.7  43.9   2:49pm  21.1   6:02am   29    0  0.00   1  10   8:02am  NE 30.22   65
24   36.1  53.5  11:58pm  28.2   1:11am   24    0  0.17   2  24  11:19pm  NE 30.04   90
25   53.7  60.6   9:05am  41.9  11:54pm    6    5  0.99  12  50   9:27am   S 29.41   84
26   36.7  41.9  12:00am  29.5  11:58pm   23    0  0.00   6  22  10:47am   W 29.69   61
27   30.9  37.2   3:18pm  26.6   7:25am   28    0  0.00   3  21   1:01pm   W 30.07   63
28   29.5  42.2   2:39pm  16.9  11:52pm   31    0  0.01   7  38   3:47pm  NW 30.05   61
29   18.0  23.2   1:43pm  13.8   6:56am   42    0  0.00   8  28   1:45pm  NW 30.28   44
30   16.2  19.2   2:50pm  13.3   9:25am   44    0  0.00   4  16   9:37am   N 30.17   44
31   20.1  30.9   2:58pm  10.2   6:46am   40    0  0.00   3  16   8:56am   N 30.09   41
---------------------------------------------------------------------------------------
TOT  29.6  60.6  1/25/10  10.2  1/31/10  941    5  2.17   5  50  1/25/10  NW 29.98   65

HEAT BASE: 60.0
COOL BASE: 50.0