NOAA-Style Climate Reports


Report for 2010 March
                  MONTHLY CLIMATOLOGICAL SUMMARY FOR 3/2010
                                        HEAT  COOL        
     MEAN                               DEG   DEG       WIND SPEED       DOM MEAN  MEAN
DAY  TEMP  HIGH   TIME     LOW   TIME   DAYS  DAYS RAIN AVG  HI  TIME    DIR BAROM HUM
---------------------------------------------------------------------------------------
1    40.0  47.9   2:03pm  33.4   2:03am   20    0  0.00   8  26   9:08am  NW 29.82   59
2    37.8  44.9   2:59pm  28.1   6:31am   22    0  0.01   1  17  12:07am ENE 29.87   71
3    37.8  43.6   3:41pm  33.8   6:11am   22    0  0.06   7  23   9:58am   N 29.65   79
4    37.0  45.4  12:50pm  31.6   6:28am   23    0  0.00   9  24   2:54pm   N 29.76   52
5    37.4  47.2  11:47am  30.9  11:55pm   45    0  0.00   8  24   2:54pm   N 29.87   49
6    38.0  52.4   3:00pm  23.7   6:41am   66    0  0.00   6  24   2:54pm   N 29.96   45
7    39.5  56.0   3:49pm  23.7   6:41am   82    1  0.00   5  24   2:54pm   N 29.98   43
8    41.1  60.2   2:54pm  23.7   6:41am   94    4  0.00   5  24   2:54pm   N 29.97   43
9    48.3  63.0   3:16pm  35.5   6:40am   12    3  0.00   2  15   1:11pm   W 29.96   45
10   44.5  56.5   4:24pm  31.1   5:21am   15    2  0.00   1  10   1:22pm ENE 29.98   62
11   49.8  57.4   1:00pm  43.6  12:45am   10    2  0.00   2  18   3:51pm ENE 30.00   72
12   43.0  45.3  12:00am  41.4  11:57pm   17    0  0.28   6  25  11:23pm ENE 30.00   97
13   44.0  47.2   6:06pm  40.5   4:34am   16    0  1.48  11  34   5:51pm ENE 29.63   96
14   44.7  49.4   3:31pm  41.9   6:02am   15    0  0.35   7  21  12:32am  NE 29.53   92
15   43.1  45.7  12:13pm  40.9   5:56am   16    0  0.22   6  20  11:27am NNE 29.68   86
16   51.1  65.3   3:13pm  39.4  11:47pm   10    4  0.00   3  17  12:25am NNE 29.96   41
17   49.7  67.2   3:33pm  31.5   5:30am   12    6  0.00   1  13   1:49pm   N 29.98   47
18   50.6  68.7   1:13pm  32.5   5:35am   11    6  0.00   2  17   2:41pm  NW 29.82   49
19   53.1  69.6   3:44pm  35.5   4:59am    9    7  0.00   2  23  12:55pm  SW 29.85   52
20   57.9  72.1   3:41pm  41.8   3:30am    6   10  0.00   2  22   2:12pm   W 29.98   48
21   60.6  75.1   1:43pm  47.5   6:16am    4   11  0.00   3  21   2:50pm   S 30.01   49
22   57.6  61.3  12:00am  55.8   5:35am    2    8  0.95   2  14  12:58am ENE 29.83   90
23   53.0  59.4   2:41pm  45.3  11:57pm    7    3  0.00   6  29  10:29pm WNW 29.56   80
24   50.9  63.8   4:11pm  39.8  11:59pm    9    4  0.00   8  27   1:47pm  NW 29.86   49
25   51.4  65.8   1:56pm  34.0   5:53am   10    6  0.05   3  23   2:14pm   S 29.84   61
26   40.3  51.6  12:00am  28.8  11:55pm   20    0  0.12   8  28  12:45pm   N 29.85   55
27   34.8  45.4   1:59pm  24.4   5:57am   25    0  0.00   4  19   8:44pm SSE 30.31   45
28   40.9  48.8  11:58pm  31.2   2:54am   19    0  0.61   4  21  11:14am SSE 30.14   83
29   52.0  56.8   3:47pm  45.5  11:57pm    8    2  0.01   2  23  12:14am   N 29.73   94
30   40.1  45.5  12:00am  36.6   4:53pm   19    0  1.17   9  27   1:31pm NNW 29.59   87
31   41.8  43.9   7:54am  40.3   1:13am    6    0  0.08   7  23  12:17am  NW 29.66   85
---------------------------------------------------------------------------------------
TOT  46.1  75.1  3/21/10  23.7   3/6/10  654   79  5.39   4  34  3/13/10   N 29.87   64

HEAT BASE: 60.0
COOL BASE: 50.0