NOAA-Style Climate Reports


Report for 2010 April
                  MONTHLY CLIMATOLOGICAL SUMMARY FOR 4/2010
                                        HEAT  COOL        
     MEAN                               DEG   DEG       WIND SPEED       DOM MEAN  MEAN
DAY  TEMP  HIGH   TIME     LOW   TIME   DAYS  DAYS RAIN AVG  HI  TIME    DIR BAROM HUM
---------------------------------------------------------------------------------------
1    56.1  75.7   4:58pm  37.3   6:34am    8    9  0.00   1  10  12:43pm SSW 30.05   66
2    59.3  74.3   3:51pm  44.2   5:54am    5   10  0.00   4  20   1:28pm   S 30.12   63
3    59.5  71.5   4:08pm  46.0   6:19am    4   10  0.00   5  22   6:10pm   S 30.08   63
4    61.7  75.1   4:06pm  47.3   7:19am    3   11  0.00   2  15   2:08pm WNW 30.10   57
5    63.1  79.1   6:26pm  45.8   7:11am    4   14  0.00   3  29   1:45pm   S 30.04   61
6    70.0  84.7   7:25pm  55.3   6:20am    1   20  0.00   3  23   3:47pm SSW 29.85   61
7    75.5  88.1   3:50pm  62.2   6:37am    0   25  0.00   4  27   3:14pm  SW 29.71   42
8    69.0  83.1   2:44pm  53.5   7:47am    1   19  0.22   5  34   5:14pm   S 29.64   59
9    51.8  60.0  12:00am  41.6  11:52pm    8    3  0.29   8  29   7:01pm WNW 29.75   62
10   47.9  60.8   5:53pm  39.1   4:26am   12    3  0.00   7  28  12:03am WNW 30.15   43
11   57.8  73.0   3:05pm  44.2   6:56am    6    9  0.00   3  20   8:19pm  SW 30.19   47
12   54.6  66.4   4:40pm  38.4   7:35am    7    7  0.00   2  17   3:02pm NNW 30.30   43
13   48.3  52.3  12:00am  39.9  11:58pm   12    0  0.00   1  12   3:26pm   S 30.44   59
14   48.9  64.3   4:25pm  32.2   7:19am   12    5  0.00   2  19   6:23pm   S 30.48   65
15   59.0  74.8   7:08pm  43.9   7:52am    5   10  0.00   1  14   3:23pm WSW 30.25   48
16   56.3  70.9   4:41pm  45.6   7:12am    5    7  0.54   3  18   6:26pm  NE 29.91   69
17   48.8  54.5   1:31pm  42.6  11:59pm   11    1  0.02   6  26  11:32am WNW 29.77   68
18   44.7  55.5   5:23pm  34.0   7:53am   15    1  0.00   4  19   1:12pm WNW 29.91   64
19   51.7  64.3   3:49pm  38.9   6:19am    9    5  0.00   5  21   3:56pm   N 29.97   54
20   54.0  68.9   4:12pm  37.6   7:17am    8    7  0.00   1  22   5:02pm   S 29.95   56
21   54.0  66.1   1:20pm  42.3   7:19am    7    5  0.08   2  21   2:56pm   S 29.81   71
22   56.9  72.8   3:30pm  44.0   8:00am    6    8  0.00   2  22   5:26pm   W 29.73   68
23   54.4  68.2   6:04pm  39.6   6:44am    7    6  0.00   3  18   4:02pm   N 29.88   43
24   53.8  68.4   3:32pm  36.1   7:37am    8    6  0.02   2  21   6:55pm   S 30.03   45
25   46.8  51.7  12:13am  44.2   6:38am   13    0  1.53   2  14   8:22pm  NE 29.63   96
26   48.6  51.7   4:52pm  46.5   4:27am   11    0  0.42   1   9  12:26am  NE 29.33  100
27   48.7  55.8  10:52am  39.3  11:27pm   11    1  0.05   5  27  12:10pm NNW 29.41   66
28   47.6  59.7   6:09pm  37.4   5:02am   12    2  0.00   8  29   2:36pm WNW 29.65   44
29   55.8  70.1   5:58pm  40.3   5:32am    7    8  0.00   6  29  12:47pm WNW 29.83   37
30   63.4  79.1   5:17pm  42.4   6:10am    4   14  0.00   2  23   2:20pm SSW 29.83   48
---------------------------------------------------------------------------------------
TOT  55.6  88.1   4/7/10  32.2  4/14/10  221  227  3.17   3  34   4/8/10 WNW 29.93   59

HEAT BASE: 60.0
COOL BASE: 50.0