NOAA-Style Climate Reports


Report for 2010 July
                  MONTHLY CLIMATOLOGICAL SUMMARY FOR 7/2010
                                        HEAT  COOL        
     MEAN                               DEG   DEG       WIND SPEED       DOM MEAN  MEAN
DAY  TEMP  HIGH   TIME     LOW   TIME   DAYS  DAYS RAIN AVG  HI  TIME    DIR BAROM HUM
---------------------------------------------------------------------------------------
1    66.1  76.4   2:19pm  53.8   5:20am    1   16  0.00   4  19   1:42pm NNW 30.18   50
2    67.6  80.4   5:08pm  51.9   5:44am    2   18  0.00   2  16  12:47pm NNW 30.22   53
3    72.3  88.0   3:13pm  54.1   5:22am    1   22  0.00   2  16   3:57pm  SW 30.13   56
4    79.9  93.9   1:57pm  64.5   5:54am    0   30  0.00   2  19   3:31pm  SW 30.02   49
5    84.2  99.7   4:31pm  68.6   3:57am    0   34  0.00   2  14  11:48am NNW 30.00   50
6    86.7 100.2   4:02pm  71.7   6:01am    0   36  0.00   1  14   4:32pm SSW 30.02   54
7    87.8  98.4   3:33pm  75.7   5:50am    0   38  0.00   1  14  10:12am NNE 30.02   53
8    82.1  91.5   2:30pm  72.9   6:07am    0   32  0.00   2  21   5:40pm SSE 30.01   69
9    78.4  88.5   2:39pm  71.5   5:57am    0   28  0.02   3  27   3:54pm SSE 29.94   75
10   73.6  80.4   6:21pm  67.6  10:42am    0   24  1.45   1  16   9:37am NNW 29.85   87
11   77.7  91.3   3:04pm  66.3   5:54am    0   28  0.00   1  14   3:32pm NNW 29.87   58
12   73.5  87.4   1:05pm  62.2   5:48am    0   24  0.35   2  20  12:49pm SSE 29.91   72
13   74.5  83.3   5:16pm  67.8  12:15am    0   25  0.04   0   9  10:29am  NE 29.90   89
14   73.8  79.7   6:47pm  69.3  10:06am    0   24  0.63   1  14   4:17pm NNE 29.91   95
15   78.5  88.7   4:25pm  67.4   5:33am    0   28  0.01   1  12   4:41pm   S 30.01   78
16   80.4  92.6   4:32pm  72.0   5:07am    0   30  0.00   1  17   5:40pm  SW 29.94   75
17   79.7  89.1   4:41pm  69.1   5:39am    0   30  0.00   2  18   2:29pm   S 29.91   71
18   81.9  91.9   4:11pm  73.0   5:41am    0   32  0.00   2  18  11:23am   W 29.88   62
19   77.9  89.3   4:23pm  68.9   7:14am    0   28  0.24   2  21   7:27pm   S 29.85   78
20   76.7  84.5   4:16pm  70.8   4:14am    0   27  0.01   1  12   3:00pm  SW 29.96   80
21   78.6  89.5   2:42pm  70.6   5:54am    0   29  0.10   3  28   7:34pm SSW 29.94   79
22   77.8  89.1   4:50pm  66.4   6:11am    0   28  0.01   2  22   1:43pm WNW 29.99   68
23   80.5  93.0   4:55pm  70.8   4:12am    0   30  0.00   2  19   4:20pm   S 29.96   70
24   85.7  93.9   3:55pm  78.0   1:04am    0   36  0.00   2  25  11:07pm WNW 29.88   68
25   77.1  90.2  12:44pm  67.1   2:58pm    0   27  0.16   2  30   2:37pm  NW 29.87   79
26   74.9  86.0   2:44pm  61.3   6:03am    0   25  0.00   3  18   6:12pm  NW 30.03   61
27   75.2  87.4   3:44pm  60.0   6:09am    0   25  0.00   1  15   2:37pm SSW 30.09   64
28   77.6  87.6   3:53pm  67.4   6:04am    0   28  0.00   2  18   2:04pm   S 30.00   72
29   79.3  90.4   3:02pm  69.9  11:53pm    0   29  0.01   3  20   3:11pm NNW 29.88   70
30   72.6  82.9   1:42pm  59.0   6:07am    0   23  0.00   1  15  11:51am NNW 29.95   56
31   72.0  83.5   5:12pm  58.7   5:58am    0   22  0.00   1  12   3:00pm   S 29.96   59
---------------------------------------------------------------------------------------
TOT  77.6 100.2   7/6/10  51.9   7/2/10    3  854  3.03   2  30  7/25/10 NNW 29.97   68

HEAT BASE: 60.0
COOL BASE: 50.0