NOAA-Style Climate Reports


Report for 2010 October
                  MONTHLY CLIMATOLOGICAL SUMMARY FOR 10/2010
                                        HEAT  COOL        
     MEAN                               DEG   DEG       WIND SPEED       DOM MEAN  MEAN
DAY  TEMP  HIGH   TIME     LOW   TIME   DAYS  DAYS RAIN AVG  HI  TIME    DIR BAROM HUM
---------------------------------------------------------------------------------------
1    60.5  69.1   3:20pm  52.5  11:47pm    1   11  1.78   7  23  12:17pm NNW 29.72   77
2    55.5  67.3   4:35pm  44.1   6:49am    6    6  0.00   2  14  11:26am NNW 29.97   65
3    54.5  64.5   3:45pm  45.2   7:02am    6    6  0.00   3  18   8:41am   N 30.08   66
4    48.7  54.6  12:00am  47.0   7:46am   11    0  0.57   4  14   3:36pm NNW 30.11   94
5    50.9  54.3   5:59pm  48.5  12:00am    9    1  0.74   2  11   1:55pm WNW 30.02   99
6    53.2  60.3   1:01pm  49.4   5:45am    7    3  0.00   2  19   1:23pm  SW 29.88   87
7    59.5  71.4   2:53pm  50.0   4:23am    4    9  0.00   4  21   2:09pm   W 29.76   71
8    60.9  74.7   3:41pm  47.3   7:06am    3   11  0.00   2  20   4:13pm SSW 29.95   58
9    62.8  75.1   3:59pm  50.1  11:58pm    2   13  0.00   4  16  12:41pm   N 29.95   52
10   55.2  71.6   3:59pm  38.4   7:35am    7    8  0.00   2  15   4:08pm  SW 29.92   57
11   64.2  80.5   2:13pm  51.0   6:42am    3   14  0.20   2  20   9:54pm  SW 29.81   74
12   61.3  71.6   3:20pm  51.2  11:59pm    1   11  0.25   2  16   2:37pm   N 29.83   80
13   51.5  64.9   4:18pm  38.5   7:17am    9    4  0.00   1  10   1:43am   N 30.02   65
14   47.1  56.0  12:06pm  40.2   4:18am   13    1  0.49   1  11  11:59pm   S 29.87   94
15   51.5  59.8   3:45pm  44.7   6:35am    8    3  0.00  10  32   3:52pm  NW 29.63   64
16   53.8  62.2   2:37pm  42.5  11:58pm    6    4  0.00   9  27   4:57am  NW 29.85   53
17   53.7  70.6   3:09pm  40.8   1:07am    9    7  0.00   3  21   3:31pm WNW 29.92   62
18   50.1  58.8  12:07pm  42.6   4:46am   10    2  0.00   2  20   2:56pm  NW 29.97   68
19   50.8  60.5   3:55pm  43.4  11:58pm    9    2  0.20   1  12   4:30pm WSW 29.93   82
20   46.8  58.9   4:21pm  36.9   6:56am   13    2  0.00   1  15   4:26pm SSW 29.89   82
21   51.6  61.6   2:00pm  44.2   9:55pm    8    3  0.00   5  27   3:52pm WNW 29.70   68
22   46.9  54.7   3:24pm  40.8   7:52am   13    1  0.01   5  27  12:30pm WNW 30.02   59
23   50.4  65.9   4:16pm  38.8   4:22am   10    4  0.00   2  17   1:21pm  SW 30.15   62
24   56.6  71.3   4:00pm  44.5   7:27am    6    7  0.00   0   6   1:18pm SSW 30.09   74
25   60.6  71.4   2:20pm  46.6   7:57am    4   11  0.07   4  26   2:50pm   S 29.90   85
26   63.5  70.9  11:59pm  56.3   5:56am    0   14  0.01   4  20   9:08pm   S 29.85   94
27   65.1  71.1  12:13am  52.4  11:42pm    1   15  0.21   3  21  12:00am SSW 29.86   94
28   59.5  72.1   2:23pm  50.1   2:32am    4   10  0.01   4  28   1:57pm   W 29.88   68
29   48.5  54.7  12:31pm  41.4  11:53pm   12    0  0.00   6  24  12:29pm  NW 30.03   61
30   45.4  53.2   2:30pm  37.1   7:33am   15    1  0.00   4  18  12:37pm SSW 30.01   63
31   45.8  56.2   1:03pm  37.9  11:59pm   14    1  0.00   4  20   3:33pm NNW 29.92   62
---------------------------------------------------------------------------------------
TOT  54.4  80.5 10/11/10  36.9 10/20/10  225  185  4.54   3  32 10/15/10  NW 29.92   72

HEAT BASE: 60.0
COOL BASE: 50.0