NOAA-Style Climate Reports


Report for 2010 November
                  MONTHLY CLIMATOLOGICAL SUMMARY FOR 11/2010
                                        HEAT  COOL        
     MEAN                               DEG   DEG       WIND SPEED       DOM MEAN  MEAN
DAY  TEMP  HIGH   TIME     LOW   TIME   DAYS  DAYS RAIN AVG  HI  TIME    DIR BAROM HUM
---------------------------------------------------------------------------------------
1    39.6  49.1   2:04pm  31.5  11:41pm   20    0  0.00   3  16  10:26am   N 30.33   60
2    38.7  53.5   4:18pm  27.1   6:34am   20    0  0.00   1  12   3:09pm   N 30.42   67
3    40.7  53.8   4:06pm  27.7   6:46am   19    0  0.00   1  19   3:51pm   S 30.15   70
4    44.4  45.6  12:00am  43.2   5:27am   16    0  1.26   2  13  10:47am NNE 29.66   97
5    45.2  52.2   4:20pm  39.5  10:28pm   15    0  0.00   2  16  10:59am WNW 29.59   82
6    39.3  47.6   2:11pm  30.5   6:42am   21    0  0.00   3  18  11:59am NNW 30.12   76
7    38.9  49.7   2:52pm  27.2   7:51am   21    0  0.00   4  23  12:53pm NNW 30.24   66
8    44.1  50.9   1:24pm  37.2   3:10am   16    0  0.00   9  29   1:58pm  NW 29.82   61
9    47.2  56.2   1:42pm  40.9   7:54am   13    1  0.00   6  21   4:19am NNW 29.92   69
10   51.1  64.4   3:10pm  41.5  11:53pm    9    4  0.00   3  17   1:36am NNW 30.09   68
11   42.5  59.7   3:27pm  29.7   7:46am   18    2  0.00   1  13  11:23am ENE 30.37   64
12   41.7  62.5   4:11pm  25.9   7:59am   19    3  0.00   1  13   1:23pm NNE 30.40   57
13   43.8  65.2   3:52pm  29.0   7:48am   17    3  0.00   0   6   1:45pm  SW 30.22   63
14   44.6  62.5   3:53pm  29.9   7:18am   16    3  0.00   1  17   1:53pm   S 30.07   70
15   49.3  56.1   2:12pm  43.5  12:00am   11    1  0.00   1  10   1:11pm   S 30.02   89
16   50.8  58.8  11:28pm  45.3   2:28am    9    2  0.38   3  26  10:58pm ENE 29.93   98
17   54.2  62.2   2:36am  46.0  11:58pm    6    4  0.33   9  35   9:40am   W 29.70   69
18   46.3  54.9   1:15pm  40.1   7:14am   14    1  0.02   4  17  12:26pm   W 30.07   71
19   40.1  47.5   1:25pm  30.8  10:54pm   20    0  0.00   3  19  11:25am  NW 30.23   66
20   40.9  53.4   2:42pm  30.2   2:58am   19    0  0.00   3  24  12:46pm   W 30.18   74
21   40.4  49.0   3:28pm  30.0   6:23am   20    0  0.00   1  12   2:09pm  SE 30.43   70
22   48.6  60.5   3:18pm  41.8  12:05am   11    2  0.00   2  17   1:27pm   S 30.26   83
23   47.6  56.6   1:53pm  36.5   6:21am   12    2  0.00   2  20  11:59pm  SW 29.94   84
24   42.3  48.2   1:55pm  35.8   6:29am   18    0  0.00   7  26  12:12am  NW 30.19   46
25   35.7  39.4  12:00am  32.3  11:26am   24    0  0.28   1  10   8:31pm  NE 30.10   77
26   40.1  46.1  11:11am  32.4  11:46pm   20    0  0.03   4  24  11:07am   W 29.67   76
27   35.3  40.1   1:36pm  29.4   6:10am   25    0  0.00   6  30   2:35pm   W 29.85   59
28   35.5  45.7   1:35pm  26.6  11:38pm   25    0  0.00   2  13   1:56pm  NW 30.31   69
29   33.6  46.3   1:08pm  23.1   5:49am   26    0  0.00   2  15   2:07pm   S 30.48   75
30   47.8  56.2   8:29pm  33.6  12:00am   12    2  0.25   4  26  11:30pm NNE 30.26   90
---------------------------------------------------------------------------------------
TOT  43.0  65.2 11/13/10  23.1 11/29/10  510   30  2.55   3  35 11/17/10 NNW 30.10   72

HEAT BASE: 60.0
COOL BASE: 50.0