NOAA-Style Climate Reports


Report for 2010 December
                  MONTHLY CLIMATOLOGICAL SUMMARY FOR 12/2010
                                        HEAT  COOL        
     MEAN                               DEG   DEG       WIND SPEED       DOM MEAN  MEAN
DAY  TEMP  HIGH   TIME     LOW   TIME   DAYS  DAYS RAIN AVG  HI  TIME    DIR BAROM HUM
---------------------------------------------------------------------------------------
1    49.1  63.3  11:21am  34.0  11:32pm   11    5  1.10  12  40  10:58am WNW 29.79   85
2    34.1  39.8   1:32pm  30.2   7:19am   26    0  0.00   4  21   1:02am WNW 30.09   61
3    33.0  39.8   2:22pm  27.8   6:07am   27    0  0.00   4  21   1:49pm  NW 30.04   61
4    32.5  38.5   1:23pm  26.9   7:04am   28    0  0.00   6  19  12:34pm WNW 29.88   65
5    30.4  34.8   2:00pm  26.5   8:21am   30    0  0.00   9  27  12:25pm  NW 29.74   56
6    29.7  34.6   2:32pm  26.3  11:19pm   30    0  0.00  10  33   1:02pm   W 29.60   69
7    29.8  35.2  12:28pm  26.0   3:07am   30    0  0.00  10  28   8:55am WNW 29.64   65
8    26.4  31.7   1:47pm  21.8  11:15pm   34    0  0.00   7  26   9:33am WNW 29.95   59
9    23.0  31.2   2:39pm  16.3  11:12pm   37    0  0.00   3  22  12:45pm  NW 30.26   63
10   24.8  31.4   3:06pm  15.3  12:56am   35    0  0.00   3  16   2:37pm   S 30.32   70
11   31.5  42.5   2:33pm  20.4   7:05am   28    0  0.02   0   6  11:54pm  SW 30.20   78
12   45.2  56.3  10:55am  34.3  12:00am   15    1  1.17   5  30   1:55pm   S 29.55   96
13   30.2  39.9  12:00am  15.8  11:48pm   30    0  0.00   9  28   3:36pm WNW 29.31   66
14   19.0  24.0   3:04pm  15.2  12:21am   41    0  0.00  10  31   9:42am WNW 29.61   57
15   23.2  28.7   1:49pm  19.8  12:00am   37    0  0.00   8  28   1:34pm WNW 29.79   59
16   22.1  25.9   3:05pm  17.9   6:56am   37    0  0.00   3  16   4:35am WSW 29.82   64
17   23.6  32.5   2:58pm  16.1   6:12am   36    0  0.00   3  18   2:33pm   W 29.97   72
18   24.7  33.4   1:48pm  15.5   5:57am   35    0  0.00   1  14  11:22am WSW 30.10   72
19   24.5  35.8   2:15pm  15.2   4:45am   35    0  0.00   1  10   1:02pm  NW 30.00   71
20   27.2  34.3   1:57pm  17.6   4:19am   33    0  0.00   6  27   8:33pm  NW 29.95   66
21   30.7  37.4   2:36pm  27.1   7:32am   29    0  0.00   8  23   3:29am NNW 29.94   57
22   31.3  38.5   2:31pm  27.1   1:41am   29    0  0.00   7  30  11:39pm NNW 29.88   63
23   30.4  35.4   1:54pm  27.1  11:51pm   30    0  0.00  12  30   1:31pm  NW 29.97   58
24   29.6  37.6   2:47pm  24.9  11:48pm   30    0  0.00   7  22   1:33am NNW 30.09   61
25   27.7  31.7   3:49pm  22.9   5:15am   32    0  0.00   1   9   6:58pm  NW 30.00   70
26   24.9  29.0  12:00am  18.7  11:45pm   35    0  0.00   8  33  11:35pm   N 29.73   76
27   23.5  29.4   1:51pm  18.5   1:18am   36    0  0.00  15  44   5:11am  NW 29.56   58
28   31.3  36.6   1:50pm  26.0  12:46am   29    0  0.00   8  27  12:49pm WNW 29.89   52
29   32.8  40.2   1:10pm  22.1  11:59pm   27    0  0.00   4  19  12:12am  NW 30.05   61
30   29.4  41.8   2:11pm  16.6   6:29am   31    0  0.00   0  10  12:09pm   S 30.20   74
31   34.2  45.4   1:37pm  24.1   7:24am   26    0  0.00   1  10  11:28am   W 30.18   75
---------------------------------------------------------------------------------------
TOT  29.4  63.3  12/1/10  15.2 12/14/10  950    6  2.29   6  44 12/27/10 WNW 29.91   66

HEAT BASE: 60.0
COOL BASE: 50.0