NOAA-Style Climate Reports


Report for 2011 February
MONTHLY CLIMATOLOGICAL SUMMARY FOR 2/2011
HEAT  COOL
MEAN                               DEG   DEG       WIND SPEED       DOM MEAN  MEAN
DAY  TEMP  HIGH   TIME     LOW   TIME   DAYS  DAYS RAIN AVG  HI  TIME    DIR BAROM HUM
---------------------------------------------------------------------------------------
1    23.3  25.7  12:00am  20.2   7:25am   37    0  0.00   3  12   9:09pm  NE 30.25   92
2    31.5  37.2   5:39pm  24.4  12:00am   29    0  0.01   4  27   7:04pm   W 29.88   89
3    25.7  31.7   3:10pm  20.1  11:00pm   34    0  0.00   6  25   2:03am WNW 30.30   58
4    22.8  32.4   3:35pm  13.2   3:07am   37    0  0.00   2  14   2:19pm  SW 30.24   68
5    28.7  35.4  11:59pm  18.5  12:25am   31    0  0.02   3  21  10:01pm  NE 29.77   94
6    35.7  42.7   2:35pm  27.8  11:23pm   24    0  0.37   5  30   1:37am WNW 29.91   72
7    35.5  44.8   2:20pm  27.5  12:50am   24    0  0.09   1   9  12:28pm SSE 29.94   80
8    29.3  35.9  12:00am  15.8  11:55pm   31    0  0.07   9  34  10:41am WNW 29.84   68
9    19.9  26.9   2:26pm  10.1   6:00am   40    0  0.00   3  17  12:05am  SW 30.19   52
10   21.8  26.5   3:22pm  14.8  11:44pm   38    0  0.00   4  18  11:07am WNW 30.08   47
11   21.8  35.6   2:36pm   6.6   4:30am   38    0  0.00   2  14   2:06pm  SW 30.14   55
12   27.6  38.8   2:23pm  13.9   2:54am   32    0  0.00   6  31   1:34pm   W 29.98   59
13   33.5  43.5  11:21pm  18.2   4:25am   27    0  0.00   3  18   1:03pm  SW 30.00   57
14   43.9  55.6  12:34pm  36.2  11:54pm   16    1  0.00   7  32  11:41pm   W 29.68   54
15   30.0  37.2   2:25pm  23.5  11:03pm   30    0  0.00   6  27  12:00am WNW 30.32   43
16   33.5  46.9   3:41pm  20.4   3:03am   27    0  0.00   2  18  12:56pm SSW 30.30   58
17   45.3  61.5   3:46pm  32.6   2:23am   14    2  0.00   1  11   2:02pm WSW 30.11   65
18   53.8  67.9   2:59pm  40.3   4:47am    7    5  0.00   5  38   9:17pm WSW 29.81   62
19   37.8  49.6  12:00am  26.5   9:10pm   22    0  0.00  16  41   9:27am WNW 29.87   41
20   31.5  41.8   2:29pm  22.4   4:56am   28    0  0.00   5  31  12:24am  NW 30.15   49
21   30.3  34.5  12:35pm  24.0  11:50pm   30    0  0.12   4  16  12:57pm NNE 29.82   79
22   24.7  36.4   4:08pm  15.2   7:10am   35    0  0.01   3  14   3:43am NNW 30.12   51
23   28.7  44.0   3:33pm  14.9   6:18am   31    0  0.00   1   8  12:57pm  SW 30.31   51
24   33.9  46.6   1:25pm  20.0   6:09am   26    0  0.05   2  21   2:22pm   S 30.15   68
25   37.8  53.6   2:16pm  32.3  11:32pm   22    0  0.89   6  40   2:16pm  NW 29.67   85
26   35.0  41.8   2:52pm  29.6   5:21am   25    0  0.00   3  14  12:05am WNW 30.12   56
27   41.7  50.5   3:52pm  35.3   6:09am   18    0  0.00   3  14  11:46pm  SW 29.99   66
28   45.4  54.8   5:16pm  34.8  11:57pm   15    1  0.35   5  25  11:40am NNW 29.78   84
---------------------------------------------------------------------------------------
TOT  32.5  67.9  2/18/11   6.6  2/11/11  770    9  1.98   4  41  2/19/11 WNW 30.03   64

HEAT BASE: 60.0
COOL BASE: 50.0