NOAA-Style Climate Reports


Report for 2011 March
                  MONTHLY CLIMATOLOGICAL SUMMARY FOR 3/2011
                                        HEAT  COOL        
     MEAN                               DEG   DEG       WIND SPEED       DOM MEAN  MEAN
DAY  TEMP  HIGH   TIME     LOW   TIME   DAYS  DAYS RAIN AVG  HI  TIME    DIR BAROM HUM
---------------------------------------------------------------------------------------
1    36.1  47.2   3:42pm  29.6  10:44pm   24    0  0.00   4  20   6:37am NNW 30.23   48
2    37.8  52.4   1:37pm  24.5  11:59pm   22    0  0.00   7  27   3:54pm  NW 30.17   47
3    26.4  36.4   3:38pm  17.0   6:42am   34    0  0.00   3  14   1:56am NNW 30.61   40
4    34.5  43.8   3:00pm  24.8   5:27am   26    0  0.00   6  22  12:44pm   S 30.61   56
5    48.8  60.0   2:17pm  37.8  12:30am   11    3  0.00   6  28   3:31pm   S 30.31   78
6    49.4  55.1   1:12pm  36.3  11:58pm   11    2  1.72   7  29  12:04am   S 29.87   96
7    35.6  43.1   3:42pm  29.6   4:03am   24    0  0.26   7  30   9:51am NNW 30.01   63
8    37.0  48.6   3:47pm  24.9   5:57am   23    0  0.00   1   9   9:18am  NE 30.49   43
9    35.5  42.1   1:59pm  29.5   4:13am   25    0  0.01   5  22   4:14pm  SE 30.50   71
10   46.6  55.5  11:23pm  36.7  12:00am   13    1  1.95   8  28  11:42pm  SE 30.02   99
11   43.4  54.8  12:00am  34.5  10:40pm   17    0  0.00   2  22  12:00am WSW 29.81   79
12   43.6  54.0   3:57pm  38.6  11:51pm   16    1  0.00   1  18   4:30pm  SW 29.85   64
13   42.7  46.2   5:07am  36.3   1:08am   17    0  0.00   7  22   7:00am WNW 30.06   60
14   38.6  45.3   2:18pm  31.0  11:52pm   21    0  0.00   4  14   2:46pm NNW 30.33   64
15   38.0  49.3   4:47pm  25.1   7:28am   22    0  0.00   3  18   8:57pm   S 30.41   68
16   45.2  57.6   3:01pm  36.5   6:31am   15    1  0.39   3  15   3:47pm   W 30.13   83
17   51.8  62.4   5:02pm  41.1   5:32am    8    4  0.00   4  15   2:39pm WNW 30.16   61
18   62.1  78.1   3:27pm  48.1   2:24am    4   12  0.00   5  23   2:13pm  SW 29.92   49
19   47.8  62.7  12:00am  36.1  11:59pm   12    1  0.00   7  21   8:54am NNW 30.26   46
20   39.6  50.5   4:08pm  27.9   6:59am   20    0  0.00   3  18  10:38pm   S 30.55   49
21   39.9  47.8   5:12pm  32.9   4:31am   20    0  0.38   3  20  12:06am   S 30.10   94
22   42.2  49.6   4:02pm  35.0   3:42am   18    0  0.00   5  20   9:32am NNW 29.97   73
23   33.5  38.3  12:00am  31.6  11:40pm   27    0  0.60   3  12   6:51pm ENE 29.79   97
24   33.0  41.0   4:26pm  28.8   6:20am   27    0  0.15   5  19   4:41pm NNE 29.74   76
25   31.2  40.8   2:40pm  24.2   6:39am   29    0  0.00   4  19   2:12pm  NW 29.98   53
26   30.5  39.1   3:50pm  22.5   6:30am   30    0  0.00   4  17  11:52am  NW 30.04   42
27   33.0  43.3   4:15pm  25.6   5:50am   27    0  0.00   5  21   2:55pm  NW 30.00   41
28   33.5  44.1   5:27pm  23.5   7:15am   26    0  0.00   6  21   3:43pm WNW 30.04   37
29   37.7  50.0   4:50pm  26.8   5:57am   22    0  0.00   5  20   2:44pm  NW 30.13   41
30   39.4  51.2   3:06pm  26.1   6:33am   21    0  0.01   3  17   7:35pm   S 30.10   57
31   37.3  40.7  11:24am  35.1   6:21am   23    0  0.11   3  14   9:15pm  NE 29.81   94
---------------------------------------------------------------------------------------
TOT  39.7  78.1  3/18/11  17.0   3/3/11  633   27  4.95   5  30   3/7/11  NW 30.13   64

HEAT BASE: 60.0
COOL BASE: 50.0