NOAA-Style Climate Reports


Report for 2011 June
                  MONTHLY CLIMATOLOGICAL SUMMARY FOR 6/2011
                                        HEAT  COOL        
     MEAN                               DEG   DEG       WIND SPEED       DOM MEAN  MEAN
DAY  TEMP  HIGH   TIME     LOW   TIME   DAYS  DAYS RAIN AVG  HI  TIME    DIR BAROM HUM
---------------------------------------------------------------------------------------
1
2
3
4
5
6
7
8
9
10
11
12
13
14   66.8  76.9   3:26pm  57.3  11:58pm    0    7  0.02   6  19   4:56pm NNW 29.90   65
15   68.7  84.3   4:54pm  51.3   5:40am    2   19  0.00   3  14   2:34pm NNW 29.91   60
16   66.7  75.1  11:19am  58.8   4:15am    0   17  0.14   2  20  11:48am   S 29.91   72
17   69.8  77.1   6:51pm  64.6   2:12am    0   20  0.26   3  14  12:15am SSW 29.86   81
18   73.0  85.7   3:07pm  59.4   6:05am    0   23  0.00   2  11  11:44am SSW 29.86   72
19   74.0  86.0   3:05pm  62.2   5:29am    0   24  0.00   1  13   2:54pm   N 29.83   63
20   72.4  80.6   3:49pm  64.5   5:55am    0   22  0.00   2  14   6:38pm  SW 29.88   63
21   74.4  86.6   5:13pm  66.3   7:10am    0   24  0.02   2  14  12:36pm SSW 29.90   78
22   78.2  86.8   2:43pm  70.5   6:01am    0   28  0.00   2  18   1:45pm   S 29.85   74
23   75.9  83.1   3:59pm  70.6   4:33am    0   26  0.00   2  11   6:07pm   S 29.74   84
24   72.4  82.4   4:49pm  65.0   4:57am    0   22  0.77   2  14   1:33pm   S 29.71   80
25   71.7  80.2   4:00pm  63.8   5:21am    0   22  0.00   2  16   3:31pm WNW 29.82   70
26   68.2  76.2   3:54pm  59.7   5:55am    0   18  0.00   2  12  11:41am   W 29.95   75
27   71.4  80.6  12:16pm  59.4   5:39am    0   21  0.00   1  10  12:23pm SSW 30.00   73
28   73.3  81.6   4:58pm  62.7   5:14am    0   23  0.00   2  14   2:29pm   S 29.89   81
29   74.1  80.6   2:07pm  66.3  11:57pm    0   24  0.00   4  19   4:25pm  NW 29.90   63
30   71.7  82.8   3:32pm  60.0   5:07am    0   19  0.00   3  14   3:12pm  NW 29.98   58
---------------------------------------------------------------------------------------
TOT  72.1  86.8  6/22/11  51.3  6/15/11    2  361  2.29   2  20  6/16/11 SSW 29.87   72

HEAT BASE: 60.0
COOL BASE: 50.0