NOAA-Style Climate Reports


Report for 2011 August
                  MONTHLY CLIMATOLOGICAL SUMMARY FOR 8/2011
                                        HEAT  COOL        
     MEAN                               DEG   DEG       WIND SPEED       DOM MEAN  MEAN
DAY  TEMP  HIGH   TIME     LOW   TIME   DAYS  DAYS RAIN AVG  HI  TIME    DIR BAROM HUM
---------------------------------------------------------------------------------------
1    77.9  93.4   3:31pm  67.0   6:11am    0   28  0.00   2  18   5:25pm  SW 29.89   67
2    78.0  89.4   2:43pm  65.6   5:50am    0   28  0.00   3  19   3:25pm  NW 29.77   59
3    73.0  81.3  11:42am  67.0  10:40pm    0   23  0.69   2  12  10:59am   S 29.72   74
4    70.5  77.0   4:03pm  66.3   2:55am    0   20  0.01   1   9  12:23pm  NE 29.89   89
5    74.0  83.2   4:31pm  63.7   6:12am    0   24  0.00   2  14   1:01pm SSW 30.06   77
6    73.2  80.5   1:39pm  69.1   5:26am    0   23  0.44   3  15  11:42am   S 29.97   84
7    77.9  85.9   4:46pm  71.2   5:55am    0   28  0.59   3  15   3:18am SSW 29.68   86
8    78.9  90.1   4:13pm  71.4  11:41pm    0   29  0.06   3  16   2:13pm  NW 29.61   74
9    72.5  79.4   4:13pm  67.1   5:51am    0   23  0.27   1  10   5:02pm   S 29.59   88
10   74.0  82.5   2:18pm  65.1   6:09am    0   24  0.00   3  18   1:26pm  SW 29.64   72
11   71.7  81.1   3:26pm  61.6   6:30am    0   22  0.00   2  17  12:33pm  NW 29.84   59
12   70.3  83.6   3:29pm  55.0   6:17am    1   20  0.00   2  16   1:10pm  NW 30.02   63
13   69.6  81.1  12:53pm  60.3   6:37am    0   20  1.15   2  30   5:39pm   S 30.03   80
14   67.6  70.3   4:19pm  65.6   6:27am    0   18  0.58   1   9  12:16pm ENE 29.83   99
15   70.5  77.5   4:43pm  66.3  11:25pm    0   20  0.09   2  14   3:46pm NNW 29.70   89
16   71.7  83.6   4:25pm  65.1   3:40am    0   22  0.04   2  22  10:44am   N 29.85   77
17   72.2  86.1   3:26pm  57.7   6:11am    0   22  0.00   1  13   1:54pm SSW 30.10   68
18   73.9  83.0   4:49pm  66.8   3:09am    0   24  0.18   3  16   9:43am SSW 30.00   76
19   71.5  85.2   2:19pm  63.2  11:59pm    0   21  0.75   2  33   4:47pm   S 29.92   78
20   72.1  85.0   2:49pm  58.9   5:48am    0   22  0.01   1  11   2:05pm  SW 29.97   78
21   65.3  68.0   8:28am  61.3   7:00am    0    5  0.01   1  10   8:27am  NW 29.81   92
22   69.8  78.6   4:13pm  61.3   7:00am    0   20  0.01   3  21  10:11am  NW 29.87   64
23   66.0  77.5   4:34pm  53.4   6:33am    1   16  0.00   2  15   3:32pm  SW 30.04   64
24   69.2  80.5   3:44pm  55.2   5:44am    1   19  0.00   5  23  12:55pm   S 30.01   69
25   72.3  78.3   4:26pm  66.3  11:21pm    0   22  0.99   4  22   2:54pm   S 29.88   87
26   74.8  86.3   2:59pm  64.0   6:50am    0   25  0.00   1   8  11:20am ENE 29.97   78
27   73.1  76.8   1:53pm  69.0  11:35pm    0   23  1.27   2  23  11:25pm ENE 29.77   93
28   67.7  72.2   1:54pm  62.4  11:44pm    0   18  3.22  11  41  11:00am  NW 29.31   84
29   65.0  77.3   3:08pm  52.0   6:33am    1   15  0.00   2  12   9:57am  NW 29.95   65
30   66.9  83.0   3:24pm  51.2   6:29am    2   17  0.00   1  10   3:31pm  SW 30.12   69
31   69.4  81.9   4:10pm  55.9   6:37am    1   19  0.00   1   9  12:44pm SSW 30.19   71
---------------------------------------------------------------------------------------
TOT  71.8  93.4   8/1/11  51.2  8/30/11    7  659 11.03   2  41  8/28/11   S 29.87   76

HEAT BASE: 60.0
COOL BASE: 50.0