NOAA-Style Climate Reports


Report for 2011 September
                  MONTHLY CLIMATOLOGICAL SUMMARY FOR 9/2011
                                        HEAT  COOL        
     MEAN                               DEG   DEG       WIND SPEED       DOM MEAN  MEAN
DAY  TEMP  HIGH   TIME     LOW   TIME   DAYS  DAYS RAIN AVG  HI  TIME    DIR BAROM HUM
---------------------------------------------------------------------------------------
1    69.4  78.3  11:39am  58.6   6:21am    0   19  0.00   1  11   2:36pm   S 30.14   78
2    67.9  74.8   5:22pm  62.1   1:14am    0   18  0.00   2  12   1:53pm   S 30.09   79
3    71.8  80.1   2:22pm  63.7   6:52am    0   22  0.03   2  13   3:13pm SSW 29.97   81
4    74.7  82.3   4:02pm  68.1   5:12am    0   25  0.11   2  22  11:24pm   S 29.88   86
5    68.6  75.2   4:56pm  60.8  11:36pm    0   19  1.67   1  12   2:04pm   S 29.80   98
6    59.0  61.0  12:15am  57.6   9:36am    1    9  1.62   2  15  12:55pm  NE 30.00   99
7    62.5  67.8   5:59pm  58.3   4:36am    0   12  1.19   2  23   4:12pm  NE 30.03  100
8    66.2  71.2   4:50pm  62.4   4:56am    0   16  0.47   1  12   6:48am NNE 29.98   98
9    71.2  80.5   2:50pm  65.8   2:23am    0   21  0.00   1  13   2:28pm SSW 29.87   87
10   70.6  78.1  12:19pm  64.7   7:03am    0   21  0.00   1   8   2:52am SSW 29.92   84
11   66.9  72.0   3:25pm  64.3   3:48am    0   17  0.03   1   9   3:30pm ENE 30.05   90
12   68.0  79.6   4:29pm  59.4   5:04am    0   18  0.01   2  13   2:30pm  SW 30.01   84
13   70.6  80.9   3:32pm  60.0   6:06am    0   21  0.00   2  20   2:41pm SSW 29.94   78
14   72.4  82.8   2:02pm  61.8   6:48am    0   22  0.25   2  19   9:40pm SSW 29.91   78
15   59.4  66.6  12:06am  48.5  11:56pm    3    9  0.47   3  22   2:51pm NNW 29.97   89
16   55.0  66.6   3:08pm  46.4  12:54am    6    6  0.00   2  15  11:25am  NW 30.29   63
17   53.4  62.2   4:26pm  47.0   4:42am    7    4  0.00   1  10   9:54am ENE 30.41   78
18   55.5  69.1   3:04pm  42.2   6:45am    7    7  0.00   1  15  11:10am ENE 30.39   74
19   57.1  66.8   3:19pm  45.8   6:15am    5    8  0.00   2  15   3:08pm   S 30.25   76
20   62.4  69.6   4:40pm  58.6  11:52pm    0   12  0.03   1  12   1:29am SSW 30.12   88
21   65.3  72.5   3:26pm  58.3  12:11am    0   15  0.13   2  13   2:59pm   S 30.19   93
22   71.5  78.2   2:51pm  66.4  12:57am    0   21  0.17   2  14   2:07pm   S 30.09   89
23   68.6  70.1   1:06pm  65.6   2:27am    0   19  1.78   1  13   1:20pm   S 30.01  100
24   68.9  75.8   3:22pm  63.7  11:59pm    0   19  0.01   1   8   1:22am  SW 30.02   92
25   69.3  79.7   2:00pm  62.1   3:14am    0   19  0.00   1   8  10:10am ENE 30.07   89
26   70.7  80.2   3:07pm  64.2   2:10am    0   21  0.00   1  13   4:04pm   S 29.98   89
27   70.7  77.8   4:25pm  65.3   6:35am    0   21  0.03   2  14   7:14pm   S 29.94   90
28   69.1  75.8   4:13pm  64.8   6:39pm    0   19  2.52   2  33   5:46pm   S 29.88   97
29   66.0  71.5  12:24pm  56.0  11:51pm    0   16  0.58   0  14   1:19am SSW 29.71   89
30   61.0  72.0   1:32pm  52.2   5:22am    2   11  0.00   1  17   2:48pm  SW 29.70   77
---------------------------------------------------------------------------------------
TOT  66.1  82.8  9/14/11  42.2  9/18/11   31  487 11.10   2  33  9/28/11   S 30.02   86

HEAT BASE: 60.0
COOL BASE: 50.0