NOAA-Style Climate Reports


Report for 2011 October
                  MONTHLY CLIMATOLOGICAL SUMMARY FOR 10/2011
                                        HEAT  COOL        
     MEAN                               DEG   DEG       WIND SPEED       DOM MEAN  MEAN
DAY  TEMP  HIGH   TIME     LOW   TIME   DAYS  DAYS RAIN AVG  HI  TIME    DIR BAROM HUM
---------------------------------------------------------------------------------------
1    55.2  62.5   2:57pm  46.8  11:57pm    5    5  0.06   3  12   6:14pm  NW 29.71   83
2    48.0  52.7  12:29pm  45.3   3:40am   12    0  0.36   2  11  12:28am NNW 29.80   96
3    49.3  55.1   3:34pm  45.8   6:20am   11    1  0.01   1  12   1:32pm   S 30.01   87
4    53.6  65.2   3:37pm  42.9   4:02am    7    6  0.00   4  25   1:52pm  NW 30.08   82
5    60.4  73.1   3:36pm  49.8   7:30am    3   10  0.00   4  24   4:49pm NNW 30.15   64
6    53.8  70.2   3:20pm  40.0   5:59am    8    6  0.00   2  14   1:55pm WNW 30.35   61
7    53.1  69.4   4:23pm  39.4   7:05am    9    6  0.00   1   9   2:19pm  NE 30.44   68
8    58.5  77.4   2:26pm  43.3   7:13am    6   10  0.00   1  11   1:59pm SSW 30.47   72
9    64.4  86.9   3:06pm  49.5   5:01am    3   14  0.00   1   9  12:19pm   S 30.39   73
10   64.7  82.1   3:07pm  50.2   6:26am    3   15  0.00   0   7   1:10pm SSW 30.24   75
11   62.7  73.5   2:03pm  51.6   5:20am    2   13  0.00   1  11  10:59am ENE 30.16   75
12   57.4  61.5  12:00am  53.6  10:05pm    3    7  0.31   2  18   2:42pm  NE 30.05   85
13   58.3  65.2  11:25pm  53.6  12:05am    3    8  0.19   2  13  11:32pm  NE 29.77  100
14   63.0  68.9  11:49am  53.9  11:28pm    1   13  0.54   4  34   1:12pm SSE 29.49   88
15   55.6  63.4   2:51pm  49.5   9:25pm    5    6  0.00   6  29  12:06pm SSW 29.66   60
16   58.2  66.0   3:01pm  49.8   7:37am    3    8  0.00   5  28   2:51pm   S 29.82   51
17   58.1  65.4   4:14pm  49.0  11:56pm    3    8  0.00   5  23  12:16pm  SW 29.76   56
18   56.4  70.7   2:50pm  43.6   4:59am    6    8  0.00   1  14  12:42pm   S 29.84   59
19   58.3  60.9  11:59pm  55.4   5:47am    2    8  0.84   3  23   3:09pm  NE 29.60   94
20   58.4  67.7   3:28am  52.7  11:54pm    3    8  0.03   8  25   6:15am   S 29.45   75
21   50.5  55.6   4:26pm  45.8   6:49am    9    1  0.00   5  21   9:49am  SW 29.92   67
22   48.1  54.5  12:09pm  40.9   6:47am   12    1  0.00   2  12  12:39pm  SW 30.09   76
23   48.9  59.6   4:02pm  40.4   7:56am   11    3  0.00   1  14   1:16pm SSW 30.13   76
24   50.6  60.9   2:58pm  40.9   5:51am    9    4  0.00   2  18  12:37pm   S 30.06   86
25   53.3  63.6   3:37pm  43.0   6:07am    7    5  0.00   4  23   1:38pm WNW 30.06   63
26   52.3  64.4   4:07pm  43.4   2:43am    8    5  0.00   1  11   3:10pm  SW 29.87   76
27   49.3  57.2   1:07am  39.0  11:55pm   11    2  0.48   3  18   8:36pm NNW 29.71   94
28   42.2  50.8   2:27pm  33.7   7:52am   18    0  0.00   2  16   6:08am  NW 30.19   62
29   34.9  43.0  12:05am  31.6  12:21pm   25    0  0.38   2  16   7:17am NNE 30.06   91
30   36.4  48.0   4:43pm  29.7   3:31am   24    0  0.69   2  12  12:59pm WNW 30.21   78
31   36.0  49.9   4:27pm  25.5   5:28am   24    0  0.00   0   9  12:29pm   S 30.36   81
---------------------------------------------------------------------------------------
TOT  53.2  86.9  10/9/11  25.5 10/31/11  255  182  3.89   3  34 10/14/11   S 30.00   76

HEAT BASE: 60.0
COOL BASE: 50.0