NOAA-Style Climate Reports


Report for 2011 November
                  MONTHLY CLIMATOLOGICAL SUMMARY FOR 11/2011
                                        HEAT  COOL        
     MEAN                               DEG   DEG       WIND SPEED       DOM MEAN  MEAN
DAY  TEMP  HIGH   TIME     LOW   TIME   DAYS  DAYS RAIN AVG  HI  TIME    DIR BAROM HUM
---------------------------------------------------------------------------------------
1    42.8  57.2   3:59pm  32.2   7:54am   17    1  0.00   0   8   1:32pm NNE 30.32   79
2    42.8  59.3   3:35pm  30.1   7:15am   17    2  0.00   1  11   2:01pm   W 30.35   79
3    45.1  60.6   1:43pm  32.8   6:28am   15    2  0.00   1  10   1:41pm   S 30.09   81
4    46.4  54.2   2:20pm  39.0  11:57pm   14    1  0.00   5  21   3:43pm NNW 30.06   60
5    39.1  51.7   3:14pm  28.6   7:26am   21    0  0.00   1  10  10:07am NNE 30.42   57
6    39.4  55.7   2:59pm  25.7   6:00am   21    1  0.00   1  18   1:20pm SSW 30.47   73
7    45.4  64.3   3:20pm  29.8   5:55am   15    3  0.00   1  13   2:27pm SSW 30.33   78
8    53.2  73.5   3:06pm  39.3   6:17am   10    7  0.00   0   7   2:20pm WSW 30.24   73
9    51.0  64.3   3:10pm  36.3   6:26am   10    5  0.00   2  16  12:56pm SSE 30.11   75
10   48.8  55.1  10:55am  41.6   7:10pm   11    2  0.13   3  19  12:57pm WNW 29.84   91
11   40.2  45.3   2:29pm  35.1  11:12pm   20    0  0.00   7  29  10:19am   W 29.84   61
12   42.7  56.6   2:35pm  28.9   6:26am   17    1  0.00   3  19  11:17am  SW 30.09   61
13   45.2  56.7   2:52pm  31.6   6:57am   15    2  0.00   2  16  12:12pm   S 30.04   68
14   59.2  69.7   2:21pm  48.5  12:00am    4    9  0.00   4  18   9:00pm   S 29.85   61
15   58.6  63.4  12:06am  52.3  11:51pm    2    9  0.01   3  19   1:08pm WSW 29.86   79
16   52.6  54.4  12:05pm  48.9  11:53pm    7    3  0.65   1  11   8:25pm  NW 29.83   99
17   42.1  49.3   1:42am  34.9  11:40pm   18    0  0.00   6  21   3:52pm  NW 29.93   62
18   35.8  44.8   2:32pm  29.2  10:45pm   24    0  0.00   4  19   2:12am   W 30.35   55
19   41.1  52.6   2:37pm  29.1  12:56am   19    0  0.00   3  21  11:33am   S 30.35   55
20   51.0  59.0   1:35pm  40.9   6:16am    9    3  0.00   3  18  10:34am SSW 30.15   72
21   49.5  54.8  12:06am  46.4  11:00pm   10    1  0.11   2  13   9:15am NNW 30.23   81
22   42.1  47.1  12:01am  37.7   6:47am   18    0  1.55   4  15   6:20pm  NE 30.21   97
23   45.2  53.3   1:28pm  37.9  11:46pm   15    0  0.68   6  28   4:04pm NNW 29.77   89
24   42.5  56.9   2:11pm  32.2   4:23am   17    1  0.00   3  15   9:35am  SW 30.18   72
25   46.2  59.8   2:39pm  34.0  12:58am   14    2  0.00   3  15   9:17am  SW 30.18   70
26   48.5  63.3  12:59pm  36.9   7:07am   12    3  0.00   1  14  12:16pm  SW 30.19   59
27   48.2  61.4   3:50pm  32.6   6:33am   12    4  0.00   2  25  11:26pm SSE 30.11   80
28   59.3  69.0   3:52pm  52.9   7:33am    2    9  0.00   3  24  12:18am   S 30.08   74
29   57.5  63.8   2:15pm  46.7  10:49pm    3    8  0.72   6  22   6:01am SSE 29.81   94
30   43.2  47.1  10:36am  39.3  11:59pm   17    0  0.02   7  23   1:13am   W 29.76   73
---------------------------------------------------------------------------------------
TOT  46.8  73.5  11/8/11  25.7  11/6/11  405   77  3.87   3  29 11/11/11   S 30.10   74

HEAT BASE: 60.0
COOL BASE: 50.0