NOAA-Style Climate Reports


Report for 2011 December
                  MONTHLY CLIMATOLOGICAL SUMMARY FOR 12/2011
                                        HEAT  COOL        
     MEAN                               DEG   DEG       WIND SPEED       DOM MEAN  MEAN
DAY  TEMP  HIGH   TIME     LOW   TIME   DAYS  DAYS RAIN AVG  HI  TIME    DIR BAROM HUM
---------------------------------------------------------------------------------------
1    40.3  50.8   3:09pm  32.3  11:53pm   20    0  0.00   5  19  10:22am WNW 30.23   60
2    38.2  51.0   2:39pm  25.8   7:11am   22    0  0.00   3  18   4:14pm WNW 30.37   70
3    36.0  46.1   3:07pm  25.7   7:14am   24    0  0.00   1  12  12:59pm   S 30.61   70
4    39.1  53.2   2:58pm  27.6   7:08am   21    0  0.00   2  19  11:18am   S 30.48   82
5    47.6  56.3   2:34pm  34.6  12:14am   12    2  0.00   1   9   2:30pm SSE 30.29   89
6    57.6  58.7  10:42pm  54.1  12:49am    2    8  0.20   3  16   3:53am   S 30.00   97
7    49.4  58.3  12:00am  34.4  11:20pm   11    3  1.42   4  29  11:01pm NNW 29.72   99
8    36.2  43.3   1:51pm  29.4  11:56pm   24    0  0.04   6  29   2:05am WNW 30.10   70
9    36.2  48.0   2:20pm  27.0   7:24am   24    0  0.00   2  17  11:41am SSW 30.28   76
10   33.9  41.4  11:40am  24.4  11:56pm   26    0  0.00   3  18  11:52am WNW 30.34   66
11   28.4  39.0   2:25pm  20.7   7:07am   32    0  0.00   1  10   1:33pm SSW 30.62   66
12   27.7  39.7   2:18pm  19.3   6:56am   32    0  0.00   0   7  11:48am  SW 30.55   76
13   33.7  47.3   1:30pm  23.2   1:47am   26    0  0.00   2  15   1:37pm  NW 30.41   66
14   39.3  48.9   1:56pm  27.9   2:22am   21    0  0.00   2  13  11:18pm   S 30.38   71
15   48.2  53.6   7:13pm  42.0   5:59am   12    1  0.00   5  17   3:43am   S 30.00   75
16   43.3  53.2   2:56am  35.7  11:55pm   17    0  0.00   7  33   5:04am WNW 30.07   55
17   32.7  37.9  12:46pm  27.0  11:59pm   27    0  0.00   3  16   2:03pm NNW 30.16   66
18   26.9  35.0   2:55pm  20.7   6:40am   33    0  0.00   3  15   1:57pm NNW 30.27   61
19   34.4  46.7   1:35pm  20.6   6:19am   26    0  0.00   3  18  10:50am  SW 30.15   69
20   40.3  45.5   5:48am  36.7   6:44pm   20    0  0.09   2  13   7:47am   N 30.14   77
21   42.7  52.7   9:11pm  37.0   3:44am   17    0  0.21   2  28   9:06pm NNE 29.92   98
22   49.1  56.1   2:38pm  44.2  11:56pm   11    1  0.17   2  16  12:01am  SW 30.03   74
23   42.1  46.7   1:57pm  32.0  11:57pm   18    0  0.43   5  18   2:02pm  NW 30.04   80
24   30.6  38.4   2:07pm  23.8  11:15pm   29    0  0.00   2  15   1:02pm NNW 30.39   66
25   33.9  44.8   2:00pm  22.9   6:11am   26    0  0.00   2  13   2:53pm   S 30.19   70
26   37.9  44.5   3:05pm  27.3  11:58pm   22    0  0.00   6  26   3:15am WNW 30.19   64
27   37.4  50.8   7:29pm  26.9   1:46am   23    0  0.80   3  26   8:48pm SSE 29.80   88
28   35.1  39.7   9:01am  25.7  11:49pm   25    0  0.00  10  34  12:19pm   W 29.67   65
29   27.1  31.3  11:44pm  20.7   7:40am   33    0  0.00   3  15   1:05pm WSW 30.02   65
30   35.5  48.0   1:54pm  26.0   6:17am   24    0  0.00   1   7   1:00pm  NE 29.99   76
31   42.9  52.4   1:55pm  33.5   7:30am   17    0  0.00   3  17   2:45pm   W 29.92   82
---------------------------------------------------------------------------------------
TOT  38.2  58.7  12/6/11  19.3 12/12/11  676   16  3.36   3  34 12/28/11 WNW 30.17   74

HEAT BASE: 60.0
COOL BASE: 50.0