NOAA-Style Climate Reports


Report for 2012 January
                  MONTHLY CLIMATOLOGICAL SUMMARY FOR 1/2012
                                        HEAT  COOL        
     MEAN                               DEG   DEG       WIND SPEED       DOM MEAN  MEAN
DAY  TEMP  HIGH   TIME     LOW   TIME   DAYS  DAYS RAIN AVG  HI  TIME    DIR BAROM HUM
---------------------------------------------------------------------------------------
1    42.6  51.6   2:44pm  29.8   7:25am   17    0  0.02   5  24  11:36pm   S 29.94   81
2    34.1  42.4  12:00am  27.5  11:33pm   26    0  0.00   7  27   2:09am   W 29.81   56
3    22.2  27.5  12:00am  12.3  11:51pm   38    0  0.00   8  27   1:15pm  NW 30.02   49
4    17.3  24.6   9:16pm   8.7   5:02am   43    0  0.00   4  15   1:08am   S 30.16   54
5    28.5  39.4   3:05pm  20.2  12:14am   32    0  0.00   3  18   2:16pm WSW 29.96   65
6    37.6  53.9   2:31pm  24.4  12:00am   22    0  0.00   2  14  10:26am  SW 29.85   65
7    45.3  59.7   1:14pm  27.8   6:59am   15    2  0.00   3  18   2:07pm  SW 29.83   58
8    37.0  43.9  11:30am  27.5  11:31pm   23    0  0.00   3  16  12:24pm WNW 30.21   59
9    32.0  40.6   1:57pm  26.0   2:52am   28    0  0.00   2  16   2:27pm  SW 30.22   62
10   35.2  44.6   2:04pm  28.2  11:34pm   25    0  0.00   3  18  12:38pm  SW 29.98   73
11   35.2  45.3  11:51am  23.2   6:54am   25    0  0.22   3  19  11:08pm ENE 29.99   76
12   40.9  44.2   5:47am  38.9   8:19pm   19    0  0.96   4  18   2:36am  NE 29.52   99
13   31.5  46.5   4:27am  24.9   5:06pm   28    0  0.12  11  33  11:16am   W 29.57   72
14   26.4  31.6   3:28pm  23.6   7:37am   34    0  0.00   7  23  11:21am   W 30.01   59
15   18.9  24.4   1:21am  11.7   7:31am   41    0  0.00   5  16  12:51pm NNW 30.41   54
16   23.3  33.4   3:02pm  11.1   5:13am   37    0  0.00   4  22   1:36pm   S 30.46   64
17   37.8  46.5  11:51pm  32.3  12:00am   22    0  0.21   1  14  11:31pm SSW 29.85   93
18   34.2  48.0   1:06am  21.3  11:58pm   26    0  0.01   9  30   1:26am WNW 29.98   51
19   24.5  31.3   2:58pm  14.4   7:40am   35    0  0.00   3  20   3:01pm SSE 30.12   60
20   26.7  30.7   2:33am  21.3   8:34am   33    0  0.00   5  20   8:25am WNW 30.19   48
21   22.9  26.4  12:00am  19.0  10:19am   37    0  0.00   4  15  12:12am NNE 30.14   84
22   20.9  27.2  11:47pm  12.3   7:35am   39    0  0.02   2  14   6:04am NNE 30.47   75
23   35.6  44.6   8:56pm  27.0  12:04am   24    0  0.26   3  18  11:05pm NNE 30.13   98
24   40.5  48.6   2:02pm  36.1   8:25am   19    0  0.00   4  19   9:05pm WSW 30.05   84
25   37.5  43.7   2:58pm  33.7   9:59pm   22    0  0.00   4  20   2:28am WNW 30.27   66
26   33.8  36.0   7:52pm  31.6   4:26am   26    0  0.27   2  11   2:19pm  NE 30.09   94
27   42.2  52.4   1:32pm  35.1  12:00am   18    0  0.35   7  35   3:36pm   W 29.63   84
28   38.6  44.3   3:24pm  31.9   6:43am   21    0  0.00   6  26  10:04pm   W 29.99   60
29   35.2  41.0   4:02pm  28.5   7:24am   25    0  0.00   7  29  10:57pm WSW 30.13   43
30   33.1  38.7   3:18pm  29.7   7:40am   27    0  0.00   6  23  11:32am   W 30.25   50
31   40.1  60.4   3:48pm  25.7   6:34am   20    1  0.00   1  11   1:58pm SSW 30.13   57
---------------------------------------------------------------------------------------
TOT  32.6  60.4  1/31/12   8.7   1/4/12  847    4  2.44   4  35  1/27/12   W 30.04   68

HEAT BASE: 60.0
COOL BASE: 50.0