NOAA-Style Climate Reports


Report for 2012 April
                  MONTHLY CLIMATOLOGICAL SUMMARY FOR 4/2012
                                        HEAT  COOL        
     MEAN                               DEG   DEG       WIND SPEED       DOM MEAN  MEAN
DAY  TEMP  HIGH   TIME     LOW   TIME   DAYS  DAYS RAIN AVG  HI  TIME    DIR BAROM HUM
---------------------------------------------------------------------------------------
1
2
3
4    62.1  70.3   3:41pm  46.4  11:58pm    2    6  0.00   9  27   8:15pm   N 29.62   30
5    46.8  57.1   2:45pm  37.4   5:13am   13    2  0.00   4  18   8:16pm NNW 29.85   46
6    44.3  56.6   3:45pm  30.4   6:43am   16    1  0.00   6  26   8:49pm NNW 30.00   42
7    48.3  61.4   3:55pm  36.0   3:48am   12    3  0.00   6  29   3:59pm NNW 30.08   30
8    52.9  68.6   4:22pm  36.4   3:22am    9    7  0.00   7  33  10:35pm WNW 29.88   34
9    52.9  61.7   3:29pm  44.8   6:48am    7    4  0.00   9  36  10:34am   W 29.74   37
10   48.2  58.3   1:46pm  39.4  11:57pm   12    2  0.00   6  24   6:37pm   W 29.74   53
11   42.4  52.1   3:27pm  34.8   6:19am   18    0  0.02   4  25   4:51pm WNW 29.88   65
12   47.8  57.4   4:35pm  39.9   1:34am   12    2  0.00   6  26   3:39pm NNW 30.05   54
13   49.5  64.6   4:40pm  31.6   6:16am   11    5  0.00   2  24  12:06pm  NW 30.19   48
14   57.8  69.7   4:07pm  40.3   6:44am    6   10  0.00   3  19   1:40pm  SW 30.13   41
15   64.2  77.3   3:53pm  54.2   6:18am    2   14  0.05   2  20   1:14pm  SW 30.01   72
16   72.6  88.1   2:53pm  54.5   6:48am    1   23  0.00   3  22   4:46pm SSW 29.95   58
17
18   53.8  60.7  12:05am  47.4   6:51am    6    4  0.00   3  14  12:31am WNW 30.20   47
19   59.0  72.1   3:49pm  49.8   3:05am    4    9  0.00   3  17   5:46pm   S 30.06   64
20   61.1  72.8   4:52pm  45.5   5:06am    4   12  0.00   3  19   5:25pm   S 29.93   66
21   62.9  76.5   3:00pm  49.7  11:19pm    2   13  0.32   5  22   9:06pm   S 29.73   78
22   47.4  50.3  12:40am  44.0   6:06am   13    0  1.59   4  19   9:43pm NNW 29.68   89
23   42.2  45.3  11:37am  39.0   9:50pm   18    0  0.37   5  18  11:49pm  SW 29.30   91
24   47.2  58.4   2:44pm  38.6   6:44am   13    2  0.00   6  27  10:49am  SW 29.54   58
25   50.0  63.9   4:56pm  35.8   4:49am   10    4  0.00   3  21   3:50pm WNW 29.80   57
26   49.5  58.6   5:22pm  39.0   3:21am   11    3  0.00   1  18  11:45pm NNE 29.76   78
27   47.8  55.6  12:01am  38.4  11:58pm   12    1  0.00   8  25   3:12am  NW 29.94   53
28   45.1  55.6   1:48pm  32.4   5:12am   15    1  0.00   3  14  12:26pm  SW 30.20   51
29   52.0  65.7   4:44pm  34.2   6:07am    9    6  0.00   4  20   4:06pm NNW 30.17   40
30   50.4  64.1   3:34pm  32.5   6:27am   10    4  0.00   4  19   2:40pm   S 30.26   44
---------------------------------------------------------------------------------------
TOT  52.8  88.1  4/16/12  30.4   4/6/12  245  136  2.35   4  33   4/9/12  NW 29.92   55

HEAT BASE: 60.0
COOL BASE: 50.0