NOAA-Style Climate Reports


Report for 2012 May
                  MONTHLY CLIMATOLOGICAL SUMMARY FOR 5/2012
                                        HEAT  COOL        
     MEAN                               DEG   DEG       WIND SPEED       DOM MEAN  MEAN
DAY  TEMP  HIGH   TIME     LOW   TIME   DAYS  DAYS RAIN AVG  HI  TIME    DIR BAROM HUM
---------------------------------------------------------------------------------------
1    61.7  78.3   4:58pm  49.2   6:03am    4   12  0.14   3  18   2:42pm   S 30.01   70
2    54.5  62.8  12:01am  50.9   9:48pm    6    4  0.16   2  11   4:42pm  SE 30.11   89
3    56.8  65.3   5:21pm  50.7   2:37am    4    7  0.35   2  12  12:55am   S 30.10   90
4    65.9  82.4   5:34pm  57.2   6:26am    1   16  0.06   3  16   8:07pm   S 29.95   85
5    65.9  73.9  12:56pm  57.9   6:20am    0   16  0.01   2  13   1:58pm   S 29.92   83
6    59.9  64.9   4:09pm  55.8   8:43am    1   10  0.00   2  10  10:32pm   S 30.05   83
7    56.5  61.5  10:48am  53.6   3:30am    4    7  0.13   2  14   3:30pm   S 30.08   79
8    60.0  66.3   1:27pm  55.3   3:19am    1   10  0.77   3  19   1:35pm   S 29.90   84
9    65.9  75.8   3:34pm  55.9  11:55pm    0   16  0.11   3  15   9:42pm WNW 29.70   73
10   56.8  66.1   3:41pm  49.2  11:35pm    4    7  0.04   6  28   5:12pm  NW 29.67   62
11   58.5  72.5   4:23pm  44.5   5:38am    5    9  0.00   4  22   2:27pm WNW 30.01   48
12   63.3  80.9   3:03pm  43.5   5:56am    4   14  0.00   3  17   1:13pm  SW 30.19   51
13   68.7  82.9   3:04pm  54.6   6:34am    1   19  0.00   2  15  12:29pm  SW 30.14   53
14   61.6  66.5  11:01am  58.2   5:59am    0   12  0.49   2  16  11:06am   S 30.10   90
15   65.5  72.4   3:14pm  61.2   5:40am    0   15  0.76   3  15   6:07am   S 29.97   92
16   70.2  81.5   3:46pm  59.4   6:50am    0   20  0.00   3  16   2:05pm SSW 29.89   70
17   62.0  72.8   4:51pm  50.0   6:22am    2   12  0.04   3  17   1:51am NNW 30.08   47
18   62.1  76.2   3:32pm  46.0   6:15am    4   12  0.00   2  10   7:38pm   S 30.17   52
19   66.5  83.0   3:18pm  47.3   5:02am    3   17  0.00   1  11   4:46pm ENE 30.14   52
20   69.0  83.0   3:13pm  52.1   6:20am    1   19  0.00   2  16   4:57pm   E 30.18   50
21   62.3  66.3  12:00am  57.3   7:43am    0   12  0.31   2  10  12:07am ENE 30.08   86
22   67.0  76.3   4:50pm  60.5   5:31am    0   17  0.03   1   7  10:08am ENE 29.87   86
23   69.9  79.3  12:56pm  62.9   5:49am    0   20  0.27   1  12   3:27pm NNE 29.90   84
24   67.7  79.9   3:04pm  63.5   4:04pm    0   18  0.79   2  29   3:40pm   E 30.09   90
25   69.6  80.1   4:17pm  62.8   3:30am    0   20  0.09   2  13   2:34pm   S 30.13   88
26   72.2  85.3   1:23pm  62.9   5:32am    0   22  0.38   2  13   5:31pm   S 30.12   88
27   72.3  82.4   3:21pm  66.9  12:29am    0   22  0.59   1  11  11:16pm   S 30.09   91
28   76.1  88.9   4:55pm  63.5   5:12am    0   26  0.01   2  12   1:23pm SSW 29.96   79
29   77.8  90.5   3:36pm  67.9  11:27pm    0   28  0.70   3  29   6:10pm   S 29.80   78
30   72.6  81.8   2:43pm  65.0   5:53am    0   23  0.01   3  15   3:08pm SSW 29.75   73
31   71.3  81.4   1:46pm  61.6   5:42am    0   21  0.00   3  16   1:30pm NNW 29.83   56
---------------------------------------------------------------------------------------
TOT  65.5  90.5  5/29/12  43.5  5/12/12   45  483  6.24   2  25  5/10/12   S 30.00   74

HEAT BASE: 60.0
COOL BASE: 50.0