NOAA-Style Climate Reports


Report for 2012 August
                  MONTHLY CLIMATOLOGICAL SUMMARY FOR 8/2012
                                        HEAT  COOL        
     MEAN                               DEG   DEG       WIND SPEED       DOM MEAN  MEAN
DAY  TEMP  HIGH   TIME     LOW   TIME   DAYS  DAYS RAIN AVG  HI  TIME    DIR BAROM HUM
---------------------------------------------------------------------------------------
1    72.1  80.8   5:38pm  65.5   5:26am    0   22  0.32   2  12   6:49pm   S 29.88   83
2    76.7  90.1   3:53pm  64.8   4:07am    0   27  0.00   2  14   1:37pm SSW 29.89   72
3    78.8  88.5   4:17pm  68.1   4:16am    0   29  0.00   2  11   6:21pm   S 30.00   74
4    78.9  89.8   3:13pm  69.8   4:05am    0   29  0.00   3  19   3:34pm   S 30.14   78
5    78.3  90.5   2:28pm  70.1   5:55pm    0   28  0.44   5  34   5:25pm   S 30.06   82
6    77.5  88.9   2:47pm  67.4  11:36pm    0   27  0.00   3  14   2:49pm  NW 30.01   70
7    72.9  84.0   4:24pm  61.5   6:13am    0   23  0.00   2  13   3:13pm   S 30.00   71
8    76.9  89.1   3:23pm  65.3   5:25am    0   27  0.00   2  10  11:33am   S 29.97   71
9    75.3  86.3  12:14pm  66.5  10:40pm    0   25  0.18   2  22   9:24pm   S 29.92   78
10   72.8  79.1   5:55pm  67.0  12:03am    0   23  0.37   2  22   8:02am   S 29.80   88
11   75.9  84.1   2:56pm  70.0  11:47pm    0   26  0.10   2  20   4:14pm   S 29.84   79
12   72.9  82.3   3:57pm  63.8   6:47am    0   23  0.00   2  13   2:17pm  SW 29.95   70
13   72.7  85.1   2:20pm  61.8   6:13am    0   23  0.00   2  12  12:09pm  SW 30.00   67
14   69.5  78.5   4:55pm  63.8   5:39am    0   20  0.63   2  11   4:09pm   S 29.93   86
15   72.2  82.3  12:01pm  62.5   6:40am    0   22  0.15   2  23   1:34am  NW 29.88   81
16   73.3  85.6   3:44pm  61.9   5:53am    0   23  0.00   2  15   3:14pm WNW 29.93   66
17   71.6  86.3   3:47pm  61.5   6:33am    0   22  0.76   2  21   5:51pm   S 29.86   79
18   70.2  81.8   2:55pm  60.5  11:46pm    0   20  0.01   2  14   5:10pm NNW 29.90   71
19   64.2  74.4   1:55pm  53.9   6:12am    1   14  0.00   1   8   3:53pm   S 29.97   77
20   66.4  78.5   3:19pm  59.2   5:45am    0   16  0.02   2  18   6:11pm  NW 29.91   81
21   68.7  80.4   1:54pm  57.7   7:02am    0   19  0.00   1  10   3:35pm SSW 30.04   73
22   70.2  85.1   1:57pm  57.5   6:27am    0   20  0.00   1   9  12:58pm SSW 30.13   70
23   72.4  87.5   2:09pm  59.6   6:27am    0   22  0.00   1  11  12:40pm SSW 30.15   69
24   73.7  87.3   3:22pm  61.2   6:36am    0   24  0.00   1   8   4:59pm   S 30.16   67
25   73.2  80.0   1:20pm  65.8   4:52am    0   23  0.00   1  10   4:13pm   E 30.23   75
26   73.1  83.8  12:36pm  63.0   6:43am    0   23  0.00   2  16   5:10pm   S 30.25   72
27   75.6  86.0   3:25pm  68.6   1:17am    0   26  0.08   3  13  11:03am   S 30.08   78
28   77.9  89.4   1:12pm  67.6  11:53pm    0   28  0.10   4  19   3:29pm  NW 29.89   67
29   70.4  84.5   3:14pm  58.5   6:36am    0   20  0.00   2  14   5:38pm  NW 29.98   64
30   69.0  84.1   3:03pm  53.9   6:17am    1   19  0.00   2  12  12:48pm   S 30.09   65
31   74.4  91.0   3:45pm  56.2   6:19am    0   24  0.00   3  15   5:42pm SSW 30.03   63
---------------------------------------------------------------------------------------
TOT  73.1  91.0  8/31/12  53.9  8/19/12    3  717  3.16   2  34   8/5/12   S 30.00   74

HEAT BASE: 60.0
COOL BASE: 50.0