NOAA-Style Climate Reports


Report for 2012 October
                  MONTHLY CLIMATOLOGICAL SUMMARY FOR 10/2012
                                        HEAT  COOL        
     MEAN                               DEG   DEG       WIND SPEED       DOM MEAN  MEAN
DAY  TEMP  HIGH   TIME     LOW   TIME   DAYS  DAYS RAIN AVG  HI  TIME    DIR BAROM HUM
---------------------------------------------------------------------------------------
1    58.0  70.6   2:53pm  46.4   6:29am    5    9  0.00   3  13  10:53am SSW 29.91   71
2    58.9  60.2   6:22pm  56.9  12:08pm    1    9  1.57   1   8  11:12am NNE 29.98   91
3    63.7  70.3   5:04pm  59.6   2:05am    0   14  0.16   1   7   6:28pm  SW 30.05   97
4    65.9  74.3   4:49pm  58.8  11:51pm    0   16  0.02   1  12   2:33pm  NW 30.10   93
5    64.7  79.1   3:22pm  55.0   4:17am    1   15  0.00   2  12  10:25am SSW 30.03   79
6    58.1  66.5   3:25pm  48.3  10:53pm    3    8  0.00   3  23   4:08pm  NW 29.89   81
7    47.6  52.1   2:48pm  41.6   5:11am   12    0  0.10   2  14  12:01am   S 30.08   80
8    45.9  50.6   3:21pm  38.4   5:50am   14    0  0.00   1   8   1:20am  NW 30.24   81
9    50.5  56.4   2:58pm  45.8  12:00am    9    2  0.00   1   9   8:47am NNE 30.17   87
10   55.9  63.5   3:02pm  48.6  11:58pm    4    6  0.06   3  21  10:04pm   W 29.95   80
11   49.5  59.3   2:23pm  42.2   7:01am   11    2  0.00   4  18   1:32am WNW 30.16   58
12   45.9  59.1   1:41pm  37.1   3:52am   14    1  0.00   4  22  12:56pm NNW 30.23   64
13   42.0  54.2   4:15pm  28.1   6:52am   18    1  0.00   2  14   4:05pm   S 30.44   61
14   56.7  68.6   4:25pm  45.0  12:07am    5    7  0.00   4  16   8:33pm   S 30.12   71
15   60.7  66.6  11:01am  54.6  11:59pm    1   11  0.25   3  16   2:20am   S 29.74   86
16   51.9  59.7   2:09pm  40.8  11:51pm    8    3  0.01   4  22   9:57am  NW 29.83   64
17   48.5  64.0   3:58pm  35.3   7:10am   12    4  0.00   1  12   1:44pm SSW 29.97   75
18   54.9  67.4   3:08pm  42.1   6:11am    7    7  0.00   3  22   3:42pm NNW 29.95   79
19   63.0  72.1   3:40pm  57.7   3:42am    1   13  1.43   3  20   9:40pm   S 29.72   91
20   54.4  62.8   3:04pm  48.3  11:59pm    6    5  0.01   2  16   1:26pm  SW 29.75   77
21   52.6  65.9   2:52pm  42.1   6:44am    8    5  0.00   4  17   1:35pm   W 30.00   67
22   55.2  69.1   3:29pm  43.4   7:08am    7    6  0.00   3  17   1:54pm   W 30.10   63
23   53.7  63.2   3:05pm  45.5   4:52am    7    5  0.00   1   6   9:41am NNE 30.09   85
24   60.5  74.8   3:02pm  49.7   4:12am    3   10  0.00   1   8   3:43pm NNE 30.11   82
25   57.6  59.8   3:57pm  55.6   5:25am    2    8  0.00   1   8   3:19pm   E 30.22   94
26   59.6  63.4   3:39pm  56.8   5:28am    1   10  0.00   1   7  12:49pm ENE 30.17   90
27   59.1  62.6   1:28pm  55.4  11:19pm    1    9  0.00   1  13  11:03am NNE 29.99   87
28   55.0  56.5   2:48am  52.8   7:50pm    5    5  0.02   4  19   8:37pm NNE 29.80   80
29   53.4  60.0   6:55pm  50.5  10:33am    7    3  2.68  10  56   9:30pm   N 29.08   87
30   44.0  51.1  12:00am  39.7  11:44pm   16    0  0.46   7  36  12:20am   S 29.22   91
31   42.0  44.1   4:54pm  39.8  12:03am   18    0  0.01   3  13   1:44pm SSW 29.54   87
---------------------------------------------------------------------------------------
TOT  54.5  79.1  10/5/12  28.1 10/13/12  208  192  6.78   3  54 10/29/12   S 29.96   80

HEAT BASE: 60.0
COOL BASE: 50.0