NOAA-Style Climate Reports


Report for 2012 November
                  MONTHLY CLIMATOLOGICAL SUMMARY FOR 11/2012
                                        HEAT  COOL        
     MEAN                               DEG   DEG       WIND SPEED       DOM MEAN  MEAN
DAY  TEMP  HIGH   TIME     LOW   TIME   DAYS  DAYS RAIN AVG  HI  TIME    DIR BAROM HUM
---------------------------------------------------------------------------------------
1    44.3  48.9  12:34pm  40.7   6:55am   16    0  0.00   4  19  12:57pm   W 29.62   80
2    43.4  50.0  12:16pm  39.2   7:05am   17    0  0.00   5  25   5:49pm   W 29.72   74
3    42.5  46.6  12:11pm  39.7   6:13am   18    0  0.00   7  20  11:50am  NW 29.93   62
4    39.7  44.6  12:01pm  33.5   6:12am   20    0  0.00   5  19  12:57am  NW 30.03   65
5    37.5  42.4   2:28pm  32.9  11:59pm   22    0  0.00   5  20   1:13pm NNW 30.10   61
6    33.1  42.3   2:54pm  23.7   7:07am   27    0  0.00   1  10  11:36am   E 30.18   69
7    36.7  41.8   2:33pm  31.7  12:10am   23    0  0.01   4  17   8:14pm NNE 29.96   64
8    41.9  51.6   1:02pm  36.4  11:49pm   18    0  0.01   8  26  12:11pm NNW 29.90   42
9    43.5  55.3   1:54pm  35.7   5:38am   16    1  0.00   4  17  12:55am  NW 30.13   58
10   42.0  52.7   2:14pm  32.3   4:05am   18    0  0.01   1   5  11:37am SSW 30.33   80
11   49.8  64.5   1:59pm  36.7   3:04am   11    4  0.00   1  11   2:47pm NNW 30.44   77
12   54.0  65.6   2:22pm  39.2   6:53am    7    7  0.00   5  22   1:40pm   S 30.32   84
13   43.6  61.6  12:33am  35.4  11:58pm   17    1  0.86   5  23   1:09am  NW 30.34   78
14   39.2  48.8   1:09pm  29.3  11:45pm   21    0  0.00   2  16   8:47am   N 30.50   60
15   36.5  47.7   1:15pm  28.6   3:51am   24    0  0.00   1   9   8:41am NNE 30.40   72
16   38.5  50.8   2:13pm  31.1  11:58pm   22    0  0.00   2  10   4:39pm NNW 30.37   70
17   37.9  52.8   2:21pm  26.2   7:01am   22    0  0.00   1  10  11:49am NNE 30.58   71
18   35.4  48.2   2:49pm  26.9   4:31am   25    0  0.00   1   8   1:29pm NNE 30.63   83
19   37.1  50.0   2:32pm  27.3   7:11am   23    0  0.00   1  13   9:29am NNE 30.42   79
20   38.8  49.9   1:16pm  28.6   5:26am   21    0  0.00   1   7  10:40am  NE 30.18   76
21   39.2  53.6   2:55pm  28.1   6:44am   21    0  0.00   1   9  12:15pm NNE 30.21   72
22   38.0  56.0   2:42pm  25.1   6:29am   22    1  0.00   0   7  11:04am NNE 30.23   72
23   42.7  58.8   2:23pm  26.1   6:34am   17    2  0.00   2  28  11:17pm   S 29.92   69
24   37.4  45.5  12:00am  33.8  11:48pm   23    0  0.00  10  30  12:03am WNW 29.84   56
25   33.2  37.5   2:32pm  26.1  11:33pm   27    0  0.00   5  25   3:16am   W 29.95   63
26   36.5  48.9   1:17pm  28.6  10:40pm   24    0  0.00   3  15  10:47am  SW 30.13   62
27   32.9  35.2   7:00pm  30.0  12:10am   27    0  0.13   1   7   5:18am NNE 30.25   90
28   33.7  39.6   2:50pm  28.2   6:49am   26    0  0.09   2  16   1:17pm   W 30.27   74
29   33.5  41.5   3:11pm  27.5  11:17pm   26    0  0.00   3  17   1:22pm WSW 30.35   70
30   33.8  45.0   1:54pm  23.9   5:50am   26    0  0.00   1   8   1:42pm  NE 30.38   77
---------------------------------------------------------------------------------------
TOT  39.2  65.6 11/12/12  23.7  11/6/12  624   16  1.11   3  29 11/24/12 NNW 30.19   70

HEAT BASE: 60.0
COOL BASE: 50.0