NOAA-Style Climate Reports


Report for 2012 December
                  MONTHLY CLIMATOLOGICAL SUMMARY FOR 12/2012
                                        HEAT  COOL        
     MEAN                               DEG   DEG       WIND SPEED       DOM MEAN  MEAN
DAY  TEMP  HIGH   TIME     LOW   TIME   DAYS  DAYS RAIN AVG  HI  TIME    DIR BAROM HUM
---------------------------------------------------------------------------------------
1    34.7  38.3   1:16pm  31.9   3:11am   25    0  0.00   3  13   8:34am  NE 30.46   85
2    40.6  47.5   3:05pm  34.5  12:10am   19    0  0.03   1   6  12:15pm   N 30.27   96
3    51.2  63.5   2:05pm  42.1   7:46am    9    3  0.00   2  10  10:28am WSW 30.20   87
4    55.3  65.3   2:57pm  46.8   7:22am    5    6  0.13   2  10   4:54pm   N 30.15   86
5    46.9  58.6  12:00am  31.8  11:59pm   13    1  0.01   7  24   5:25pm WNW 30.10   65
6    31.9  40.8   2:53pm  26.9  11:57pm   28    0  0.00   1  11  12:08am NNW 30.32   65
7    34.0  38.5   7:02pm  26.1   1:05am   26    0  0.27   1   7   2:40pm ENE 30.15   91
8    42.3  47.0   1:43pm  37.7  12:00am   18    0  0.07   1  10   1:24pm  NE 29.95   97
9    41.0  44.9  12:15am  38.1   9:29pm   19    0  0.34   2  12   5:49am NNE 30.15   94
10   44.7  50.2   1:25pm  38.9  12:00am   15    0  0.06   1  22  11:30pm   N 29.73   98
11   41.4  48.7  12:39pm  31.0  11:57pm   19    0  0.03   3  17   1:18am WNW 29.96   76
12   33.9  42.6   1:28pm  28.4   4:31am   26    0  0.00   1  13  11:27am  NW 30.37   76
13   33.0  45.0  12:57pm  24.5   7:48am   27    0  0.00   1   8  12:28pm  SW 30.42   76
14   33.1  46.6   2:43pm  22.4   5:33am   27    0  0.00   2  15   2:50pm WSW 30.26   76
15   36.0  46.2   3:06pm  26.1   5:28am   24    0  0.00   1   9   9:14pm ESE 30.26   79
16   43.5  49.0   1:53pm  39.8   1:56am   17    0  0.13   2  10   7:29pm ENE 30.01   90
17   40.0  42.1  12:00am  37.6   8:14am   20    0  0.39   3  10   5:05pm  NE 29.81   98
18   43.5  52.2   1:00pm  38.8  11:35pm   17    0  0.09   6  28   5:52pm   W 29.57   88
19   40.7  48.3  12:09pm  34.2  11:54pm   19    0  0.00   6  24  12:24am WNW 29.91   66
20   34.8  42.6  11:58pm  27.9   7:30am   25    0  0.43   3  19  11:37pm   E 30.07   82
21   40.2  53.4   5:30am  32.3  11:59pm   20    0  1.17   9  28   3:39am   W 29.32   83
22   35.1  39.0   1:43pm  32.2  12:04am   25    0  0.00  11  32  11:38am WNW 29.67   67
23   34.0  41.9   3:13pm  27.8   9:53pm   26    0  0.00   5  21  12:31am WSW 29.94   64
24   30.7  38.0   1:18pm  23.9   7:23am   29    0  0.00   1   9  11:18am ENE 30.02   79
25   32.9  40.4   1:23pm  29.6  11:58pm   27    0  0.15   3  14   2:18pm   N 30.10   87
26   27.5  32.1   8:23pm  23.7   5:20am   33    0  0.00   4  20   4:41pm  NE 30.00   89
27   32.5  34.9   2:41pm  30.7  12:02am   28    0  0.12   9  30   1:16pm  NW 29.64   84
28   31.7  38.8   2:28pm  25.4  11:41pm   28    0  0.00   4  21   4:46am  NW 30.06   72
29   28.2  30.6  11:52pm  25.4  12:00am   32    0  0.00   3  25  11:38pm NNE 29.78   90
30   30.8  34.2   2:52pm  27.6  11:11pm   29    0  0.00  10  30  12:35pm WNW 30.02   65
31   30.3  33.6   9:20pm  25.3   5:27am   30    0  0.00   4  17  12:25pm WSW 30.11   71
---------------------------------------------------------------------------------------
TOT  37.3  65.3  12/4/12  22.4 12/14/12  705   11  3.42   4  30 12/22/12 WNW 30.03   81

HEAT BASE: 60.0
COOL BASE: 50.0