NOAA-Style Climate Reports


Report for 2013 January
                  MONTHLY CLIMATOLOGICAL SUMMARY FOR 1/2013
                                        HEAT  COOL        
     MEAN                               DEG   DEG       WIND SPEED       DOM MEAN  MEAN
DAY  TEMP  HIGH   TIME     LOW   TIME   DAYS  DAYS RAIN AVG  HI  TIME    DIR BAROM HUM
---------------------------------------------------------------------------------------
1    33.7  37.2  12:18pm  25.9  11:57pm   26    0  0.00   4  18   2:57pm  SW 29.94   74
2    26.0  32.1   1:47pm  21.3   7:24am   34    0  0.00   4  15  11:33am   W 30.10   66
3    26.5  31.9   3:46pm  20.7   7:48am   34    0  0.00   3  15   2:51pm WSW 30.16   67
4    32.4  37.3   3:17pm  28.2   1:10am   28    0  0.00   6  27  11:34am   W 30.07   65
5    32.5  42.0   1:33pm  27.0   8:47pm   27    0  0.00   5  21  11:00am WNW 30.24   64
6    35.7  42.5   1:15pm  29.2  12:00am   24    0  0.00   2  17   1:18pm  SW 30.09   73
7    37.0  45.6   2:21pm  26.9  10:58pm   23    0  0.00   3  16  10:48am   W 30.30   68
8    31.7  45.3   1:16pm  21.5   5:26am   28    0  0.00   1  12  12:58pm WSW 30.38   79
9    31.9  40.3   1:10pm  22.1   6:23am   28    0  0.00   2  15   4:33pm  SW 30.30   87
10   40.0  49.1   1:46pm  32.3  10:33pm   20    0  0.00   3  17  10:01am WNW 30.48   62
11   37.6  43.4   3:00pm  31.5   6:21am   22    0  0.31   1   8   2:14pm NNE 30.32   82
12   43.1  48.2   3:31pm  39.3   4:59am   17    0  0.01   1   6  10:42am WSW 30.14   96
13   44.3  46.2   3:10pm  41.9   5:24am   16    0  0.00   2   9   5:01am   S 30.07   98
14   46.9  53.7  11:42am  39.1  11:56pm   13    1  0.08   3  18  11:34am NNW 30.12   81
15   35.2  39.1  12:00am  31.6  11:55pm   25    0  0.14   2  11   9:05am NNE 30.28   78
16   32.0  33.7  11:58pm  30.8  12:57am   28    0  0.49   1  12   8:11pm   W 30.00   96
17   36.0  40.0  12:49pm  33.4   2:44am   24    0  0.14   3  14  10:04am WNW 30.05   80
18   29.2  34.6  12:54am  24.1   8:33am   31    0  0.00   5  24   5:36am NNW 30.26   64
19   35.9  48.4   3:15pm  23.1   3:53am   24    0  0.00   3  20  12:45pm SSW 30.18   60
20   38.5  51.8  12:46pm  26.3  11:56pm   22    0  0.00   7  34   1:30pm WNW 29.86   52
21   25.4  29.0   3:05pm  21.3   4:40am   35    0  0.00   3  21  11:45pm SSW 29.99   59
22   15.8  22.8  12:05am  10.9  11:11pm   44    0  0.00   9  26   3:44am WNW 30.10   48
23   12.4  19.7   2:40pm   8.8   6:11am   48    0  0.00   4  19   9:34am   W 30.23   60
24   16.9  23.7  12:58pm  10.3  12:36am   43    0  0.00   5  25   2:29pm  NW 30.29   55
25   15.4  19.9   3:04pm  11.3   4:16am   45    0  0.00   2  15   1:08am   W 30.30   67
26   18.3  27.1   2:38pm  10.9   1:46am   42    0  0.00   3  17   4:16pm  NW 30.21   72
27   22.6  35.8   1:53pm  10.2   1:10am   37    0  0.00   2  15  11:13am   W 30.49   67
28   28.8  34.0  11:55pm  20.6  12:00am   31    0  0.11   2  13  11:07am  SW 30.24   88
29   41.9  49.2  12:45pm  34.0  12:00am   18    0  0.02   2  10   1:35am ENE 30.07   90
30   50.5  65.1   3:44pm  40.5   4:47am   10    4  0.71   4  32   3:21pm   S 29.69   93
31   39.5  56.3   3:28am  25.8  11:33pm   20    1  1.45   9  37   7:22am   W 29.46   65
---------------------------------------------------------------------------------------
TOT  34.3  65.1  1/30/13   8.8  1/23/13  867    5  3.54   3  34  1/31/13   W 30.17   76

HEAT BASE: 60.0
COOL BASE: 50.0