NOAA-Style Climate Reports


Report for 2013 February
                  MONTHLY CLIMATOLOGICAL SUMMARY FOR 2/2013
                                        HEAT  COOL        
     MEAN                               DEG   DEG       WIND SPEED       DOM MEAN  MEAN
DAY  TEMP  HIGH   TIME     LOW   TIME   DAYS  DAYS RAIN AVG  HI  TIME    DIR BAROM HUM
---------------------------------------------------------------------------------------
1    25.2  28.8   1:59pm  19.0  11:59pm   35    0  0.00   8  27  12:20pm WNW 29.98   51
2    19.4  22.4   9:51pm  14.3   7:16am   41    0  0.00   3  18  10:53am WSW 30.19   70
3    23.1  29.0   2:14pm  16.0   7:27am   37    0  0.06   2  24  11:45pm WSW 29.89   85
4    24.3  29.7   2:51pm  19.8   7:12am   36    0  0.00   6  24  12:09pm   W 29.95   59
5    27.9  30.8   6:20pm  24.6   6:41am   32    0  0.00   1   7   3:51pm NNE 29.90   84
6    30.6  39.2   3:08pm  24.4   4:42am   29    0  0.01   3  19   3:28pm WSW 30.12   72
7    27.2  33.3   3:13pm  19.8   4:43am   33    0  0.00   2  14   8:17pm  SE 30.39   62
8    31.6  33.0   5:48am  28.9  12:50am   28    0  0.05   4  18   1:47pm NNE 29.93   87
9    26.0  32.0   3:05pm  20.6  11:58pm   34    0  0.01   8  30  11:52am  NW 30.12   69
10   26.6  40.7   2:57pm  10.1   7:11am   33    0  0.03   2  10   7:56pm   S 30.39   55
11   35.8  42.0  11:29pm  31.5   3:53am   24    0  0.22   2  20  11:26pm   S 29.91   89
12   38.2  43.0  11:43am  28.8  10:37pm   22    0  0.00   8  35   3:21am WNW 29.89   58
13   33.0  42.9  12:52pm  23.1   6:51am   27    0  0.02   1  10  10:45am  SW 29.81   76
14   35.7  43.4   3:10pm  29.6  10:54pm   24    0  0.09   2  14   2:00pm   W 29.91   76
15   39.0  52.4   2:28pm  27.1   6:15am   21    0  0.11   3  22  12:57pm WNW 29.96   70
16   31.9  36.6  12:00pm  28.1  11:52pm   28    0  0.03   4  18   9:44pm   N 29.92   71
17   25.2  30.1   1:55pm  18.7  11:33pm   35    0  0.00  11  33   4:44pm  NW 29.87   47
18   26.1  36.0   3:21pm  17.4   6:42am   34    0  0.00   6  29  12:39am WNW 30.23   49
19   33.1  39.0  10:49am  24.4   5:38am   27    0  0.18   3  26  11:40pm   S 29.90   77
20   27.2  34.0  12:00am  23.0  11:57pm   33    0  0.00  10  31   9:35am WNW 29.92   54
21   27.1  34.9   4:08pm  22.5  11:35pm   33    0  0.00   8  25  11:27am WNW 30.13   57
22   28.4  35.4   2:49pm  20.0   5:26am   32    0  0.00   3  12   9:37am   S 30.32   69
23   37.0  41.5   3:28pm  32.9   4:45am   23    0  0.09   2  10   3:20pm  NE 30.01   94
24   36.8  44.4   9:35am  31.3  10:11pm   23    0  0.00   5  22   2:30pm WNW 29.87   75
25   35.7  46.5   2:24pm  27.7  11:49pm   24    0  0.00   3  14  11:14am WNW 30.14   63
26   33.4  42.9   2:51pm  23.8   5:49am   27    0  0.36   4  24   9:11pm   E 30.12   80
27   41.2  48.5   1:25pm  34.3  12:00am   19    0  0.31   5  24   2:06pm   W 29.61   86
28   39.4  45.8   2:27pm  33.6  11:44pm   21    0  0.00   4  17   6:25pm WSW 29.61   75
---------------------------------------------------------------------------------------
TOT  30.9  52.4  2/15/13  10.1  2/10/13  813    0  1.89   4  35  2/12/13 WNW 30.00   70

HEAT BASE: 60.0
COOL BASE: 50.0