NOAA-Style Climate Reports


Report for 2013 March
                  MONTHLY CLIMATOLOGICAL SUMMARY FOR 3/2013
                                        HEAT  COOL        
     MEAN                               DEG   DEG       WIND SPEED       DOM MEAN  MEAN
DAY  TEMP  HIGH   TIME     LOW   TIME   DAYS  DAYS RAIN AVG  HI  TIME    DIR BAROM HUM
---------------------------------------------------------------------------------------
1    37.1  45.9  12:11pm  30.9   2:19am   23    0  0.00   5  19   1:16pm  NW 29.74   71
2    33.1  38.4  11:43am  29.8  11:36pm   27    0  0.00   6  20  10:05am  NW 29.80   64
3    30.5  36.7   1:18pm  25.3   6:49am   29    0  0.00   8  22  12:50pm  NW 29.79   59
4    32.3  38.9   1:39pm  27.4   6:52am   28    0  0.00   9  26  12:21pm WNW 29.89   56
5    37.4  48.1   3:13pm  30.6   3:59am   23    0  0.00   4  20   1:47am  NW 29.99   58
6    37.6  39.9   5:24pm  34.5   2:08am   22    0  0.03   9  28   6:32am NNE 29.88   73
7    39.0  46.2  12:11pm  34.2   6:15am   21    0  0.00   7  21  12:25pm   N 30.06   56
8    35.3  42.0   4:10pm  29.3   4:10am   25    0  0.00  10  28  12:40am NNW 30.14   67
9    44.7  63.9   2:41pm  29.4   6:59am   16    3  0.00   3  13   1:43am  NW 30.27   44
10   42.9  56.3   5:40pm  28.5   6:54am   16    1  0.00   4  19   3:22pm   S 30.29   55
11   46.7  56.3   4:56pm  37.1   3:10am   13    2  0.00   5  25  10:50pm   S 30.14   77
12   50.6  57.5   2:31pm  40.4  11:59pm    9    2  1.62   9  30  12:09am   S 29.82   84
13   39.6  48.2   3:19pm  32.4   7:14am   20    0  0.01   6  27   3:38pm   W 29.89   62
14   33.9  41.6   3:47pm  28.3   6:16am   26    0  0.00  11  30   9:49am WNW 29.96   46
15   38.0  49.1   6:08pm  26.0   7:19am   22    0  0.00   7  25   1:51pm WNW 29.89   51
16   34.3  44.3  12:00am  30.4  11:59am   26    0  0.08   3  20  12:19am NNE 29.82   77
17   32.7  39.3   2:08pm  27.0   3:06am   27    0  0.11   3  14  12:09pm   N 30.13   66
18   29.6  34.7   1:43pm  25.5   4:58am   30    0  0.00   4  18  12:00pm NNE 30.23   70
19   37.7  50.3   3:48pm  30.2  12:00am   22    0  0.58   5  30  10:09pm NNE 29.79   75
20   36.6  44.3   4:15pm  29.9   4:51am   23    0  0.00   6  26   2:59pm   W 29.85   48
21   31.8  36.4   5:02pm  27.0  11:48pm   28    0  0.00   6  18   1:42pm  NW 29.76   51
22   31.9  39.2   4:34pm  25.3   6:11am   28    0  0.00   7  24   5:26pm   W 29.84   60
23   36.9  45.6   4:38pm  30.3   5:51am   23    0  0.00   8  25   4:19pm WNW 29.93   49
24   37.8  46.3   2:34pm  27.5   7:13am   22    0  0.00   3  16   9:58am  NE 29.84   49
25   35.2  38.1  12:25am  31.5  10:29am   25    0  0.26   4  14  11:19am NNE 29.58   81
26   40.1  52.1   4:01pm  33.3   2:13am   20    0  0.01   4  21   5:31pm   W 29.77   72
27   40.1  50.1   3:14pm  30.9   4:19am   20    0  0.00   5  25   4:34pm   W 29.95   66
28   40.6  47.8   1:14pm  33.0   7:14am   19    0  0.00   6  19  10:56am  NW 30.06   60
29   42.7  51.3   1:31pm  30.4   6:54am   17    0  0.00   4  19  11:14am  NW 30.15   56
30   43.5  57.9   4:01pm  27.7   6:41am   17    2  0.00   2  17   3:21pm   W 30.14   54
31   43.0  54.4  12:48pm  32.2   4:19am   17    1  0.10   4  32  12:24pm WNW 29.92   71
---------------------------------------------------------------------------------------
TOT  37.8  63.9   3/9/13  25.3   3/3/13  686   11  2.80   6  32  3/31/13 WNW 29.94   62

HEAT BASE: 60.0
COOL BASE: 50.0