NOAA-Style Climate Reports


Report for 2013 April
                  MONTHLY CLIMATOLOGICAL SUMMARY FOR 4/2013
                                        HEAT  COOL        
     MEAN                               DEG   DEG       WIND SPEED       DOM MEAN  MEAN
DAY  TEMP  HIGH   TIME     LOW   TIME   DAYS  DAYS RAIN AVG  HI  TIME    DIR BAROM HUM
---------------------------------------------------------------------------------------
1    45.8  58.2  12:44pm  34.3  11:54pm   14    1  0.01   7  27   1:01pm WNW 29.74   66
2    35.7  42.6   4:15pm  28.9   6:51am   24    0  0.00   8  28  11:32am   W 30.02   38
3    36.1  44.6   3:01pm  27.9   6:33am   24    0  0.00   8  30   5:07pm WNW 30.19   38
4    39.0  52.8   3:04pm  25.1   6:57am   21    0  0.00   4  16   4:40pm SSW 30.26   41
5    48.3  61.5   2:44pm  36.1   7:21am   12    3  0.00   6  23   1:55pm  NW 29.90   38
6    42.3  53.3   3:26pm  31.7   7:01am   18    0  0.00   4  18   6:01am NNW 30.23   36
7    50.6  63.0   4:03pm  38.9   3:02am   10    4  0.00   7  26  12:33pm   S 30.12   49
8    61.9  76.5   3:03pm  44.0   6:59am    4   13  0.00   4  24   8:55pm   S 29.99   53
9    70.5  82.1   3:18pm  59.6   7:08am    0   20  0.00   5  28  11:40am WSW 29.94   45
10   70.6  84.4   3:36pm  60.8  11:49pm    0   21  0.42   4  29   9:20pm  SW 29.84   59
11   58.2  62.5   1:12pm  49.0  11:47pm    2    8  0.00   4  20   8:04pm NNE 29.88   83
12   44.9  49.0  12:00am  42.9   9:49pm   15    0  0.74   6  23   3:59am   E 29.78   91
13   50.3  59.1   5:57pm  40.3   6:58am   10    3  0.00   4  20   9:26am   W 29.87   64
14   52.2  62.5   4:30pm  41.0   5:01am    8    4  0.00   4  23  11:16am WNW 30.06   51
15   51.9  60.0   4:46pm  46.2   6:47am    8    3  0.00   5  19  12:55pm  SE 30.26   55
16   58.6  69.3   6:17pm  48.5   6:00am    4    9  0.00   5  24  12:32pm SSW 30.23   71
17   61.5  72.5   4:03pm  52.9   8:46am    2   12  0.06   3  14   5:04am NNW 30.18   54
18   55.4  59.2  11:33pm  52.6   7:59am    5    5  0.09   3  21  11:45pm  SE 30.20   78
19   64.4  75.5   3:56pm  50.6  11:59pm    1   14  1.03   9  31  12:56pm   S 29.80   83
20   49.2  55.6   2:48pm  42.0  11:59pm   11    1  0.05   8  27   1:17pm WNW 30.00   53
21   44.3  54.2   3:51pm  33.1   5:53am   16    1  0.00   4  17   8:39am NNW 30.52   43
22   45.0  53.6   3:41pm  35.3   6:18am   15    0  0.00   4  20  11:46am   E 30.55   58
23   46.4  52.7   1:58pm  40.2   6:50am   14    0  0.00   3  14   8:30am  NE 30.29   70
24   55.8  70.6   5:08pm  39.6   5:53am    7    8  0.02   4  27   6:18pm   S 29.96   73
25   51.6  62.6   4:22pm  41.0   6:27am    9    4  0.00   6  34  12:13am WNW 30.17   48
26   52.8  65.3   3:06pm  40.0   6:06am    8    5  0.00   3  16   8:50am WNW 30.37   46
27   54.6  69.8   4:25pm  36.8   6:43am    8    8  0.00   2  13   1:46pm  SW 30.36   47
28   57.3  69.0   2:24pm  42.5   6:40am    5    9  0.00   4  25   2:47pm   S 30.23   48
29   53.3  55.1   4:51pm  50.6   7:55am    7    3  0.25   3  13   4:05am  SE 30.15   87
30   57.3  68.4   4:31pm  50.2   5:58am    4    7  0.03   3  15   2:50pm ENE 30.24   69
---------------------------------------------------------------------------------------
TOT  52.2  84.4  4/10/13  25.1   4/4/13  284  167  2.70   5  34  4/25/13   S 30.11   58

HEAT BASE: 60.0
COOL BASE: 50.0