NOAA-Style Climate Reports


Report for 2013 May
                  MONTHLY CLIMATOLOGICAL SUMMARY FOR 5/2013
                                        HEAT  COOL        
     MEAN                               DEG   DEG       WIND SPEED       DOM MEAN  MEAN
DAY  TEMP  HIGH   TIME     LOW   TIME   DAYS  DAYS RAIN AVG  HI  TIME    DIR BAROM HUM
---------------------------------------------------------------------------------------
1    55.9  69.7   3:20pm  39.6   6:05am    6    8  0.00   3  15   3:45pm  SE 30.40   48
2    58.1  72.0   4:15pm  40.2   6:30am    6   10  0.00   2  14   2:10pm SSE 30.40   58
3    57.3  66.7   3:06pm  49.8   6:13am    4    7  0.00   3  18   2:29pm SSE 30.37   51
4    57.1  70.5   5:01pm  41.4   6:10am    6    9  0.41   2  14  12:23pm  SE 30.27   58
5    54.5  67.6   5:05pm  44.4   3:40am    7    6  0.00   2  11   1:59pm  SE 30.23   61
6    55.5  69.1   4:22pm  43.5   3:50am    6    7  0.00   2  10   4:53pm ESE 30.19   75
7    61.3  72.7   3:25pm  51.8   6:07am    2   11  0.05   2  12  12:02pm NNE 30.09   76
8    61.5  68.4   5:23pm  57.8  11:52pm    0   11  0.29   2  13   2:16pm  NE 29.98   86
9    61.2  68.9   4:48pm  55.8   4:26am    1   11  0.01   2  13   2:28pm WSW 29.93   81
10   67.2  79.7   2:48pm  55.0   6:15am    1   17  0.39   1  23   8:59pm  SW 29.95   72
11   64.2  71.9   4:32pm  59.1  11:58pm    0   14  0.54   3  16   6:05pm  SW 29.77   88
12   56.6  62.3  10:01am  46.7  11:35pm    4    7  0.00   6  25   5:38pm   W 29.79   55
13   47.0  54.6   5:42pm  40.4  11:56pm   13    1  0.00   4  19  12:27pm   W 30.05   52
14   48.9  61.1   5:15pm  34.3   5:43am   11    3  0.00   3  17   3:06pm WSW 30.11   51
15   60.6  72.4   5:46pm  50.0   6:08am    3   11  0.02   3  17   3:30pm SSW 29.87   65
16   67.7  82.5   5:51pm  54.7   5:36am    1   18  0.00   2  18   2:36pm WSW 29.77   66
17   63.5  73.3   5:55pm  52.1   6:02am    1   14  0.00   3  14   1:42am  NW 30.06   46
18   60.9  66.8   2:07pm  57.3   5:09am    1   11  0.00   1  11   1:14pm ESE 30.24   65
19   58.8  63.6   3:27pm  56.4   2:00am    2    9  0.03   1  10   3:07pm ESE 30.21   93
20   67.4  79.2   5:40pm  57.2   1:56am    1   17  0.00   2  12   3:57pm SSW 30.05   83
21   73.9  87.0   3:06pm  61.3   5:14am    0   24  0.01   3  14   4:27pm SSW 29.91   78
22   76.7  88.8   4:37pm  65.7   6:10am    0   27  0.00   3  19   7:08pm SSW 29.85   73
23   69.7  77.4   1:10pm  61.6  11:45pm    0   20  0.87   3  27  10:25pm SSW 29.81   83
24   53.2  62.2   7:40am  45.3   9:34pm    7    4  0.09   6  28   8:31pm NNW 29.87   82
25   52.9  61.8   4:57pm  45.9   6:07am    7    4  0.00   9  34  11:10am  NW 30.03   53
26   57.9  69.7   4:49pm  46.9   5:05am    5    8  0.00   7  26  10:12am WNW 30.10   43
27   59.1  71.8   3:38pm  41.3   6:01am    5   11  0.00   3  15   1:12pm SSW 30.21   50
28   56.8  59.4   3:43pm  52.5   5:16am    3    7  0.26   1   5   4:22pm NNE 30.16   86
29   70.8  87.0   5:13pm  57.5   6:12am    1   21  0.01   2  17   1:44pm NNE 30.07   78
30   79.2  91.5   4:07pm  65.4   4:17am    0   29  0.00   3  13   3:03pm WSW 30.10   64
31   80.4  92.4   3:22pm  67.5   5:49am    0   30  0.00   2  14   2:13pm SSW 30.06   61
---------------------------------------------------------------------------------------
TOT  61.8  92.4  5/31/13  34.3  5/14/13  105  386  2.98   3  34  5/25/13 SSW 30.06   67

HEAT BASE: 60.0
COOL BASE: 50.0