NOAA-Style Climate Reports


Report for 2013 June
                  MONTHLY CLIMATOLOGICAL SUMMARY FOR 6/2013
                                        HEAT  COOL        
     MEAN                               DEG   DEG       WIND SPEED       DOM MEAN  MEAN
DAY  TEMP  HIGH   TIME     LOW   TIME   DAYS  DAYS RAIN AVG  HI  TIME    DIR BAROM HUM
---------------------------------------------------------------------------------------
1    79.3  90.3   4:27pm  65.2   6:13am    0   29  0.00   3  14   3:09pm SSW 29.95   67
2    79.3  85.4   4:33pm  73.1   6:01am    0   29  0.00   4  20   5:39pm SSW 29.82   65
3    72.1  79.1  12:57pm  64.6   9:04am    0   22  0.33   3  11  12:09am NNW 29.83   74
4    65.3  76.6   4:43pm  54.1   6:01am    1   15  0.00   4  15   2:37am NNW 30.03   48
5    64.7  76.7   4:03pm  49.5   5:34am    2   15  0.00   1  12   5:34pm  SE 30.13   55
6    63.2  69.8   2:57pm  57.3   6:38am    0   13  0.31   1   8   2:52pm  NE 30.04   76
7    61.4  63.4   4:01pm  59.7   4:20am    0   11  1.67   2  16   8:15pm NNE 29.79   96
8    67.5  75.7   6:08pm  60.2   5:36am    0   18  0.04   3  14   8:58am  SW 29.88   80
9    69.8  81.2   4:02pm  56.9   5:30am    0   20  0.00   2  12   1:43pm SSW 30.13   69
10   67.2  72.0   1:29am  61.9   7:37am    0   17  1.22   1   9  11:07pm  NE 29.99   91
11   72.4  80.0   3:28pm  66.6   5:39am    0   22  0.00   5  19  12:49pm  SW 29.73   78
12   72.6  81.7   3:07pm  64.5   5:47am    0   23  0.00   4  19  11:00am WNW 29.81   61
13   65.2  74.4   3:04pm  57.1  11:51pm    0   15  2.02   2  16   4:48pm NNE 29.60   86
14   65.0  77.9   3:22pm  55.3   3:46am    1   15  0.11   5  21   3:24pm NNW 29.78   71
15   69.4  80.7   4:21pm  57.4   5:50am    0   19  0.00   3  18  12:51pm WSW 29.98   63
16   70.5  82.3   3:07pm  59.9   4:35am    0   20  0.00   4  22   2:22pm SSW 29.90   69
17   75.4  86.5   5:02pm  65.8   5:47am    0   25  0.01   3  18   5:01pm  SW 29.88   68
18   70.2  79.4  11:31am  64.0  11:54pm    0   20  0.30   1   9   1:44pm NNE 29.85   85
19   67.7  77.9   5:20pm  59.2   6:10am    0   18  0.00   2  21   4:12pm NNE 30.03   64
20   68.0  79.6   3:11pm  53.7   5:44am    1   18  0.00   2  14   3:12pm SSW 30.23   67
21   71.3  82.0   2:48pm  58.5   5:53am    0   21  0.00   2  14   1:38pm   S 30.26   59
22   72.7  83.8   4:25pm  58.2   4:35am    0   23  0.00   2  13   3:10pm SSW 30.20   67
23   76.3  85.2   1:48pm  64.7   6:00am    0   26  0.00   2  13  11:26am SSW 30.12   74
24   79.8  91.5   1:11pm  71.3   5:14am    0   30  0.00   2  18   4:52pm SSW 30.04   69
25   78.0  90.0   2:15pm  69.7   5:05am    0   28  0.00   3  33   3:56pm  SW 29.92   71
26   76.2  87.1   4:13pm  67.1   5:45am    0   26  0.00   3  14  12:40am WSW 29.84   72
27   76.1  87.0   4:11pm  69.0   5:39am    0   26  0.96   2  15   6:52pm SSW 29.69   81
28   74.7  83.5   4:17pm  68.6   8:22pm    0   25  0.00   3  18   7:53pm SSW 29.52   79
29   74.9  83.4   5:41pm  67.2   3:36am    0   25  0.00   2  13   2:30pm   S 29.58   72
30   75.7  81.1  12:47pm  70.3   6:17am    0   26  0.28   1  12   4:16pm   S 29.78   80
---------------------------------------------------------------------------------------
TOT  71.4  91.5  6/24/13  49.5   6/5/13    7  642  7.25   3  33  6/25/13 SSW 29.91   72

HEAT BASE: 60.0
COOL BASE: 50.0