NOAA-Style Climate Reports


Report for 2013 July
                  MONTHLY CLIMATOLOGICAL SUMMARY FOR 7/2013
                                        HEAT  COOL        
     MEAN                               DEG   DEG       WIND SPEED       DOM MEAN  MEAN
DAY  TEMP  HIGH   TIME     LOW   TIME   DAYS  DAYS RAIN AVG  HI  TIME    DIR BAROM HUM
---------------------------------------------------------------------------------------
1    74.4  78.0   5:53pm  70.2   6:54am    0   24  0.24   1  15   4:47pm   S 29.92   90
2    76.7  83.2   4:40pm  72.6   3:29am    0   27  0.15   3  13   4:34pm   S 30.08   85
3    76.4  83.4   5:46pm  72.1   5:29am    0   26  0.27   2  14   1:05pm SSW 30.19   85
4    79.0  87.4   4:51pm  71.6   4:18am    0   29  0.01   3  17   5:53pm SSW 30.20   81
5    81.0  89.4   2:34pm  72.0   6:07am    0   31  0.00   3  15  12:43pm SSW 30.16   76
6    82.7  91.6   3:37pm  73.2   6:01am    0   33  0.00   3  15   2:58pm SSW 30.10   72
7    80.1  90.2   4:43pm  70.7  11:48pm    0   30  0.02   3  26   6:41pm SSW 30.01   75
8    75.7  85.8   4:03pm  67.9   6:11am    0   26  0.00   3  16   4:58pm  SW 30.03   77
9    75.5  84.9   3:24pm  68.3   5:27am    0   25  0.02   2  21   4:22pm SSW 30.04   81
10   77.7  85.6   6:03pm  70.5   5:01am    0   28  0.03   3  16   1:27pm SSW 29.90   82
11   77.1  84.9   4:28pm  71.1  11:59pm    0   27  0.00   2  10  12:00am WNW 29.87   71
12   71.4  76.3   2:51pm  68.7   5:41am    0   21  0.63   2  14   8:58am NNE 30.00   80
13   73.4  81.7   5:49pm  67.3   6:31am    0   23  0.05   1  10  12:06am NNE 30.17   90
14   79.9  89.3   4:19pm  71.2   3:38am    0   30  0.00   2  12  12:13pm SSW 30.29   78
15   83.1  94.6   3:34pm  73.4   6:03am    0   33  0.00   2  14   2:46pm  SW 30.22   73
16   83.6  93.6   2:49pm  73.3   6:11am    0   34  0.00   3  17   3:50pm NNW 30.18   65
17   83.0  94.2   3:55pm  70.5   5:22am    0   33  0.00   1  11   1:58pm  SW 30.15   65
18   85.7  95.5   4:07pm  75.7   5:54am    0   36  0.00   2  12  11:24am  SW 30.03   66
19   84.3  95.1   2:36pm  75.4   5:47am    0   34  0.00   3  16   3:32pm SSW 29.90   71
20   80.3  90.8   3:12pm  73.9  11:57pm    0   30  0.23   4  19   2:01pm SSW 29.80   76
21   78.5  86.4   6:08pm  71.3   5:36am    0   28  0.00   1   8  11:01am NNE 29.90   73
22   75.8  84.8   1:09pm  72.0  11:51pm    0   26  0.34   1  13   2:48pm NNE 29.88   85
23   75.7  85.4   4:45pm  68.8   2:15am    0   26  1.48   3  23   1:08pm  SW 29.66   84
24   72.3  79.8   4:09pm  62.1  11:59pm    0   22  0.01   4  16  10:30am NNW 29.77   69
25   64.3  72.1   4:35pm  55.7   6:07am    1   14  0.00   2  12   9:00am NNE 30.01   72
26   71.3  81.9   3:46pm  61.3   6:29am    0   21  0.00   2  12   3:18pm SSW 30.03   65
27   72.3  82.9   3:05pm  60.5   5:50am    0   22  0.01   2  15   3:02pm   S 30.00   74
28   72.2  79.9   1:49pm  67.3   6:19am    0   22  0.91   1  16   2:21pm   S 29.92   86
29   71.5  80.2   3:54pm  63.0   5:45am    0   21  0.04   3  15  12:43pm WNW 30.04   66
30   69.0  79.0   4:45pm  58.5   6:17am    0   19  0.00   2  14   4:48pm   W 30.15   68
31   70.1  80.0   3:49pm  58.0   5:49am    0   20  0.00   1  11   1:06pm   S 30.11   73
---------------------------------------------------------------------------------------
TOT  76.6  95.5  7/18/13  55.7  7/25/13    1  823  4.44   2  26   7/7/13 SSW 30.02   76

HEAT BASE: 60.0
COOL BASE: 50.0