NOAA-Style Climate Reports


Report for 2013 August
                  MONTHLY CLIMATOLOGICAL SUMMARY FOR 8/2013
                                        HEAT  COOL        
     MEAN                               DEG   DEG       WIND SPEED       DOM MEAN  MEAN
DAY  TEMP  HIGH   TIME     LOW   TIME   DAYS  DAYS RAIN AVG  HI  TIME    DIR BAROM HUM
---------------------------------------------------------------------------------------
1    69.3  72.6   6:26pm  66.5   7:45am    0   19  0.71   1  10  12:50pm   S 29.90   90
2    72.0  81.6   3:14pm  61.9   6:22am    0   22  0.02   2  15   2:42pm SSW 29.89   76
3    68.5  74.5   5:28pm  65.0   1:34am    0   18  0.09   2  14   5:17pm SSW 29.91   85
4    69.1  78.2   3:16pm  58.8   6:33am    0   19  0.00   3  20   4:54pm  NW 29.93   70
5    66.6  76.5   3:50pm  55.6   6:03am    1   17  0.00   2  13   2:12pm NNW 30.05   64
6    67.0  78.0   2:36pm  54.9   6:01am    1   17  0.00   1  11   3:12pm   S 30.08   75
7    69.5  72.9   5:17pm  65.1  12:55am    0   20  0.24   1  14  11:49pm SSE 30.08   89
8    73.9  84.3   3:59pm  67.4   1:53am    0   24  0.80   1  23   5:44pm SSW 30.01   90
9    76.7  84.6   3:32pm  72.7  12:07am    0   27  1.08   3  17   3:49pm SSW 29.88   89
10   74.8  83.5   4:24pm  67.2   6:39am    0   25  0.00   2  12  12:12pm WNW 29.99   75
11   70.3  80.8   5:07pm  59.7   6:04am    0   20  0.17   1   8   3:13pm   N 30.08   77
12   73.6  82.6   3:27pm  67.9   2:16am    0   24  0.18   1   9   3:20pm SSW 29.99   79
13   71.9  80.4   3:46pm  66.5   9:59am    0   22  1.06   1  14   8:11pm SSW 29.79   85
14   65.1  73.1   4:18pm  56.3   6:40am    0   15  0.00   5  23  12:33pm  NW 29.93   64
15   63.9  76.6   3:25pm  52.3   5:16am    2   14  0.00   1  14   1:24pm WNW 30.13   68
16   65.8  78.1   3:09pm  52.6   6:31am    2   16  0.00   1   8  12:24pm SSW 30.17   69
17   68.0  79.6   2:42pm  56.2   5:58am    1   18  0.00   0   7  12:42pm   S 30.25   72
18   67.1  72.0   6:08pm  63.4  11:58pm    0   17  0.03   0   5   2:35pm  NW 30.22   81
19   67.9  75.9   6:03pm  61.0   6:26am    0   18  0.00   2  12   6:09pm SSW 30.11   83
20   72.7  85.1   3:56pm  63.1   5:49am    0   23  0.00   2  12   4:49pm WSW 30.12   78
21   73.9  85.9   3:47pm  60.0   6:48am    0   24  0.00   1  12   4:44pm SSW 30.14   73
22   74.2  82.3   4:33pm  69.8  11:53pm    0   24  1.17   1  17   5:19pm SSW 29.99   87
23   70.6  78.8   5:01pm  61.1  11:59pm    0   21  0.00   2  12   1:44pm  NW 30.01   74
24   66.7  78.8   3:38pm  55.5   6:38am    1   17  0.00   1  10   8:30am NNE 30.27   68
25   66.8  79.6   5:26pm  52.5   6:30am    2   17  0.00   2  12   2:33pm SSW 30.34   70
26   72.4  82.9   4:10pm  63.2   5:44am    0   22  0.03   3  14   1:43pm SSW 30.11   69
27   77.0  87.6   3:43pm  69.4   6:51am    0   27  0.01   3  17  10:55am SSW 29.90   73
28   70.7  74.1   3:03pm  68.1  11:59pm    0   21  1.33   0   8   9:00am NNE 29.87   93
29   73.2  82.6   4:50pm  67.7  12:09am    0   23  0.72   1  11  11:08pm NNE 29.98   87
30   73.7  82.9   4:29pm  67.5   2:39am    0   24  0.00   2  13   6:00pm SSW 29.96   85
31   76.8  84.2   4:17pm  68.6   6:30am    0   27  0.00   2  11   9:30am SSW 29.84   83
---------------------------------------------------------------------------------------
TOT  70.6  87.6  8/27/13  52.3  8/15/13    8  640  7.64   2  23   8/8/13 SSW 30.03   78

HEAT BASE: 60.0
COOL BASE: 50.0