NOAA-Style Climate Reports


Report for 2013 September
                  MONTHLY CLIMATOLOGICAL SUMMARY FOR 9/2013
                                        HEAT  COOL        
     MEAN                               DEG   DEG       WIND SPEED       DOM MEAN  MEAN
DAY  TEMP  HIGH   TIME     LOW   TIME   DAYS  DAYS RAIN AVG  HI  TIME    DIR BAROM HUM
---------------------------------------------------------------------------------------
1    77.1  84.7   5:09pm  72.2   4:31am    0   27  0.01   1   9   6:44pm SSW 29.81   85
2    73.3  82.6   2:01pm  68.5  11:00pm    0   23  1.19   1  13   5:14pm   N 29.76   89
3    71.8  80.8   3:25pm  64.2  11:55pm    0   22  0.00   3  18   3:45pm WNW 29.82   73
4    68.6  79.9   4:10pm  58.9   6:13am    0   19  0.00   2  15   2:17pm  SW 30.00   69
5    67.4  77.1   2:17pm  59.5  11:56pm    0   17  0.00   3  17   2:44pm NNE 30.03   64
6    59.5  70.1   5:06pm  47.9   7:08am    3   10  0.00   1  10  12:10pm NNW 30.22   60
7    62.7  77.5   3:16pm  46.6   6:37am    4   13  0.00   2  14  10:57am SSW 30.06   68
8    68.8  80.8   3:05pm  58.3  11:59pm    0   19  0.00   3  17   3:05pm NNW 29.93   68
9    62.0  73.9   4:22pm  47.3   6:11am    3   12  0.00   1  12   2:11pm   S 30.18   74
10   76.2  87.2   5:00pm  67.0  12:32am    0   26  0.00   3  14  12:28pm SSW 30.12   81
11   80.5  91.8   3:43pm  71.0   5:59am    0   30  0.00   2  15   3:30pm SSW 30.07   78
12   73.3  83.5   4:41pm  66.6   7:32pm    0   23  0.59   2  22   5:39pm SSW 29.85   88
13   65.7  74.7   1:05pm  55.4  11:48pm    0   16  0.01   4  22   2:13pm  NW 29.76   76
14   55.2  61.5  12:17pm  46.6  11:38pm    5    5  0.00   3  19   9:40am  NW 30.05   73
15   56.9  70.4   4:21pm  42.5   6:57am    6    9  0.00   2  11  10:23am SSW 30.17   74
16   60.9  69.4   1:56pm  53.1  11:59pm    1   11  0.08   2  16  10:10pm NNW 30.12   78
17   53.0  63.9   4:45pm  42.8   7:00am    8    4  0.00   2  15  12:36am NNE 30.38   67
18   54.6  68.8   3:50pm  41.1   6:33am    7    7  0.00   1  12  12:30pm   S 30.30   74
19   58.5  74.2   4:24pm  43.4   7:09am    6   10  0.00   1  12   1:18pm SSW 30.16   73
20   63.2  77.5   3:05pm  49.0   7:01am    3   13  0.00   1  15   3:19pm   S 30.05   76
21   64.4  75.8   3:45pm  54.6   7:12am    1   14  0.59   2  17  12:13pm   S 29.84   81
22   59.6  66.9   1:25pm  53.8   7:19am    2   10  0.02   3  20  10:14am  NW 29.82   72
23   55.2  63.6   3:07pm  46.7  11:59pm    5    5  0.00   4  22   3:28pm NNW 30.04   63
24   56.0  72.8   4:42pm  42.5   7:18am    7    8  0.00   2  14   3:38pm  NW 30.03   69
25   56.2  72.7   3:59pm  41.9   7:01am    7    8  0.00   0   9   2:38pm SSW 29.96   72
26   59.2  73.2   2:55pm  45.5   6:54am    5   10  0.00   1  10  10:38am NNE 30.02   77
27   61.1  70.5   3:06pm  52.5   6:58am    2   11  0.00   1  11   2:15pm NNE 30.20   71
28   61.5  72.2   3:42pm  53.5  11:55pm    2   12  0.00   1  11  11:04am NNE 30.28   71
29   58.3  70.9   4:46pm  47.0   6:58am    5    9  0.00   1   8   1:25pm NNE 30.16   78
30   60.0  72.5   2:17pm  50.5   4:12am    3   10  0.00   1  12   2:53pm   S 30.05   77
---------------------------------------------------------------------------------------
TOT  63.4  91.8  9/11/13  41.1  9/18/13   84  413  2.49   2  22  9/12/13 SSW 30.04   74

HEAT BASE: 60.0
COOL BASE: 50.0