NOAA-Style Climate Reports


Report for 2013 October
                  MONTHLY CLIMATOLOGICAL SUMMARY FOR 10/2013
                                        HEAT  COOL        
     MEAN                               DEG   DEG       WIND SPEED       DOM MEAN  MEAN
DAY  TEMP  HIGH   TIME     LOW   TIME   DAYS  DAYS RAIN AVG  HI  TIME    DIR BAROM HUM
---------------------------------------------------------------------------------------
1    63.6  80.2   3:52pm  50.7   6:05am    3   14  0.00   2  16   4:04pm  SW 30.00   76
2    69.3  84.5   3:31pm  56.6   5:38am    0   19  0.00   2  17   3:41pm WNW 30.00   73
3    68.1  80.0   2:27pm  55.4   7:13am    1   18  0.00   0   9   2:35pm SSW 30.08   77
4    71.6  85.7   4:01pm  60.4   7:27am    0   22  0.00   1  14   2:43pm   W 30.04   78
5    73.8  84.5   3:14pm  64.3   7:28am    0   24  0.03   1  11   4:33pm SSW 30.04   78
6    68.9  73.0   4:02pm  65.1   7:04am    0   19  0.01   1   9   4:18pm  SE 30.02   91
7    65.4  75.1  12:04pm  54.3  11:58pm    1   15  0.73   3  24  12:10pm   S 29.89   88
8    56.5  67.5   2:42pm  47.2   7:36am    5    7  0.00   2  15  11:32am NNE 30.23   71
9    53.9  60.4   3:03pm  47.9   7:55am    6    4  0.00   1  15   1:38pm NNE 30.35   74
10   53.9  56.3  11:33pm  51.0   9:16am    6    4  0.78   2  14  11:48am NNE 30.18   87
11   58.9  62.2  10:25pm  54.8   7:21am    2    9  0.76   2  15   2:01am NNE 30.05   88
12   63.1  72.2   2:31pm  55.4   7:28am    0   13  0.00   2  15  12:37pm NNE 30.16   61
13   60.1  66.9   2:54pm  54.5  11:58pm    1   10  0.00   2  12   7:35am NNE 30.32   72
14   55.4  67.6   4:27pm  45.9   7:47am    6    6  0.00   0   8   1:10pm   S 30.32   78
15   57.9  71.8   3:23pm  45.8   6:15am    5    9  0.00   1   7   2:35pm  SE 30.20   73
16   57.9  63.2   4:01pm  50.7   1:55am    3    8  0.00   0   5  10:51am SSE 30.03   81
17   64.6  73.5   1:56pm  58.3  12:09am    0   15  0.03   1  20  11:57pm   S 29.83   84
18   56.2  63.5   1:43pm  45.0  11:36pm    4    7  0.01   4  21   2:20am WSW 29.91   67
19   50.8  61.0  12:34pm  38.6   7:27am    9    4  0.08   1  13   2:21pm   S 29.91   80
20   50.6  60.8   2:48pm  42.0   7:43am    9    3  0.01   4  23   1:29am   W 29.98   68
21   50.5  65.8   3:20pm  36.6   6:29am   11    5  0.00   1  15   1:21pm SSW 30.08   69
22   51.0  60.4   4:29pm  41.3  11:22pm    9    3  0.00   2  16   5:27pm  SW 29.86   73
23   43.6  52.6  11:56am  35.8   5:53am   16    0  0.00   2  15   4:20pm WNW 29.77   72
24   41.8  50.8   2:09pm  34.3   6:23am   18    0  0.00   4  21  11:26am WSW 29.96   68
25   42.5  53.2   3:35pm  33.7   6:40am   18    0  0.00   4  21   2:59pm WSW 30.18   67
26   44.3  53.5   2:49pm  34.8   5:39am   16    1  0.00   4  24   1:40pm SSW 30.11   60
27   47.6  56.6   2:40pm  40.3  11:59pm   12    1  0.00   4  18  12:46pm   W 30.01   56
28   44.2  59.4   3:17pm  31.0   6:57am   16    2  0.00   1  15  12:01pm  SW 30.23   68
29   45.5  57.4   3:45pm  36.1   7:40am   14    1  0.00   0  10   9:43am NNE 30.38   69
30   48.5  59.0   4:01pm  40.8  12:48am   11    2  0.00   0   8   1:01pm   N 30.27   79
31   56.1  64.9   8:30pm  44.2   1:17am    5    7  0.03   1  19  10:11pm   S 30.04   90
---------------------------------------------------------------------------------------
TOT  56.0  85.7  10/4/13  31.0 10/28/13  209  250  2.47   2  24  10/7/13 NNE 30.08   75

HEAT BASE: 60.0
COOL BASE: 50.0