NOAA-Style Climate Reports


Report for 2013 November
                  MONTHLY CLIMATOLOGICAL SUMMARY FOR 11/2013
                                        HEAT  COOL        
     MEAN                               DEG   DEG       WIND SPEED       DOM MEAN  MEAN
DAY  TEMP  HIGH   TIME     LOW   TIME   DAYS  DAYS RAIN AVG  HI  TIME    DIR BAROM HUM
---------------------------------------------------------------------------------------
1    62.9  70.0   4:00pm  50.3  11:18pm    1   13  0.22   6  36   6:38am SSW 29.62   75
2    53.7  63.7   2:41pm  45.0  10:53pm    7    4  0.00   2  17   4:52pm   W 29.71   72
3    42.9  50.8   1:44pm  32.9  11:38pm   17    0  0.00   5  20   9:38am NNW 30.18   61
4    35.9  44.8   3:35pm  27.4   6:23am   24    0  0.00   1  12  10:52am NNE 30.62   55
5    43.0  55.3   2:49pm  32.7   4:52am   17    1  0.00   1  12   2:56pm NNE 30.59   69
6    54.4  62.4   1:59pm  46.9  12:00am    6    5  0.00   2  13   9:34am   S 30.30   76
7    51.9  58.5   5:50am  41.1  10:57pm    8    4  0.13   3  24  10:40pm WNW 29.92   82
8    41.1  48.0  12:25pm  35.4  11:45pm   19    0  0.00   5  25  10:16am   W 30.12   63
9    41.0  48.6   2:16pm  32.3   5:42am   19    0  0.00   2  13   1:21pm   S 30.21   62
10   45.0  55.5   2:00pm  34.4   4:15am   15    0  0.00   6  31   3:30pm   W 29.99   59
11   45.2  50.7   1:25pm  34.9   7:10am   15    0  0.00   3  19  12:20am SSW 30.14   57
12   35.9  49.6  12:30am  27.1   8:45pm   24    0  0.00   6  24   5:22am  NW 30.20   57
13   32.1  40.0   2:16pm  26.4   6:53am   28    0  0.00   5  21   9:30am WNW 30.38   54
14   38.1  51.2   2:59pm  29.0   6:11am   22    0  0.00   3  20  10:40am  SW 30.26   48
15   40.3  55.2   2:20pm  28.4   5:20am   20    1  0.00   1  11   2:25pm WSW 30.23   56
16   48.2  58.4   2:22pm  38.7  12:00am   12    2  0.05   1  10   6:31pm SSE 30.29   78
17   55.4  61.8   3:02pm  48.9   2:19am    5    6  0.00   2  16  11:37pm SSE 30.07   88
18   56.5  62.2   2:48am  47.0  11:58pm    4    7  0.17   7  30   2:51am WSW 29.72   57
19   41.3  47.0  12:00am  33.1  11:55pm   19    0  0.00   8  27   2:22am  NW 30.13   52
20   35.0  44.7   2:54pm  27.6   7:08am   25    0  0.00   1  13  10:11am NNE 30.53   52
21   36.9  47.6   2:38pm  22.6   6:46am   23    0  0.00   1   9  10:33am NNW 30.54   64
22   47.8  52.4   2:28pm  43.9   4:56am   12    0  0.05   2  18  11:59pm  SW 30.15   84
23   39.0  51.9  12:00am  26.7  11:59pm   21    0  0.00   8  29  11:13pm WNW 30.06   58
24   24.5  29.0   2:38pm  20.6   6:56am   35    0  0.00  10  33  11:15am WNW 30.30   40
25   26.7  32.9   2:21pm  18.9   5:54am   33    0  0.00   4  15  11:03am SSW 30.44   56
26   32.2  38.2  11:56pm  30.7   9:11am   28    0  0.96   1  16  10:14pm NNE 30.19   75
27   38.4  45.3   3:48am  30.0  11:59pm   22    0  0.78   7  27   8:35pm WNW 29.58   85
28   30.1  35.3   1:38pm  27.3   6:10am   30    0  0.00   7  30  11:25am   W 30.27   58
29   29.9  38.3  12:22pm  24.4  11:58pm   30    0  0.00   1  14  12:41pm  NW 30.62   66
30   27.3  35.6   2:29pm  18.1   4:27am   33    0  0.00   1  10   2:43pm NNE 30.64   74
---------------------------------------------------------------------------------------
TOT  41.1  70.0  11/1/13  18.1 11/30/13  573   42  2.36   4  36  11/1/13   W 30.20   64

HEAT BASE: 60.0
COOL BASE: 50.0