NOAA-Style Climate Reports


Report for 2013 December
                  MONTHLY CLIMATOLOGICAL SUMMARY FOR 12/2013
                                        HEAT  COOL        
     MEAN                               DEG   DEG       WIND SPEED       DOM MEAN  MEAN
DAY  TEMP  HIGH   TIME     LOW   TIME   DAYS  DAYS RAIN AVG  HI  TIME    DIR BAROM HUM
---------------------------------------------------------------------------------------
1    32.6  42.2   1:03pm  22.0   7:25am   27    0  0.00   1  11   1:28pm   W 30.20   78
2    38.1  45.3   2:49pm  32.1  11:27pm   22    0  0.00   0   5   3:09pm   N 29.96   75
3    39.5  51.0   2:05pm  31.7  11:54pm   20    0  0.00   1  11   2:07pm SSW 29.95   78
4    41.2  49.2   2:14pm  31.3  12:17am   19    0  0.00   1  10   2:55pm NNE 30.09   82
5    50.5  54.3   4:02pm  46.2   4:10am   10    2  0.07   1  10  12:45pm SSE 30.03   95
6    43.9  54.3   4:57am  35.4  10:44pm   16    1  0.93   3  20   5:01am NNW 30.04   92
7    34.2  39.2   2:17pm  28.1  11:59pm   26    0  0.01   4  18  10:47am  NW 30.36   78
8    26.4  28.5  12:23pm  24.0   3:48am   34    0  0.00   2  13  12:37am  NE 30.53   78
9    31.8  33.7   3:09pm  27.5  12:00am   28    0  0.22   3  13   8:42pm ENE 30.13   96
10   29.7  32.6   6:18am  23.1  10:12pm   30    0  0.03   3  15   9:41pm WSW 30.03   86
11   25.1  31.6   2:12pm  17.5   6:26am   35    0  0.03   3  19   1:30pm  SW 30.29   68
12   22.4  27.3  12:00am  18.0   6:37am   38    0  0.01   4  16  12:02am WSW 30.31   65
13   25.1  33.9   2:53pm  15.7   2:36am   35    0  0.02   4  22  11:47am WSW 30.23   62
14   24.6  28.2   3:07am  19.8   8:46pm   35    0  0.00   4  15   9:17pm  NE 30.27   85
15   30.9  37.5   3:24pm  25.5  12:00am   29    0  0.22   6  28   2:35pm   W 29.74   86
16   23.3  30.8   1:22am  15.5   9:42pm   37    0  0.00   5  28   3:07am   W 30.12   61
17   19.8  24.5   3:49pm  12.6  10:20pm   40    0  0.00   1   9   9:35am NNE 30.09   87
18   25.4  34.4  12:25pm  14.6  12:00am   35    0  0.03   3  23  12:55pm WSW 30.12   78
19   27.3  39.3   3:21pm  14.6   6:37am   33    0  0.14   1  13  12:02pm WSW 30.14   78
20   36.1  46.9   2:51pm  27.6   6:50am   24    0  0.24   0   4   4:10am  SW 30.06   78
21   40.5  54.1   2:30pm  32.8   7:27am   19    0  0.04   0   5   1:51am   W 29.98   82
22   57.2  64.7  12:57pm  40.0  12:32am    4    9  0.05   4  22   4:11am  SW 29.89   89
23   49.2  55.7  10:54am  37.2  11:57pm   11    1  0.50   3  25   5:58pm WNW 30.03   89
24   31.8  37.2  12:00am  23.9  11:57pm   28    0  0.00   6  26   6:41pm WNW 30.24   64
25   22.6  26.0   5:42pm  17.0   7:23am   37    0  0.00   2  15  12:29am WNW 30.50   58
26   26.9  32.7   3:03pm  22.5   5:00am   33    0  0.05   2  16   2:58pm  SW 30.30   79
27   29.1  38.9   3:14pm  22.4   2:40am   31    0  0.00   2  15  12:43pm WSW 30.35   74
28   35.0  51.6   3:28pm  21.1   5:14am   25    0  0.00   2  17   1:43pm  SW 30.20   70
29   37.1  41.2   7:42pm  32.6  12:00am   23    0  0.79   2  14   1:13pm NNE 29.83   88
30   35.4  41.9   7:10am  26.2  11:54pm   25    0  0.00   5  20   7:09am WNW 30.01   73
31   25.2  31.2   3:35pm  19.1   6:49am   35    0  0.00   4  25   3:00pm   W 30.19   69
---------------------------------------------------------------------------------------
TOT  32.8  64.7 12/22/13  12.6 12/17/13  843   13  3.38   3  28 12/15/13 WSW 30.14   78

HEAT BASE: 60.0
COOL BASE: 50.0