NOAA-Style Climate Reports


Report for 2014 February
                  MONTHLY CLIMATOLOGICAL SUMMARY FOR 2/2014
                                        HEAT  COOL        
     MEAN                               DEG   DEG       WIND SPEED       DOM MEAN  MEAN
DAY  TEMP  HIGH   TIME     LOW   TIME   DAYS  DAYS RAIN AVG  HI  TIME    DIR BAROM HUM
---------------------------------------------------------------------------------------
1    33.4  45.3   2:38pm  23.7   7:29am   27    0  0.00   1  12   3:16pm   N 30.22   68
2    34.6  42.7   3:19pm  24.2   6:15am   25    0  0.00   1   9  11:47pm WSW 30.01   84
3    31.0  38.4  12:04am  19.5  11:59pm   29    0  0.08   2   9   3:33am NNE 30.19   90
4    20.9  29.5   1:47pm   8.4   7:08am   39    0  0.25   1   7  11:05am NNE 30.41   83
5    31.1  34.6   7:58pm  26.1  12:48am   29    0  0.39   4  28   9:38pm NNE 29.90   92
6    23.6  29.6   3:03pm  18.5   7:59am   36    0  0.22   4  21   1:30am  NW 30.27   73
7    22.9  30.6   2:44pm  14.2   7:27am   37    0  0.07   2  16   2:46pm  SW 30.32   73
8    21.5  27.1   4:00pm  16.0   7:49am   39    0  0.00   2  11   1:20am  SW 30.30   55
9    20.8  26.5   1:57pm  13.4   3:02am   39    0  0.02   1   9   2:49pm SSW 30.14   79
10   21.4  27.8   1:57pm  12.6  10:23pm   39    0  0.05   4  17  11:09am WNW 30.21   64
11   14.9  24.7   2:59pm   2.5   7:03am   45    0  0.00   2  16  10:40am WNW 30.43   65
12   14.0  22.9   3:34pm   1.2   7:27am   46    0  0.00   2   9   4:24pm NNE 30.50   68
13   26.9  33.3   5:15pm  18.4  12:02am   33    0  0.23   8  27   1:03pm NNE 29.70   94
14   32.7  40.7   3:15pm  22.0  11:11pm   27    0  0.36   8  29   3:21am   W 29.53   78
15   29.3  32.9   4:45pm  22.9  12:00am   31    0  0.07   5  26   5:53pm NNE 29.76   85
16   21.3  27.0   2:57pm  16.1   7:37am   39    0  0.00   5  18   1:30am WNW 30.03   66
17   20.4  28.6   4:18pm  10.7   6:55am   39    0  0.07   3  17   1:22am WNW 30.37   61
18   27.5  36.0   4:27pm  20.9  11:56pm   33    0  0.21   2  14   2:14pm NNE 30.12   82
19   31.3  42.2  10:08pm  20.3  12:55am   29    0  0.39   3  21  10:23pm NNE 29.93   87
20   37.8  47.4   2:29pm  24.0   7:09am   22    0  0.03   1  11   1:05am ESE 30.17   68
21   36.2  42.2   2:27pm  27.5  11:01pm   24    0  0.15   1  21   1:45pm  NE 29.86   92
22   40.3  52.3   2:53pm  28.0   7:34am   20    0  0.00   3  21   2:06pm  SW 30.02   60
23   37.6  48.8   2:03pm  26.2   5:18am   22    0  0.00   2  20   8:39pm WSW 29.98   70
24   31.2  37.9  12:00am  25.7  11:59pm   28    0  0.00   8  24   3:20pm   W 30.03   49
25   25.1  31.0   3:40pm  19.5   5:47am   35    0  0.00   4  23  11:37am WSW 30.06   62
26   21.6  29.4  12:11pm  11.8  11:58pm   38    0  0.01   4  25   1:44pm WNW 29.93   60
27   17.1  29.3   3:19pm   7.6   3:07am   43    0  0.00   6  33   4:50pm   W 29.84   57
28   12.4  19.8   4:26pm   5.0   5:50am   48    0  0.00   2  14  12:04am WNW 30.38   47
---------------------------------------------------------------------------------------
TOT  24.1  52.3  2/22/14   1.2  2/12/14  940    0  2.60   4  33  2/27/14 WNW 30.08   65

HEAT BASE: 60.0
COOL BASE: 50.0